-- https://www.phpmyadmin.net/
--
-- Hôte : localhost:3306
-- Généré le : sam. 06 déc. 2025 à 11:56
-- Version du serveur : 11.4.9-MariaDB
-- Version de PHP : 8.3.27

START TRANSACTION;



--
-- Base de données : `thna5171_wassoulou`
--

-- --------------------------------------------------------

--
-- Structure de la table `achats_sms`
--

CREATE TABLE `achats_sms` (
  `id_achat` int(11) NOT NULL,
  `pu` varchar(255) NOT NULL,
  `nombre_sms` int(11) NOT NULL,
  `initial` int(11) NOT NULL,
  `solde` int(11) NOT NULL,
  `date_achat` varchar(255) NOT NULL,
  `date_expiration` varchar(255) NOT NULL,
  `description` text DEFAULT NULL,
  `paye` enum('0','1','2') NOT NULL DEFAULT '0' COMMENT '0 non paye, 1 payer, 2 annuler',
  `montant_net` varchar(255) NOT NULL
) ENGINE=InnoDB DEFAULT CHARSET=utf8mb3 COLLATE=utf8mb3_general_ci;

--
-- Déchargement des données de la table `achats_sms`
--

INSERT INTO `achats_sms` (`id_achat`, `pu`, `nombre_sms`, `initial`, `solde`, `date_achat`, `date_expiration`, `description`, `paye`, `montant_net`) VALUES
(1, '300', 200, 0, 0, '2022/08/10', '2022/08/20', NULL, '1', '6000');

-- --------------------------------------------------------

--
-- Structure de la table `activites`
--

CREATE TABLE `activites` (
  `id` int(11) NOT NULL,
  `id_membre` int(11) NOT NULL,
  `id_contrat` int(11) DEFAULT NULL,
  `id_site` int(11) NOT NULL,
  `date_jour` date NOT NULL,
  `prix` float NOT NULL,
  `heure_sup` float NOT NULL DEFAULT 0,
  `prix_total` float NOT NULL,
  `paye` enum('0','1') NOT NULL DEFAULT '0',
  `user_id` int(11) NOT NULL,
  `created_at` timestamp NOT NULL DEFAULT current_timestamp()
) ENGINE=InnoDB DEFAULT CHARSET=latin1 COLLATE=latin1_swedish_ci;

-- --------------------------------------------------------

--
-- Structure de la table `autres_permissions`
--

CREATE TABLE `autres_permissions` (
  `id_autre_p` int(11) NOT NULL,
  `description_autre` longtext NOT NULL,
  `id_user` int(11) NOT NULL,
  `user_id` int(11) NOT NULL DEFAULT 0
) ENGINE=InnoDB DEFAULT CHARSET=utf8mb3 COLLATE=utf8mb3_general_ci;

-- --------------------------------------------------------

--
-- Structure de la table `clients`
--

CREATE TABLE `clients` (
  `id_client` int(11) NOT NULL,
  `code_client` varchar(255) NOT NULL,
  `photo` longtext DEFAULT NULL,
  `nom_client` varchar(255) NOT NULL,
  `adresse` text NOT NULL,
  `entreprise_client` varchar(255) NOT NULL,
  `fonction_client` varchar(255) DEFAULT NULL,
  `tel_client` text NOT NULL,
  `email_client` text DEFAULT NULL,
  `site_web` varchar(255) DEFAULT NULL,
  `facebook` text DEFAULT NULL,
  `secteur` text DEFAULT NULL,
  `genre` enum('H','F') NOT NULL,
  `statut` enum('0','1','2','3') NOT NULL,
  `paye` varchar(255) NOT NULL DEFAULT '0',
  `dette` varchar(255) NOT NULL DEFAULT '0',
  `active` enum('0','1','2') NOT NULL DEFAULT '1',
  `created_at` timestamp NOT NULL DEFAULT current_timestamp(),
  `user_id` int(11) DEFAULT NULL,
  `ville` varchar(255) DEFAULT NULL,
  `bp` varchar(255) DEFAULT NULL,
  `nif` varchar(255) DEFAULT NULL,
  `tva` varchar(255) DEFAULT NULL
) ENGINE=InnoDB DEFAULT CHARSET=utf8mb3 COLLATE=utf8mb3_general_ci;

--
-- Déchargement des données de la table `clients`
--

INSERT INTO `clients` (`id_client`, `code_client`, `photo`, `nom_client`, `adresse`, `entreprise_client`, `fonction_client`, `tel_client`, `email_client`, `site_web`, `facebook`, `secteur`, `genre`, `statut`, `paye`, `dette`, `active`, `created_at`, `user_id`, `ville`, `bp`, `nif`, `tva`) VALUES
(1, 'CLT_0000', 'assets/img/Client/CLT_1712272068.png', 'MOTA-ENGIL GUINEE MANDIANA SARL.U', 'Centre Commercial Immeuble Sonoco\nKA 032 Av. William Tubman, 8e étage\nQuartier Almany - Commune de Kaloum', 'Mota-Engil Guinée Mandiana Sarl.U', 'Projet Manager', '610000566', '', '', '', 'Mine', 'H', '2', '177260000', '-177260000', '1', '2024-04-04 23:07:48', 9, 'Mandiana/Loila', '', '794788976 5Q', '5208'),
(2, 'CLT_0001', 'assets/img/Client/CLT_1712273025.png', 'MOTA-ENGIL GUINEE ', 'Centre Commercial Immeuble Sonoco\nKA 032 Av. William Tubman, 8e étage\nQuartier Almany - Commune de Kaloum', 'Mota-Engil Guinée Simandou Sarl.U', 'Projet Manager', '612127852', '', '', '', 'Mine', 'H', '2', '339180000', '-339180000', '1', '2024-04-04 23:23:45', 9, '', '', ' 717382626', '');

-- --------------------------------------------------------

--
-- Structure de la table `commandes`
--

CREATE TABLE `commandes` (
  `id_commande` int(11) NOT NULL,
  `id_fournisseur` int(11) NOT NULL,
  `code_commande` varchar(255) NOT NULL,
  `prix_commande` varchar(255) NOT NULL,
  `remise` varchar(255) NOT NULL DEFAULT '0',
  `TVA` varchar(255) NOT NULL DEFAULT '0',
  `TTC` varchar(255) NOT NULL,
  `restant` varchar(255) NOT NULL,
  `paye` varchar(255) NOT NULL DEFAULT '0',
  `date_commande` varchar(255) NOT NULL,
  `statut` enum('0','1','2') NOT NULL,
  `livree` enum('0','1','2') NOT NULL DEFAULT '0',
  `created_at` varchar(255) NOT NULL,
  `user_id` int(11) NOT NULL
) ENGINE=InnoDB DEFAULT CHARSET=utf8mb3 COLLATE=utf8mb3_general_ci;

-- --------------------------------------------------------

--
-- Structure de la table `commande_salaires`
--

CREATE TABLE `commande_salaires` (
  `id_com` int(11) NOT NULL,
  `id_contrat` int(11) NOT NULL,
  `id_personnel` int(11) NOT NULL,
  `libelle_contrat` varchar(255) NOT NULL DEFAULT 'Salaire brut',
  `code_salaire` varchar(255) NOT NULL,
  `date_paie` varchar(255) NOT NULL,
  `montant_salaire` varchar(255) NOT NULL,
  `prime` varchar(255) NOT NULL DEFAULT '0',
  `taxe` varchar(255) NOT NULL DEFAULT '0',
  `montant_net` varchar(255) NOT NULL,
  `paye` varchar(255) NOT NULL DEFAULT '0',
  `restant` varchar(255) NOT NULL,
  `statut` enum('0','1','2') NOT NULL DEFAULT '1',
  `created_at` timestamp NOT NULL DEFAULT current_timestamp(),
  `user_id` int(11) NOT NULL
) ENGINE=InnoDB DEFAULT CHARSET=utf8mb3 COLLATE=utf8mb3_general_ci;

-- --------------------------------------------------------

--
-- Structure de la table `comptes`
--

CREATE TABLE `comptes` (
  `id_co` int(11) NOT NULL,
  `libelle_co` varchar(255) NOT NULL,
  `initial` bigint(20) NOT NULL,
  `debit` bigint(20) NOT NULL DEFAULT 0,
  `solde` bigint(20) NOT NULL DEFAULT 0,
  `type` enum('0','1') NOT NULL DEFAULT '0',
  `numero` varchar(255) NOT NULL,
  `active` enum('0','1') NOT NULL DEFAULT '1',
  `created_at` datetime NOT NULL DEFAULT current_timestamp(),
  `user_id` int(11) NOT NULL
) ENGINE=InnoDB DEFAULT CHARSET=utf8mb3 COLLATE=utf8mb3_general_ci;

--
-- Déchargement des données de la table `comptes`
--

INSERT INTO `comptes` (`id_co`, `libelle_co`, `initial`, `debit`, `solde`, `type`, `numero`, `active`, `created_at`, `user_id`) VALUES
(1, 'Caisse Delices Mota-Engil Siguiri', 2422185952, 1905345952, 516840000, '0', '001', '1', '2022-06-02 21:34:58', 9),
(2, 'VistaGui( Bicigui)', 3645471538, 3278652724, 366818814, '1', '0530607174000182', '1', '2022-06-02 21:37:26', 9),
(3, 'SOCIETE GENERAL GUINEE(SGBG)', 14841594113, 2295683000, 85093500, '1', '10000231937-93', '1', '2022-06-03 21:27:32', 9),
(4, 'Caisse Delices Kankan', 63407000, 59682938, 3724062, '0', '003', '1', '2022-06-09 11:50:17', 9),
(5, 'Caisse Délices Mota-Engil Mandiana', 313455500, 305357452, 8098048, '0', '002', '1', '2022-06-09 15:07:08', 9),
(6, 'Caisse Résidences  Délices', 347718621787, 347728922487, 0, '0', '004', '1', '2022-06-12 14:51:18', 9),
(7, 'Trésor Mandiana/LOILA ', 579649000, 577015880, 2633120, '0', 'Trésor Mandiana/LOILA ', '1', '2022-10-20 12:13:51', 9),
(8, 'Ecobank', 70716012, 60364960, 10351052, '1', '7372000778', '1', '2023-05-26 09:14:52', 9);

-- --------------------------------------------------------

--
-- Structure de la table `comptes_depense`
--

CREATE TABLE `comptes_depense` (
  `id_motif` int(11) NOT NULL,
  `libelle_motif` varchar(255) NOT NULL,
  `description_motif` text NOT NULL,
  `montant_motif` varchar(255) NOT NULL DEFAULT '0',
  `statut_motif` enum('0','1') NOT NULL DEFAULT '1',
  `created_at` timestamp NOT NULL DEFAULT current_timestamp(),
  `user_id` int(11) NOT NULL
) ENGINE=InnoDB DEFAULT CHARSET=utf8mb3 COLLATE=utf8mb3_general_ci;

--
-- Déchargement des données de la table `comptes_depense`
--

INSERT INTO `comptes_depense` (`id_motif`, `libelle_motif`, `description_motif`, `montant_motif`, `statut_motif`, `created_at`, `user_id`) VALUES
(1, 'SALAIRE', 'Paiement des salaires', '3209460500', '1', '2021-08-11 16:38:10', 9),
(2, 'FOURNISSEUR', 'Paiement des fournisseurs', '79792577902.6', '1', '2021-08-11 16:38:28', 0),
(3, 'Maintenance', 'Maintenance et Entretien ', '48483000', '1', '2022-06-03 16:44:56', 9),
(4, 'Entretien véhicule et Carburant', 'Entretien véhicule et Carburant', '209223000', '1', '2022-06-03 17:22:34', 9),
(5, 'Achat materiels de traivail', 'Achat Matériels de Travail', '582611000', '1', '2022-06-03 17:24:20', 9),
(6, 'Transport', 'Transport viande et Autre', '5521000', '1', '2022-06-03 17:33:53', 9),
(7, 'Don ', 'Don Personnel et Autre', '120427000', '1', '2022-06-03 18:47:50', 9),
(8, 'Achat Local ', 'Achat Local  de matière Primaire ', '409374800', '1', '2022-06-03 18:49:08', 9),
(9, 'Assistance Social', 'Assistance Social', '12317000', '1', '2022-06-03 18:50:48', 9),
(10, 'Compte Investissements', 'Investissements: Construction de Maison Achat d\'autre chose', '1255150000', '1', '2022-06-03 18:52:41', 9),
(11, 'Dime', 'Part de l\'Eternel Dieu', '65657000', '1', '2022-06-03 18:54:15', 9),
(12, 'Compte DG Delices D\'Eden', 'Affaire Privé de Mr KOIVOGUI Barret', '226726000', '1', '2022-06-03 18:56:21', 9),
(13, 'Taxe: Impot, Cnss et Autre', 'Taxe: Impot, Cnss et Autre', '178510000', '1', '2022-06-03 18:58:27', 9),
(14, 'Consommable ', 'Fourniture bureautique......', '42016000', '1', '2022-06-03 18:59:51', 9),
(15, 'Conge Paye', 'Conge Paye', '6400000', '1', '2022-06-05 23:44:10', 9),
(16, 'Arrière Salaire Mai 22', 'Arrière Salaire Mai 22', '172070000', '1', '2022-06-05 23:44:57', 9),
(17, 'Matériel Informatique ', 'Matériel Informatique ', '15541000', '1', '2022-06-18 11:15:21', 12),
(18, 'Fourniture de Bureau ', 'Fourniture de Bureau ', '25310000', '1', '2022-06-18 11:15:57', 12),
(19, 'Matériel de Bureau ', 'Matériel de Bureau ', '49970000', '1', '2022-06-18 11:16:24', 12),
(20, 'Frais de Transport Personnel ', 'Frais de Transport Personnel ', '29701000', '1', '2022-06-18 11:39:14', 12),
(21, 'Frais de Transport Bagages et autres', 'Frais de Transport Bagages et autres', '145077000', '1', '2022-06-18 11:40:04', 12),
(22, 'Carburant(Essences Gas-oil) Pour les véhicule', 'Carburant(Essences Gas-oil) Pour les véhicule', '280556000', '1', '2022-06-18 15:14:37', 9),
(23, 'Gas-Oil Group Electrogène ', 'Gas-Oil Group Electrogène ', '131615000', '1', '2022-06-18 15:15:31', 9),
(24, 'Communication  ', 'Communication   Pass internet et Crédit Tel', '41370000', '1', '2022-06-18 22:30:14', 9),
(25, 'Prime des Ouvriers et Manœuvres ', 'Prime des Ouvriers et Manœuvres  en ST Mota et Delices ', '223303000', '1', '2022-06-22 15:19:20', 9),
(26, 'Frais Médicaux', 'Frais Médicaux', '10858138', '1', '2022-06-23 16:28:58', 9),
(27, 'Prestation de Services ', ' Services  Vendu aux Clients', '731209000', '1', '2022-07-11 21:35:58', 9),
(28, 'Réparation Entretien et Maintenance des Locaux et Equipement ', 'Réparation Entretien et Maintenance des Locaux et Equipement ', '39517000', '1', '2022-07-16 22:23:02', 9),
(29, 'Les erreurs corrigé ', 'Les erreurs corrigé  sur les payement ', '4081000', '1', '2022-07-28 22:26:21', 9),
(30, 'Retrait Banque ', 'Retrait Banque ', '91105000', '1', '2022-08-09 12:52:09', 9),
(31, 'Avance sur salaire', 'avance sur salaire', '142163000', '1', '2022-08-19 13:38:33', 12),
(32, 'Frais de Séjour & Voyage ', 'Frais de Séjour & Voyage ', '57627000', '1', '2022-08-25 12:15:35', 9),
(33, 'Soutien Elohim', 'Soutien  Elohim pour démarrage ', '325040000', '1', '2023-01-05 14:44:25', 9),
(34, 'Formation du Personnel ', 'Formation du Personnel ', '9590000', '1', '2023-01-31 12:25:29', 9),
(35, 'PUB', 'PUB', '116384000', '1', '2023-02-06 11:49:47', 9),
(36, 'INVESTISSEMENT CONAKRY', 'HOTEL DELICES  CONAKRY ', '346791835546', '1', '2023-06-02 10:01:22', 9),
(37, 'Maintenance & Entretien Des GM Loila', 'Maintenance & Entretien Des GM Loila', '3780000', '1', '2023-08-02 16:45:59', 9),
(38, 'A FAIRE  JUDICIAIRE ', 'A FAIRE  JUDICIAIRE ', '0', '1', '2023-12-12 08:17:07', 9),
(39, 'PRESTATION EXPATRIER', 'PRESTATION EXPATRIER', '800000', '1', '2023-12-13 09:16:44', 9);

-- --------------------------------------------------------

--
-- Structure de la table `conges`
--

CREATE TABLE `conges` (
  `id_conge` int(11) NOT NULL,
  `libelle_conge` varchar(255) NOT NULL,
  `date_debut` varchar(255) NOT NULL,
  `date_fin` varchar(255) DEFAULT NULL,
  `user_id` int(11) NOT NULL,
  `created_at` timestamp NOT NULL DEFAULT current_timestamp(),
  `statut` enum('0','1') NOT NULL DEFAULT '1'
) ENGINE=InnoDB DEFAULT CHARSET=utf8mb3 COLLATE=utf8mb3_general_ci;

--
-- Déchargement des données de la table `conges`
--

INSERT INTO `conges` (`id_conge`, `libelle_conge`, `date_debut`, `date_fin`, `user_id`, `created_at`, `statut`) VALUES
(1, 'Fin d\'année', '2022-07-31', '2022-07-25', 13, '2022-07-17 14:14:04', '1'),
(2, 'Fin d\'année 2', '2022-07-28', '', 13, '2022-07-17 14:14:24', '1'),
(3, 'Conge Annuelle', '2022-08-02', '2022-09-02', 9, '2022-08-02 09:33:09', '1'),
(4, 'Congé annuel (Ernest DELAMOU)', '2022-08-10', '2022-09-10', 12, '2022-08-05 18:53:36', '1'),
(5, 'Congé annuel (Bernadette TELIANO)', '2022-08-10', '2022-09-10', 12, '2022-08-06 10:09:55', '1'),
(6, 'Congé Annuel (Hélène LOUA)', '2022-08-20', '2022-09-19', 12, '2022-08-19 07:41:55', '1'),
(7, 'Congé annuel (Habibatou BARRY)', '2022-09-04', '2022-09-30', 12, '2022-09-04 13:41:25', '1'),
(8, 'Congé Annuel ( SIAKA BANGOURA)', '2022-09-10', '2022-10-09', 12, '2022-09-06 14:54:31', '1'),
(9, 'Congé annuel (Kolou  KOIVOGUI))', '2022-10-01', '2022-10-31', 12, '2022-09-06 14:57:20', '1'),
(10, 'Congé annuel (Lavilé SOROPOGUI)', '2022-10-01', '2022-10-31', 12, '2022-09-06 14:58:45', '1'),
(11, 'Congé annuel (Michel LAMAH)', '2022-11-01', '2022-11-30', 12, '2022-09-06 15:02:09', '1'),
(12, 'Congé annuel (Jean BEAVOGUI)', '2022-10-01', '2022-10-31', 12, '2022-09-06 15:03:29', '1'),
(13, 'Congé annuel (Mohamed Lamine BAH)', '2022-10-01', '2022-10-31', 12, '2022-09-06 15:05:29', '1'),
(14, 'Congé annuel (Ibrahima Sory DIALLO)', '2022-12-01', '2022-12-31', 12, '2022-09-06 15:36:25', '1'),
(15, 'Congé annuel (Sayo KAMARA)', '2022-10-15', '2022-10-31', 12, '2022-09-06 15:38:00', '1'),
(16, 'Congé annuel (André BEAVOGUI)', '2022-12-01', '2022-12-31', 12, '2022-09-06 15:41:57', '1'),
(17, 'Congé annuel Abdoulaye BARRY)', '2022-11-01', '2022-11-30', 12, '2022-09-13 07:59:13', '1');

-- --------------------------------------------------------

--
-- Structure de la table `connexions`
--

CREATE TABLE `connexions` (
  `id_con` int(11) NOT NULL,
  `id_user` int(11) NOT NULL,
  `code_con` varchar(255) NOT NULL,
  `date_con` varchar(255) NOT NULL,
  `created_at` timestamp NOT NULL DEFAULT current_timestamp()
) ENGINE=InnoDB DEFAULT CHARSET=utf8mb3 COLLATE=utf8mb3_general_ci;

--
-- Déchargement des données de la table `connexions`
--

INSERT INTO `connexions` (`id_con`, `id_user`, `code_con`, `date_con`, `created_at`) VALUES
(1, 13, 'je9WIPraNX', '2024/04/04 20:54:54', '2024-04-04 18:54:54'),
(2, 9, 'TYxQIE8ds1', '2024/04/05 00:48:23', '2024-04-04 22:48:23'),
(3, 9, 'B7PKrfONCp', '2024/04/05 01:10:46', '2024-04-04 23:10:46'),
(4, 9, 'URtCl2ldxF', '2024/04/05 01:31:29', '2024-04-04 23:31:29'),
(5, 9, 'xFHb7a4R57', '2024/04/05 01:47:29', '2024-04-04 23:47:29'),
(6, 37, '0SfWJNhvSk', '2024/04/05 16:19:39', '2024-04-05 14:19:39'),
(7, 13, 'zMSu8TW1gg', '2024/04/06 09:43:02', '2024-04-06 07:43:02'),
(8, 13, '7CXv4QP8He', '2024/04/06 19:48:26', '2024-04-06 17:48:26'),
(9, 37, 'Fb8asztdeM', '2024/04/08 00:16:40', '2024-04-07 22:16:40'),
(10, 9, 'fGL4Q5clVM', '2024/04/08 00:33:38', '2024-04-07 22:33:38'),
(11, 13, 'mGCZxsiImB', '2024/04/08 01:57:37', '2024-04-07 23:57:37'),
(12, 13, 'yC3lwyz888', '2024/04/08 16:06:36', '2024-04-08 14:06:36'),
(13, 37, 'Lv5GChctoz', '2024/04/08 21:54:09', '2024-04-08 19:54:09'),
(14, 37, 's9rMItCEsj', '2024/04/08 22:30:08', '2024-04-08 20:30:08'),
(15, 37, 'KV3EJc0Lg2', '2024/04/08 22:37:09', '2024-04-08 20:37:09'),
(16, 37, 'fyLBpqf54E', '2024/04/11 12:38:07', '2024-04-11 10:38:07'),
(17, 37, 'nEBhPJxU8J', '2024/04/12 13:45:25', '2024-04-12 11:45:25'),
(18, 9, 'Ecrj9EDaxI', '2024/04/22 14:55:05', '2024-04-22 12:55:05'),
(19, 37, 'KzYfiVAqgV', '2024/04/26 13:26:04', '2024-04-26 11:26:04'),
(20, 37, 'b6JohHLgbc', '2024/04/26 13:35:46', '2024-04-26 11:35:46'),
(21, 13, 'tqUUNLpVX1', '2024/04/26 14:36:29', '2024-04-26 12:36:29'),
(22, 13, 'SbDH58rNOB', '2024/04/26 19:02:51', '2024-04-26 17:02:51'),
(23, 37, 'ZIDzqezAfO', '2024/04/28 19:36:35', '2024-04-28 17:36:35'),
(24, 37, 'max6l1QXk0', '2024/04/28 20:25:39', '2024-04-28 18:25:39'),
(25, 37, '4L6U3g3p2e', '2024/04/29 18:10:28', '2024-04-29 16:10:28'),
(26, 37, 'Aq9VDQpKez', '2024/05/02 17:09:41', '2024-05-02 15:09:41'),
(27, 37, 'BdalwYIb1c', '2024/05/05 15:31:31', '2024-05-05 13:31:31'),
(28, 37, '1RqQ5S9MQT', '2024/05/10 14:50:45', '2024-05-10 12:50:45'),
(29, 37, 'waafeU1hLg', '2024/05/10 16:31:39', '2024-05-10 14:31:39'),
(30, 37, 'ZKHSKGkI6t', '2024/05/14 14:51:02', '2024-05-14 12:51:02'),
(31, 37, 'uQrb5UePjv', '2024/05/14 15:38:39', '2024-05-14 13:38:39'),
(32, 9, 'LXZKNQaqZL', '2024/06/02 05:13:49', '2024-06-02 03:13:49'),
(33, 37, 'TbEOxBtX4N', '2024/06/03 23:25:33', '2024-06-03 21:25:33'),
(34, 37, 'NRctnR5HVB', '2024/06/04 20:35:51', '2024-06-04 18:35:51'),
(35, 37, 'OHYb5RDjLd', '2024/06/05 05:03:22', '2024-06-05 03:03:22'),
(36, 37, '7TjCcETgbz', '2024/06/06 03:29:22', '2024-06-06 01:29:22'),
(37, 37, 'Y62Qxg0RWb', '2024/06/06 03:56:00', '2024-06-06 01:56:00'),
(38, 37, 'TGRk3n79kZ', '2024/06/06 23:23:27', '2024-06-06 21:23:27'),
(39, 37, 'p2YlBzaDks', '2024/06/07 13:49:36', '2024-06-07 11:49:36'),
(40, 13, 'ypVqBS08Yo', '2024/06/11 00:25:16', '2024-06-10 22:25:16'),
(41, 37, 'yO7rMp7Du7', '2024/06/19 14:44:11', '2024-06-19 12:44:11'),
(42, 37, '4TowNJjsPl', '2024/06/24 07:24:30', '2024-06-24 05:24:30'),
(43, 37, 'ihdfILL1CA', '2024/06/28 12:38:18', '2024-06-28 10:38:18'),
(44, 37, 'FQMRasp8zw', '2024/06/28 14:27:23', '2024-06-28 12:27:23'),
(45, 37, 'DAaJPkXrg9', '2024/07/02 19:56:03', '2024-07-02 17:56:03'),
(46, 37, 'lwmd6jtqKK', '2024/07/02 20:06:01', '2024-07-02 18:06:01'),
(47, 37, '0sGFJ90xQF', '2024/07/02 20:39:09', '2024-07-02 18:39:09'),
(48, 37, 'sgNSdf5EV6', '2024/07/03 17:24:42', '2024-07-03 15:24:42'),
(49, 37, 'WjT3Yedkby', '2024/07/04 12:30:58', '2024-07-04 10:30:58'),
(50, 13, 'QPQ0iO8oKn', '2024/07/04 14:14:30', '2024-07-04 12:14:30'),
(51, 13, 'KABT2trKO9', '2024/07/04 14:19:53', '2024-07-04 12:19:53'),
(52, 37, '7QBAKDfTKS', '2024/07/04 14:46:24', '2024-07-04 12:46:24'),
(53, 37, 'kjG93KTvuW', '2024/07/04 15:08:41', '2024-07-04 13:08:41'),
(54, 37, 'ZHwNva3gSZ', '2024/07/04 15:16:33', '2024-07-04 13:16:33'),
(55, 37, 'PES1KcrHxL', '2024/07/04 15:52:05', '2024-07-04 13:52:05'),
(56, 37, 'mUD6N3a4KQ', '2024/07/05 12:29:56', '2024-07-05 10:29:56'),
(57, 37, 'Kr7ACbT9XT', '2024/07/05 14:18:46', '2024-07-05 12:18:46'),
(58, 13, 'OsgX2n5nqK', '2024/07/05 16:18:59', '2024-07-05 14:18:59'),
(59, 37, 'H9VSSqNYBj', '2024/07/05 23:06:22', '2024-07-05 21:06:22'),
(60, 37, 'vvV0NY28YD', '2024/07/06 00:04:19', '2024-07-05 22:04:19'),
(61, 37, 'Jw7w5rrc3r', '2024/07/06 16:37:50', '2024-07-06 14:37:50'),
(62, 37, '3xXmsPp01i', '2024/07/08 14:46:07', '2024-07-08 12:46:07'),
(63, 37, 'LspTdmGLOx', '2024/07/08 20:04:43', '2024-07-08 18:04:43'),
(64, 37, 'd9wYYJiXJl', '2024/07/09 12:34:12', '2024-07-09 10:34:12'),
(65, 37, 'qvOYVx4w0q', '2024/07/10 01:33:12', '2024-07-09 23:33:12'),
(66, 37, 'MAIk4ASRiJ', '2024/07/10 02:26:02', '2024-07-10 00:26:02'),
(67, 37, 'r9Qx83A7X7', '2024/07/10 13:19:46', '2024-07-10 11:19:46'),
(68, 37, 'UEObP2HhM9', '2024/07/11 18:04:38', '2024-07-11 16:04:38'),
(69, 37, 'DbFbJ7ufbo', '2024/07/12 13:03:29', '2024-07-12 11:03:29'),
(70, 37, 'JxWXbwTaKE', '2024/07/12 18:01:04', '2024-07-12 16:01:04'),
(71, 37, 'BVlsyfKmYD', '2024/07/12 23:30:52', '2024-07-12 21:30:52'),
(72, 37, 'TtZLz4aRHY', '2024/07/14 20:47:54', '2024-07-14 18:47:54'),
(73, 37, 'RJvZBSkvxG', '2024/07/15 00:58:49', '2024-07-14 22:58:49'),
(74, 37, 'NVmtgqxkI6', '2024/07/15 14:05:46', '2024-07-15 12:05:46'),
(75, 37, 'LHFZxqgOHO', '2024/07/17 10:51:00', '2024-07-17 08:51:00'),
(76, 37, 'OBfyeIQsOV', '2024/07/17 23:17:25', '2024-07-17 21:17:25'),
(77, 37, 'jeXGL6hl6R', '2024/07/18 00:46:35', '2024-07-17 22:46:35'),
(78, 37, 'e6gC4KVR4G', '2024/07/18 02:48:15', '2024-07-18 00:48:15'),
(79, 37, 'GJXEhdRccd', '2024/07/19 03:04:55', '2024-07-19 01:04:55'),
(80, 37, 'DNXdk4DMTi', '2024/07/19 14:59:18', '2024-07-19 12:59:18'),
(81, 37, 'KNvALmthRh', '2024/07/22 11:47:11', '2024-07-22 09:47:11'),
(82, 37, 'ZppVQukqYR', '2024/07/22 15:54:32', '2024-07-22 13:54:32'),
(83, 37, 'N4m6J2wDb2', '2024/07/25 14:20:19', '2024-07-25 12:20:19'),
(84, 37, 'ULiISw88ie', '2024/07/29 14:14:43', '2024-07-29 12:14:43'),
(85, 37, 'IqEX7uYPWj', '2024/08/01 12:52:37', '2024-08-01 10:52:37'),
(86, 37, 'PKo3uAnCrG', '2024/08/01 14:29:53', '2024-08-01 12:29:53'),
(87, 37, 'iP8Hunz0Mt', '2024/08/01 16:01:46', '2024-08-01 14:01:46'),
(88, 37, '4i2iurMVvk', '2024/08/01 18:11:28', '2024-08-01 16:11:28'),
(89, 37, 'pz3LVd9Egq', '2024/08/01 18:30:03', '2024-08-01 16:30:03'),
(90, 37, 'hCL7x4wCse', '2024/08/01 18:36:35', '2024-08-01 16:36:35'),
(91, 37, 'B50945iIId', '2024/08/02 00:23:24', '2024-08-01 22:23:24'),
(92, 37, 'bBLeoHeqvp', '2024/08/05 12:32:48', '2024-08-05 10:32:48'),
(93, 37, 'dDmboTOcah', '2024/08/06 01:25:03', '2024-08-05 23:25:03'),
(94, 13, 'Ug75tiVizA', '2024/08/07 01:32:57', '2024-08-06 23:32:57'),
(95, 37, 'ePeGe3dpLE', '2024/08/07 14:31:55', '2024-08-07 12:31:55'),
(96, 37, 'p3dCIEj721', '2024/08/07 15:43:16', '2024-08-07 13:43:16'),
(97, 37, 'gNzcJ80Onm', '2024/08/08 23:03:03', '2024-08-08 21:03:03'),
(98, 37, 'RSSoMbUQks', '2024/08/09 14:21:20', '2024-08-09 12:21:20'),
(99, 37, 'MOHZxZZtMO', '2024/08/12 11:35:35', '2024-08-12 09:35:35'),
(100, 37, 'bImTu90m9g', '2024/08/12 17:34:07', '2024-08-12 15:34:07'),
(101, 37, 'G4LPQ8KtD5', '2024/08/12 19:42:28', '2024-08-12 17:42:28'),
(102, 37, 'ygbaPSoz7e', '2024/08/13 22:22:44', '2024-08-13 20:22:44'),
(103, 37, 'w9gpj5jQ9K', '2024/08/14 10:23:16', '2024-08-14 08:23:16'),
(104, 37, 'QjYm8Viydr', '2024/08/15 17:55:49', '2024-08-15 15:55:49'),
(105, 9, 'dAlKBCrkIS', '2024/08/20 15:52:46', '2024-08-20 13:52:46'),
(106, 37, 'Qp93nCvKIV', '2024/08/20 18:11:19', '2024-08-20 16:11:19'),
(107, 37, 'fzcWFvGknp', '2024/08/21 13:53:12', '2024-08-21 11:53:12'),
(108, 37, 'iAA6xMk2kU', '2024/08/21 17:55:32', '2024-08-21 15:55:32'),
(109, 37, 'P2BojIvocw', '2024/08/21 19:27:26', '2024-08-21 17:27:26'),
(110, 37, 'gJ05N18Wl0', '2024/08/22 11:49:50', '2024-08-22 09:49:50'),
(111, 37, 'MQaRHHdxGo', '2024/08/22 12:52:13', '2024-08-22 10:52:13'),
(112, 37, 'PgY3Y8YV0O', '2024/08/23 11:30:24', '2024-08-23 09:30:24'),
(113, 37, 'uwEKxdnPPW', '2024/08/23 13:11:22', '2024-08-23 11:11:22'),
(114, 37, 'OFu11j0r7N', '2024/08/23 14:45:55', '2024-08-23 12:45:55'),
(115, 37, 'QZnWSDEbNu', '2024/08/24 15:19:17', '2024-08-24 13:19:17'),
(116, 37, 'WY1pnhvlIV', '2024/08/26 12:55:19', '2024-08-26 10:55:19'),
(117, 37, '6qKQBo3MEj', '2024/08/29 13:08:41', '2024-08-29 11:08:41'),
(118, 37, 'zxKyCzPbQP', '2024/08/29 22:34:48', '2024-08-29 20:34:48'),
(119, 37, 'BjBBDnYObf', '2024/08/31 12:51:31', '2024-08-31 10:51:31'),
(120, 37, '1I6vmROFyE', '2024/08/31 14:53:32', '2024-08-31 12:53:32'),
(121, 37, 'QefLMG1sbH', '2024/09/02 11:45:18', '2024-09-02 09:45:18'),
(122, 37, 'X4WGHUOopj', '2024/09/03 11:26:24', '2024-09-03 09:26:24'),
(123, 37, 'IKzXOgqjHq', '2024/09/04 12:11:27', '2024-09-04 10:11:27'),
(124, 37, 'mxjRbh8Tca', '2024/09/04 14:00:00', '2024-09-04 12:00:00'),
(125, 37, 'ERjkqlYMEm', '2024/09/04 16:22:18', '2024-09-04 14:22:18'),
(126, 37, 'SZrp58OSxU', '2024/09/11 12:40:32', '2024-09-11 10:40:32'),
(127, 37, 'kNcBVhp9Ch', '2024/09/14 18:04:07', '2024-09-14 16:04:07'),
(128, 37, 'dHUI1Wgm81', '2024/09/14 18:15:55', '2024-09-14 16:15:55'),
(129, 37, 'y1lw09dNy4', '2024/09/14 19:56:03', '2024-09-14 17:56:03'),
(130, 37, 'CkvZGeJdSI', '2024/09/16 09:23:59', '2024-09-16 07:23:59'),
(131, 37, 'rCkqPsjcJR', '2024/09/16 12:06:25', '2024-09-16 10:06:25'),
(132, 37, 'uUxvCyGrhF', '2024/09/16 13:20:49', '2024-09-16 11:20:49'),
(133, 37, 'qmnCvKmJTR', '2024/09/16 15:08:18', '2024-09-16 13:08:18'),
(134, 37, 'NcfX7GBxWC', '2024/09/17 11:41:28', '2024-09-17 09:41:28'),
(135, 37, 'bDRpFO7RjC', '2024/09/17 12:33:35', '2024-09-17 10:33:35'),
(136, 37, 'TaIwEnqEhi', '2024/09/17 19:40:15', '2024-09-17 17:40:15'),
(137, 37, 'JfnzUUThHT', '2024/09/19 19:01:10', '2024-09-19 17:01:10'),
(138, 37, 'NUANuCMqkl', '2024/09/23 18:00:20', '2024-09-23 16:00:20'),
(139, 37, 'tx4dCNVT7e', '2024/09/24 09:03:08', '2024-09-24 07:03:08'),
(140, 37, 'kVpvI1KEzp', '2024/09/26 11:09:40', '2024-09-26 09:09:40'),
(141, 37, 'N4ihDMS5sg', '2024/09/27 11:07:05', '2024-09-27 09:07:05'),
(142, 37, 'iJEp0ugfbE', '2024/10/03 11:54:26', '2024-10-03 09:54:26'),
(143, 37, 'FlvklB47mv', '2024/10/07 14:25:51', '2024-10-07 12:25:51'),
(144, 37, 'duOswbitwW', '2024/10/08 17:39:54', '2024-10-08 15:39:54'),
(145, 37, 'bT3jsZjGVP', '2024/10/09 10:28:40', '2024-10-09 08:28:40'),
(146, 37, 'tpOKeTwaBa', '2024/10/09 11:12:29', '2024-10-09 09:12:29'),
(147, 37, '22jOJMKKxG', '2024/10/09 11:17:52', '2024-10-09 09:17:52'),
(148, 37, 'q98VhdAZI2', '2024/10/09 15:22:04', '2024-10-09 13:22:04'),
(149, 37, 'NBKm6Y28Ab', '2024/10/09 15:56:08', '2024-10-09 13:56:08'),
(150, 37, 'V39iX8CIfV', '2024/10/09 16:04:43', '2024-10-09 14:04:43'),
(151, 37, 'yiQQzIBH6M', '2024/10/09 17:46:27', '2024-10-09 15:46:27'),
(152, 37, 'QDPx6qX6AX', '2024/10/10 15:23:35', '2024-10-10 13:23:35'),
(153, 13, 'uL4mlSjTFX', '2024/10/10 16:57:26', '2024-10-10 14:57:26'),
(154, 37, 'K4Bpv2Gs8A', '2024/10/10 17:40:33', '2024-10-10 15:40:33'),
(155, 37, 'hOxJZa16fO', '2024/10/11 17:51:04', '2024-10-11 15:51:04'),
(156, 37, '3YmylKJiza', '2024/10/15 16:54:34', '2024-10-15 14:54:34'),
(157, 37, 'RauoeKyOxK', '2024/10/17 11:28:11', '2024-10-17 09:28:11'),
(158, 37, 'dMp4cI5J5z', '2024/10/17 15:10:31', '2024-10-17 13:10:31'),
(159, 37, 'thQ7vTLSaO', '2024/10/21 12:54:50', '2024-10-21 10:54:50'),
(160, 37, 'JqQH2TNrWa', '2024/10/22 15:37:28', '2024-10-22 13:37:28'),
(161, 37, 'aeFLUSOyTw', '2024/10/22 17:37:28', '2024-10-22 15:37:28'),
(162, 37, 'mCovoIkbiK', '2024/10/22 22:25:13', '2024-10-22 20:25:13'),
(163, 37, 'qQFFvfRau1', '2024/10/23 16:43:49', '2024-10-23 14:43:49'),
(164, 37, 'rdZlr2vp4T', '2024/10/27 12:03:08', '2024-10-27 11:03:08'),
(165, 37, 'pE3RJXsU4A', '2024/10/28 22:42:02', '2024-10-28 21:42:02'),
(166, 37, '2vgrOfien5', '2024/10/29 10:49:01', '2024-10-29 09:49:01'),
(167, 37, 'G8on7PPkBw', '2024/10/29 14:46:22', '2024-10-29 13:46:22'),
(168, 37, '7jD7jA706l', '2024/10/30 13:20:22', '2024-10-30 12:20:22'),
(169, 37, 'RhgssDyQ0W', '2024/10/30 16:10:57', '2024-10-30 15:10:57'),
(170, 37, 'ioHxdx86CH', '2024/10/30 17:06:34', '2024-10-30 16:06:34'),
(171, 37, 'iGh9lnSQ1p', '2024/10/30 18:51:05', '2024-10-30 17:51:05'),
(172, 37, 'fKRepXPCeP', '2024/10/31 12:05:42', '2024-10-31 11:05:42'),
(173, 37, 'E0TN7WiSuC', '2024/10/31 17:48:54', '2024-10-31 16:48:54'),
(174, 37, 'NQkJFJ6sHB', '2024/11/05 10:26:58', '2024-11-05 09:26:58'),
(175, 37, 'DpkFufITBN', '2024/11/08 22:52:34', '2024-11-08 21:52:34'),
(176, 37, 'Dycws9Gy4e', '2024/11/12 14:04:31', '2024-11-12 13:04:31'),
(177, 37, 'cgnCtzmK9d', '2024/11/12 16:27:50', '2024-11-12 15:27:50'),
(178, 37, 'G0doxvRW6A', '2024/11/20 17:57:28', '2024-11-20 16:57:28'),
(179, 37, 'aiWf2Tvau2', '2024/11/22 12:47:43', '2024-11-22 11:47:43'),
(180, 37, 'xc99PW9cr1', '2024/11/22 13:57:58', '2024-11-22 12:57:58'),
(181, 37, '5zVhe4R9QG', '2024/11/22 17:26:27', '2024-11-22 16:26:27'),
(182, 37, 'Js5H0ZiuNz', '2024/11/29 09:37:02', '2024-11-29 08:37:02'),
(183, 37, 'mXvRnCWVp2', '2024/11/29 13:11:58', '2024-11-29 12:11:58'),
(184, 37, 'LbwsW0IK9N', '2024/11/29 16:36:00', '2024-11-29 15:36:00'),
(185, 37, '9mztLsd5KU', '2024/12/02 12:12:49', '2024-12-02 11:12:49'),
(186, 37, '7m0n85HlPQ', '2024/12/05 09:29:10', '2024-12-05 08:29:10'),
(187, 37, 'nrxs5i9uiD', '2024/12/05 14:46:08', '2024-12-05 13:46:08'),
(188, 37, '8TpwZbqWLZ', '2024/12/10 09:00:16', '2024-12-10 08:00:16'),
(189, 37, 'evI86AQsAR', '2024/12/12 01:09:02', '2024-12-12 00:09:02'),
(190, 37, 'UzvHiz4GdP', '2024/12/24 13:39:49', '2024-12-24 12:39:49'),
(191, 37, 'ik3piQRLBj', '2024/12/26 09:25:58', '2024-12-26 08:25:58'),
(192, 37, 'Hx2acJHQUt', '2024/12/26 10:03:32', '2024-12-26 09:03:32'),
(193, 37, 'y2dsRXGx2F', '2024/12/26 11:13:40', '2024-12-26 10:13:40'),
(194, 37, '8J1zFsQ0ug', '2024/12/26 14:09:54', '2024-12-26 13:09:54'),
(195, 37, 'sQKy8MMwpH', '2024/12/29 16:23:32', '2024-12-29 15:23:32'),
(196, 37, 'x4gaIb87vR', '2024/12/29 16:29:29', '2024-12-29 15:29:29'),
(197, 37, 'dvzYwG740l', '2025/01/03 11:04:49', '2025-01-03 10:04:49'),
(198, 37, 'W8vrPDJ6wu', '2025/01/07 09:55:45', '2025-01-07 08:55:45'),
(199, 37, 'uCEfSWsmIs', '2025/01/08 12:32:57', '2025-01-08 11:32:57'),
(200, 37, 'vfRpgqnu16', '2025/01/08 13:30:00', '2025-01-08 12:30:00'),
(201, 37, 'pBBIOYCr4u', '2025/01/09 13:44:02', '2025-01-09 12:44:02'),
(202, 37, 'EZPQrHbM46', '2025/01/10 21:05:34', '2025-01-10 20:05:34'),
(203, 37, 'TwZvNLeHYU', '2025/01/11 11:36:50', '2025-01-11 10:36:50'),
(204, 37, 'uYzmEps1sJ', '2025/01/14 19:00:09', '2025-01-14 18:00:09'),
(205, 37, 'pirWKEzGA5', '2025/01/20 13:37:00', '2025-01-20 12:37:00'),
(206, 37, 'qudcsnbWLY', '2025/01/20 13:53:46', '2025-01-20 12:53:46'),
(207, 37, 'LUkbMCDeoS', '2025/01/22 10:38:07', '2025-01-22 09:38:07'),
(208, 37, 'D4iyoIf5EQ', '2025/01/22 16:22:03', '2025-01-22 15:22:03'),
(209, 37, 'xYvSBkhWog', '2025/01/28 17:19:40', '2025-01-28 16:19:40'),
(210, 37, 'cRpg9ep306', '2025/01/29 13:04:39', '2025-01-29 12:04:39'),
(211, 37, 'D2jeLCdASl', '2025/01/31 11:42:22', '2025-01-31 10:42:22'),
(212, 37, 'i3basjGGJe', '2025/02/03 09:06:37', '2025-02-03 08:06:37'),
(213, 37, 'swPA5nIQSX', '2025/02/07 10:42:59', '2025-02-07 09:42:59'),
(214, 37, 'ZMcGb4RXyH', '2025/02/14 10:59:12', '2025-02-14 09:59:12'),
(215, 37, '8w1cAWw7Df', '2025/02/26 10:16:18', '2025-02-26 09:16:18'),
(216, 37, 'dMMAEibbXn', '2025/02/26 11:20:25', '2025-02-26 10:20:25'),
(217, 37, 'W04r9hmM8A', '2025/03/01 16:08:54', '2025-03-01 15:08:54'),
(218, 37, 'CoQ1pdENfW', '2025/03/05 11:13:38', '2025-03-05 10:13:38'),
(219, 37, 'jVJuDvOAP3', '2025/03/06 16:16:54', '2025-03-06 15:16:54'),
(220, 37, 'Schkr0fzTR', '2025/03/07 17:19:07', '2025-03-07 16:19:07'),
(221, 37, 'oHqwlUN86g', '2025/03/08 14:49:27', '2025-03-08 13:49:27'),
(222, 37, '9T7H3RmStp', '2025/03/11 11:06:26', '2025-03-11 10:06:26'),
(223, 37, 'uqHxLMEiYe', '2025/03/18 23:14:50', '2025-03-18 22:14:50'),
(224, 37, 'kJZ2QoXxQc', '2025/03/19 19:56:17', '2025-03-19 18:56:17'),
(225, 37, '5m44tAoQJ7', '2025/03/20 17:46:13', '2025-03-20 16:46:13'),
(226, 37, '9JbvGGsuLu', '2025/04/02 11:39:53', '2025-04-02 09:39:53'),
(227, 37, 'gOsPjcprUd', '2025/04/03 17:27:25', '2025-04-03 15:27:25'),
(228, 37, 'uQz3WrNZDu', '2025/04/03 17:58:21', '2025-04-03 15:58:21'),
(229, 37, 'D2R23Vr5E1', '2025/04/04 04:01:58', '2025-04-04 02:01:58'),
(230, 37, 'PhbsCNJUc0', '2025/04/04 04:03:24', '2025-04-04 02:03:24'),
(231, 37, 'vlPaxRXCHG', '2025/04/04 19:13:30', '2025-04-04 17:13:30'),
(232, 37, 'b4VJTcbZTW', '2025/04/04 21:44:52', '2025-04-04 19:44:52'),
(233, 37, '0hzTPxey3i', '2025/04/07 13:21:29', '2025-04-07 11:21:29'),
(234, 37, '3UjRSXnUwO', '2025/04/08 11:24:29', '2025-04-08 09:24:29'),
(235, 37, 'UpMxYdB8FC', '2025/04/08 16:07:38', '2025-04-08 14:07:38'),
(236, 37, 'rhDc0Ljd7h', '2025/04/09 16:51:03', '2025-04-09 14:51:03'),
(237, 37, '1o1GeCc8P1', '2025/04/14 01:23:18', '2025-04-13 23:23:18'),
(238, 37, 'OrgpAJfFFq', '2025/04/14 21:46:47', '2025-04-14 19:46:47'),
(239, 37, 'tTrZ5Jn4U7', '2025/04/23 20:41:34', '2025-04-23 18:41:34'),
(240, 37, 'pnayV41mj4', '2025/04/23 21:41:56', '2025-04-23 19:41:56'),
(241, 37, '0oEVuFXOt8', '2025/04/23 22:20:38', '2025-04-23 20:20:38'),
(242, 37, 'Wfc4FdERx3', '2025/04/24 10:37:34', '2025-04-24 08:37:34'),
(243, 37, 'xrynJGWlsZ', '2025/04/24 15:41:22', '2025-04-24 13:41:22'),
(244, 37, '7MkDm9KMD5', '2025/04/28 18:39:37', '2025-04-28 16:39:37'),
(245, 37, 'KSDfcw9P5Z', '2025/05/02 15:18:11', '2025-05-02 13:18:11'),
(246, 37, '4DHnH0iAdY', '2025/05/06 14:49:17', '2025-05-06 12:49:17'),
(247, 37, 'i2VOj330EA', '2025/05/10 20:33:48', '2025-05-10 18:33:48'),
(248, 37, '54iZ1OYzwM', '2025/05/13 15:19:04', '2025-05-13 13:19:04'),
(249, 37, 'VYWhZPxkAu', '2025/05/15 12:34:14', '2025-05-15 10:34:14'),
(250, 37, '0JqsHZtGob', '2025/05/15 17:48:59', '2025-05-15 15:48:59'),
(251, 37, 'PBZLN8Ybhf', '2025/05/15 18:30:18', '2025-05-15 16:30:18'),
(252, 37, '2XP0EzDb8H', '2025/05/15 19:35:05', '2025-05-15 17:35:05'),
(253, 37, 'wX1veAlM07', '2025/05/20 14:13:17', '2025-05-20 12:13:17'),
(254, 37, 'GOwEty2TAD', '2025/05/22 21:03:27', '2025-05-22 19:03:27'),
(255, 37, 'HnM5dDJqSX', '2025/05/26 14:30:58', '2025-05-26 12:30:58'),
(256, 37, 'ZvkewgHrbu', '2025/06/01 23:43:15', '2025-06-01 21:43:15'),
(257, 37, 'sqmm29nRgx', '2025/06/02 01:47:54', '2025-06-01 23:47:54'),
(258, 37, 'YmoKNBCL8z', '2025/06/04 11:49:10', '2025-06-04 09:49:10'),
(259, 37, 'EpE7g3b4ro', '2025/06/04 18:34:17', '2025-06-04 16:34:17'),
(260, 37, 'GNgSvMs3Po', '2025/06/05 17:37:55', '2025-06-05 15:37:55'),
(261, 37, 'aiRMsQdxxH', '2025/06/11 15:51:07', '2025-06-11 13:51:07'),
(262, 37, 'zXcjMbphKo', '2025/06/11 18:04:43', '2025-06-11 16:04:43'),
(263, 37, 'QaF1pGr7Rs', '2025/06/11 18:14:35', '2025-06-11 16:14:35'),
(264, 37, '4cnsOcQWIH', '2025/06/11 18:35:35', '2025-06-11 16:35:35'),
(265, 37, 'VVguz6OYv2', '2025/06/12 19:19:06', '2025-06-12 17:19:06'),
(266, 37, 'z4c5nPoYhD', '2025/06/12 19:41:01', '2025-06-12 17:41:01'),
(267, 37, 'um30pmDlxY', '2025/06/13 09:50:02', '2025-06-13 07:50:02'),
(268, 37, 'ij1g79nG4w', '2025/06/14 01:08:36', '2025-06-13 23:08:36'),
(269, 37, '9aHe5ZBftQ', '2025/06/14 15:37:02', '2025-06-14 13:37:02'),
(270, 37, 'quH6jNrHOG', '2025/06/27 12:50:34', '2025-06-27 10:50:34'),
(271, 37, 'ZKfpNl2qYk', '2025/09/28 02:02:36', '2025-09-28 00:02:36'),
(272, 37, 'JQT06r4pX4', '2025/10/05 23:26:13', '2025-10-05 21:26:13'),
(273, 37, 'xvVOjGVeIy', '2025/10/28 14:03:53', '2025-10-28 13:03:53'),
(274, 37, 'fNFCnVrWh2', '2025/10/28 15:08:26', '2025-10-28 14:08:26'),
(275, 37, 'sQX8gVFVOp', '2025/10/29 12:31:44', '2025-10-29 11:31:44'),
(276, 37, 's3FqDfeCQ9', '2025/10/29 18:08:27', '2025-10-29 17:08:27'),
(277, 37, 'mfkjkIKvV1', '2025/10/30 11:33:46', '2025-10-30 10:33:46'),
(278, 37, 'XfMJXfSACg', '2025/11/03 15:27:29', '2025-11-03 14:27:29'),
(279, 37, 'sHLOBRfknM', '2025/11/05 11:17:05', '2025-11-05 10:17:05'),
(280, 37, 'ngA5EJNyqp', '2025/11/12 12:26:57', '2025-11-12 11:26:57'),
(281, 37, 'ZhUrf2ovwe', '2025/11/14 10:15:02', '2025-11-14 09:15:02'),
(282, 37, 'pa7pbzNaCb', '2025/11/21 14:20:53', '2025-11-21 13:20:53'),
(283, 37, 'x5bgI63xiG', '2025/11/24 12:49:26', '2025-11-24 11:49:26'),
(284, 37, 'lmPFvNDQdy', '2025/12/01 13:10:33', '2025-12-01 12:10:33');

-- --------------------------------------------------------

--
-- Structure de la table `contenue_stocks`
--

CREATE TABLE `contenue_stocks` (
  `id_ck` int(11) NOT NULL,
  `id_cat` int(11) NOT NULL,
  `total_ck` varchar(255) NOT NULL DEFAULT '0',
  `sortie_ck` varchar(255) NOT NULL DEFAULT '0',
  `reste_ck` varchar(255) NOT NULL DEFAULT '0',
  `alerte_ck` varchar(255) NOT NULL DEFAULT '10',
  `created_at` timestamp NOT NULL DEFAULT current_timestamp(),
  `date_expiration` varchar(255) DEFAULT NULL,
  `user_id` int(11) NOT NULL,
  `id_sto` int(11) NOT NULL
) ENGINE=InnoDB DEFAULT CHARSET=utf8mb3 COLLATE=utf8mb3_general_ci;

-- --------------------------------------------------------

--
-- Structure de la table `contenu_commandes`
--

CREATE TABLE `contenu_commandes` (
  `id_cc` int(11) NOT NULL,
  `id_produit` int(11) NOT NULL,
  `id_com` int(11) NOT NULL,
  `prix` varchar(255) NOT NULL,
  `qty` varchar(255) NOT NULL,
  `qty_livree` varchar(255) NOT NULL DEFAULT '0',
  `prix_total` varchar(255) NOT NULL,
  `statut` enum('0','1') NOT NULL,
  `created_at` varchar(255) NOT NULL,
  `user_id` int(11) NOT NULL
) ENGINE=InnoDB DEFAULT CHARSET=utf8mb3 COLLATE=utf8mb3_general_ci;

-- --------------------------------------------------------

--
-- Structure de la table `contenu_factures`
--

CREATE TABLE `contenu_factures` (
  `id_contenu` int(11) NOT NULL,
  `id_produit` int(11) NOT NULL,
  `prix_produit_c` varchar(255) NOT NULL,
  `qty` int(11) NOT NULL,
  `prix_total` varchar(255) NOT NULL,
  `code_contenu` varchar(255) NOT NULL,
  `id_commande` int(11) NOT NULL,
  `date_contenu` varchar(255) NOT NULL,
  `created_at` timestamp NOT NULL DEFAULT current_timestamp(),
  `user_id` int(11) NOT NULL
) ENGINE=InnoDB DEFAULT CHARSET=utf8mb3 COLLATE=utf8mb3_general_ci;

-- --------------------------------------------------------

--
-- Structure de la table `contrat_personnel`
--

CREATE TABLE `contrat_personnel` (
  `id_con` int(11) NOT NULL,
  `code_embauche` varchar(255) NOT NULL,
  `id_personnel` int(11) NOT NULL,
  `id_type_contrat` int(11) NOT NULL,
  `type_contrat` varchar(255) NOT NULL DEFAULT 'CDD',
  `date_debut` varchar(255) NOT NULL,
  `date_fin` varchar(255) NOT NULL,
  `montant` varchar(255) NOT NULL,
  `date_paiement` varchar(255) NOT NULL DEFAULT '0',
  `justificatif` text DEFAULT NULL,
  `user_id` int(11) NOT NULL,
  `statut` enum('0','1','2') NOT NULL DEFAULT '1',
  `date_mise_fin` varchar(255) DEFAULT NULL,
  `created_at` timestamp NOT NULL DEFAULT current_timestamp()
) ENGINE=InnoDB DEFAULT CHARSET=utf8mb3 COLLATE=utf8mb3_general_ci;

-- --------------------------------------------------------

--
-- Structure de la table `contrat_site`
--

CREATE TABLE `contrat_site` (
  `id_con` int(11) NOT NULL,
  `id_client` int(11) NOT NULL,
  `id_site` int(11) NOT NULL,
  `id_type_contrat` int(11) NOT NULL,
  `date_debut` date NOT NULL,
  `date_fin` date NOT NULL,
  `montant` varchar(255) NOT NULL,
  `date_paiement` varchar(255) NOT NULL DEFAULT '0',
  `libelle_contrat` varchar(255) NOT NULL DEFAULT 'non definis',
  `justificatif` text DEFAULT NULL,
  `user_id` int(11) NOT NULL,
  `statut` enum('0','1','2') NOT NULL DEFAULT '1',
  `caisse` enum('0','1') NOT NULL DEFAULT '0',
  `created_at` timestamp NOT NULL DEFAULT current_timestamp(),
  `budget_provisoire` text NOT NULL DEFAULT '0',
  `niveau` float NOT NULL DEFAULT 0
) ENGINE=InnoDB DEFAULT CHARSET=utf8mb3 COLLATE=utf8mb3_general_ci;

--
-- Déchargement des données de la table `contrat_site`
--

INSERT INTO `contrat_site` (`id_con`, `id_client`, `id_site`, `id_type_contrat`, `date_debut`, `date_fin`, `montant`, `date_paiement`, `libelle_contrat`, `justificatif`, `user_id`, `statut`, `caisse`, `created_at`, `budget_provisoire`, `niveau`) VALUES
(1, 2, 1, 9, '2024-04-16', '2024-04-26', '0', '26/04/2024', 'FACT KIT Graissage', 'clients/CLT_0001/SITE2-0000/demande_3000425551.pdf', 37, '1', '0', '2024-04-26 11:29:52', '0', 0),
(2, 2, 1, 9, '2024-04-16', '2024-04-26', '0', '26/04/2024', 'FACT INJECT 10kg', 'clients/CLT_0001/SITE2-0000/demande_3000425552.pdf', 37, '1', '0', '2024-04-26 11:37:35', '0', 0),
(3, 1, 2, 9, '2024-02-10', '2024-02-20', '0', '16/02/2024', 'Réparation Pompe Hydraulique ', 'clients/CLT_0000/SITE1-0001/bl_prestation_de_service_wass.pdf', 37, '1', '0', '2024-06-03 21:28:15', '0', 0),
(4, 1, 2, 9, '2024-05-20', '2024-06-04', '0', '04/06/2024', 'Plaque Acrylique ', 'clients/CLT_0000/SITE1-0001/bl_was_p_acrylic.jpg', 37, '1', '0', '2024-06-04 18:40:32', '0', 0),
(5, 2, 1, 9, '2024-05-27', '2024-06-03', '0', '03/06/2024', 'Toile Plastique', 'clients/CLT_0001/SITE2-0000/demande_5800236632_bc_m.pdf', 37, '1', '0', '2024-07-04 13:35:45', '0', 0),
(6, 1, 2, 9, '2024-07-08', '2024-07-09', '0', '08/07/2024', 'non definis', 'clients/CLT_0000/SITE1-0001/cachet_delices.pdf', 37, '1', '0', '2024-07-08 12:53:26', '0', 0),
(7, 2, 1, 9, '2024-07-17', '2024-08-31', '0', '17/07/2024', 'non definis', 'clients/CLT_0001/SITE2-0000/bon_de_livraison_wassoulo.pdf', 37, '1', '0', '2024-07-17 23:00:38', '0', 0),
(8, 1, 2, 9, '2024-08-21', '2024-08-21', '0', '21/08/2024', 'non definis', 'clients/CLT_0000/SITE1-0001/1e34528e-dcd2-43ec-ac78-4aaf78be9dc8.jpg', 37, '1', '0', '2024-08-21 17:29:07', '0', 0),
(9, 2, 1, 9, '2024-08-21', '2024-08-21', '0', '21/08/2024', 'non definis', 'clients/CLT_0001/SITE2-0000/1e34528e-dcd2-43ec-ac78-4aaf78be9dc8.jpg', 37, '1', '0', '2024-08-21 17:48:35', '0', 0),
(10, 2, 1, 9, '2024-08-31', '2024-08-31', '0', '31/08/2024', 'non definis', 'clients/CLT_0001/SITE2-0000/1e34528e-dcd2-43ec-ac78-4aaf78be9dc8.jpg', 37, '1', '0', '2024-08-31 10:52:52', '0', 0),
(11, 2, 1, 9, '2024-09-16', '2024-09-16', '0', '16/09/2024', 'non definis', 'clients/CLT_0001/SITE2-0000/1e34528e-dcd2-43ec-ac78-4aaf78be9dc8.jpg', 37, '1', '0', '2024-09-16 13:12:31', '0', 0),
(12, 2, 1, 9, '2024-09-23', '2024-09-23', '0', '23/09/2024', 'non definis', 'clients/CLT_0001/SITE2-0000/1e34528e-dcd2-43ec-ac78-4aaf78be9dc8.jpg', 37, '1', '0', '2024-09-23 16:01:27', '0', 0),
(13, 1, 2, 9, '2024-09-23', '2024-09-23', '0', '23/09/2024', 'non definis', 'clients/CLT_0000/SITE1-0001/1e34528e-dcd2-43ec-ac78-4aaf78be9dc8.jpg', 37, '1', '0', '2024-09-23 16:29:10', '0', 0),
(14, 1, 2, 9, '2024-10-20', '2024-10-22', '0', '21/10/2024', 'non definis', 'clients/CLT_0000/SITE1-0001/recu_de_remboursement_des_frais_de_voyage.pdf', 37, '1', '0', '2024-10-21 10:58:05', '0', 0),
(15, 1, 2, 9, '2024-10-22', '2024-10-22', '0', '22/10/2024', 'non definis', 'clients/CLT_0000/SITE1-0001/1e34528e-dcd2-43ec-ac78-4aaf78be9dc8.jpg', 37, '1', '0', '2024-10-22 13:41:14', '0', 0),
(16, 1, 2, 9, '2024-10-27', '2024-10-27', '0', '27/10/2024', 'non definis', 'clients/CLT_0000/SITE1-0001/1e34528e-dcd2-43ec-ac78-4aaf78be9dc8.jpg', 37, '1', '0', '2024-10-27 11:20:38', '0', 0),
(17, 1, 2, 9, '2024-11-12', '2024-11-12', '0', '12/11/2024', 'non definis', 'clients/CLT_0000/SITE1-0001/1e34528e-dcd2-43ec-ac78-4aaf78be9dc8.jpg', 37, '1', '0', '2024-11-12 13:05:42', '0', 0),
(18, 1, 2, 9, '2024-01-03', '2024-01-03', '0', '03/01/2025', 'non definis', 'clients/CLT_0000/SITE1-0001/capture_d’eÌcran_2024-10-31_à_11.21.28.png', 37, '1', '0', '2025-01-03 10:06:18', '0', 0),
(19, 2, 1, 9, '2025-01-07', '2025-01-07', '0', '07/01/2025', 'non definis', 'clients/CLT_0001/SITE2-0000/capture_d’eÌcran_2024-10-31_à_11.21.28.png', 37, '1', '0', '2025-01-07 09:00:46', '0', 0),
(20, 2, 1, 9, '2025-01-11', '2025-01-11', '0', '11/01/2025', 'non definis', 'clients/CLT_0001/SITE2-0000/capture_d’eÌcran_2024-10-31_à_11.21.28.png', 37, '1', '0', '2025-01-11 10:40:41', '0', 0),
(21, 1, 2, 9, '2025-01-11', '2025-01-11', '0', '11/01/2025', 'non definis', 'clients/CLT_0000/SITE1-0001/capture_d’eÌcran_2024-10-31_à_11.21.28.png', 37, '1', '0', '2025-01-11 10:49:30', '0', 0),
(22, 1, 2, 9, '2025-01-14', '2025-01-14', '0', '14/01/2025', 'non definis', 'clients/CLT_0000/SITE1-0001/capture_d’eÌcran_2024-10-31_à_11.21.28.png', 37, '1', '0', '2025-01-14 18:01:10', '0', 0),
(23, 2, 1, 9, '2025-02-26', '2025-02-26', '0', '26/02/2025', 'non definis', 'clients/CLT_0001/SITE2-0000/capture_d’eÌcran_2024-10-31_à_11.21.28.png', 37, '1', '0', '2025-02-26 09:17:36', '0', 0),
(24, 1, 2, 9, '2025-03-05', '2025-03-05', '0', '05/03/2025', 'non definis', 'clients/CLT_0000/SITE1-0001/capture_d’eÌcran_2024-10-31_à_11.21.28.png', 37, '1', '0', '2025-03-05 10:15:54', '0', 0),
(25, 1, 2, 9, '2025-03-06', '2025-03-07', '0', '06/03/2025', 'Sable  loila', 'clients/CLT_0000/SITE1-0001/caschet&_signature_elohim.pdf', 37, '1', '0', '2025-03-06 15:18:35', '0', 0),
(26, 1, 2, 9, '2024-03-18', '2024-03-18', '0', '18/03/2025', 'non definis', 'clients/CLT_0000/SITE1-0001/1e34528e-dcd2-43ec-ac78-4aaf78be9dc8.jpg', 37, '1', '0', '2025-03-18 22:17:08', '0', 0),
(27, 1, 2, 9, '2025-05-02', '2025-05-02', '0', '30/04/2025', 'non definis', 'clients/CLT_0000/SITE1-0001/1e34528e-dcd2-43ec-ac78-4aaf78be9dc8.jpg', 37, '1', '0', '2025-05-02 14:04:53', '0', 0),
(28, 1, 2, 9, '2025-05-13', '2025-05-13', '0', '13/05/2025', 'non definis', 'clients/CLT_0000/SITE1-0001/1e34528e-dcd2-43ec-ac78-4aaf78be9dc8.jpg', 37, '1', '0', '2025-05-13 13:24:04', '0', 0),
(29, 1, 2, 9, '2025-11-24', '2025-11-24', '0', '24/11/2025', 'non definis', 'clients/CLT_0000/SITE1-0001/telechargement.jpg', 37, '1', '0', '2025-11-24 11:52:02', '0', 0),
(30, 1, 2, 9, '2025-11-24', '2025-11-24', '0', '24/11/2025', 'non definis', 'clients/CLT_0000/SITE1-0001/telechargement.jpg', 37, '1', '0', '2025-11-24 11:55:29', '0', 0);

-- --------------------------------------------------------

--
-- Structure de la table `creances`
--

CREATE TABLE `creances` (
  `id_creance` int(11) NOT NULL,
  `libelle_creance` varchar(255) DEFAULT NULL,
  `pourcentace_contrat` float NOT NULL,
  `pourcentace_paiement` float NOT NULL,
  `id_facture` int(11) NOT NULL,
  `user_id` int(11) NOT NULL,
  `statut` enum('0','1') NOT NULL DEFAULT '0',
  `created_at` timestamp NOT NULL DEFAULT current_timestamp()
) ENGINE=InnoDB DEFAULT CHARSET=utf8mb3 COLLATE=utf8mb3_general_ci;

-- --------------------------------------------------------

--
-- Structure de la table `credits`
--

CREATE TABLE `credits` (
  `id_cre` int(11) NOT NULL,
  `id_compte` int(11) NOT NULL,
  `id_motif` varchar(255) DEFAULT 'Non défini',
  `id_provenance` int(11) DEFAULT NULL,
  `montant_initial` varchar(255) NOT NULL,
  `montant_ajout` varchar(255) NOT NULL,
  `solde` varchar(255) NOT NULL,
  `type` enum('0','1') NOT NULL DEFAULT '1',
  `user_id` int(11) NOT NULL,
  `code_paiement` varchar(255) DEFAULT NULL,
  `date_cre` varchar(255) NOT NULL,
  `statut_cre` enum('0','1') NOT NULL DEFAULT '1',
  `created_at` timestamp NOT NULL DEFAULT current_timestamp()
) ENGINE=InnoDB DEFAULT CHARSET=utf8mb3 COLLATE=utf8mb3_general_ci;

--
-- Déchargement des données de la table `credits`
--

INSERT INTO `credits` (`id_cre`, `id_compte`, `id_motif`, `id_provenance`, `montant_initial`, `montant_ajout`, `solde`, `type`, `user_id`, `code_paiement`, `date_cre`, `statut_cre`, `created_at`) VALUES
(1, 1, 'Non défini', 1, '400000', '2500000', '2900000', '1', 37, 'zrX4iDTrwa', '2024-07-22 14:10:15', '1', '2024-07-22 14:10:15'),
(2, 1, 'Non défini', 2, '2900000', '6750000', '9650000', '1', 37, '4WEKEcvOaE', '2024-07-22 14:11:27', '1', '2024-07-22 14:11:27'),
(3, 1, 'Non défini', 3, '9650000', '25000000', '34650000', '1', 37, 'otYLnzcctx', '2024-07-12 12:40:07', '1', '2024-07-25 12:40:07'),
(4, 1, 'Non défini', 4, '34650000', '70000000', '104650000', '1', 37, 'tlNKGzkvHw', '2024-07-29 12:16:32', '1', '2024-07-29 12:16:32'),
(5, 1, 'Non défini', 6, '104650000', '9300000', '113950000', '1', 37, 'uK6P1Km3K3', '2024-09-03 10:12:34', '1', '2024-09-04 10:12:34'),
(6, 1, 'Non défini', 5, '113950000', '3850000', '117800000', '1', 37, '7y0Hf479Yj', '2024-09-16 11:23:04', '1', '2024-09-16 11:23:04'),
(7, 1, 'Non défini', 8, '117800000', '810000', '118610000', '1', 37, 'EOyqrqsCKI', '2024-11-05 09:35:36', '1', '2024-11-05 09:35:36'),
(8, 1, 'Non défini', 15, '118610000', '6000000', '124610000', '1', 37, 'VmoWJoIzv4', '2024-11-05 09:39:30', '1', '2024-11-05 09:39:30'),
(9, 1, 'Non défini', 7, '124610000', '32400000', '157010000', '1', 37, '2GXyfV1N56', '2025-04-03 16:00:31', '1', '2025-04-03 16:00:31'),
(10, 1, 'Non défini', 9, '157010000', '153600000', '310610000', '1', 37, 'EQso2ZFJns', '2025-04-03 16:02:14', '1', '2025-04-03 16:02:14'),
(11, 1, 'Non défini', 10, '310610000', '17380000', '327990000', '1', 37, '3Wg5Noz6Kl', '2025-04-03 16:03:01', '1', '2025-04-03 16:03:01'),
(12, 1, 'Non défini', 11, '327990000', '48200000', '376190000', '1', 37, 'D93Xf7LdkB', '2025-04-03 16:04:16', '1', '2025-04-03 16:04:16'),
(13, 1, 'Non défini', 16, '376190000', '5000000', '381190000', '1', 37, 'glb26LnsSg', '2025-04-04 09:27:59', '1', '2025-04-08 09:27:59'),
(14, 1, 'Non défini', 13, '381190000', '7500000', '388690000', '1', 37, 'q4GnYNWWT7', '2025-04-04 09:30:34', '1', '2025-04-08 09:30:34'),
(15, 1, 'Non défini', 17, '388690000', '6050000', '394740000', '1', 37, 'QqRK9rb8Ix', '2025-04-04 09:31:59', '1', '2025-04-08 09:31:59'),
(16, 1, 'Non défini', 18, '394740000', '11200000', '405940000', '1', 37, 'sWAjYpFtEA', '2025-04-04 09:33:04', '1', '2025-04-08 09:33:04'),
(17, 1, 'Non défini', 20, '405940000', '37800000', '443740000', '1', 37, 'XSfKVs40xJ', '2025-06-25 11:42:20', '1', '2025-10-29 11:42:20'),
(18, 1, 'Non défini', 21, '443740000', '5700000', '449440000', '1', 37, 'J1WKXPcODK', '2025-06-25 11:43:32', '1', '2025-10-29 11:43:32'),
(19, 1, 'Non défini', 24, '449440000', '31000000', '480440000', '1', 37, 'Cgc62fMiC4', '2025-06-25 11:43:55', '1', '2025-10-29 11:43:55'),
(20, 1, 'Non défini', 19, '480440000', '7500000', '487940000', '1', 37, 'xmvb0HNpqD', '2025-06-25 11:45:07', '1', '2025-10-29 11:45:07'),
(21, 1, 'Non défini', 22, '487940000', '5000000', '492940000', '1', 37, 'kJBrPR1kmd', '2025-06-25 11:45:39', '1', '2025-10-29 11:45:39'),
(22, 1, 'Non défini', 27, '492940000', '23900000', '516840000', '1', 37, 'IdSa2SGP3t', '2025-06-25 11:46:13', '1', '2025-10-29 11:46:13');

-- --------------------------------------------------------

--
-- Structure de la table `debits`
--

CREATE TABLE `debits` (
  `id_deb` int(11) NOT NULL,
  `id_commande_salaire` int(11) NOT NULL DEFAULT 0,
  `id_commande_fournisseur` int(11) NOT NULL DEFAULT 0,
  `id_compte` int(11) NOT NULL,
  `montant_initial` varchar(255) NOT NULL,
  `montant_debite` varchar(255) NOT NULL,
  `solde` varchar(255) NOT NULL,
  `type` enum('0','1') NOT NULL DEFAULT '1',
  `id_motif` int(11) DEFAULT NULL,
  `user_id` int(11) NOT NULL,
  `id_dest` int(11) DEFAULT NULL,
  `date_deb` varchar(255) NOT NULL,
  `description_debit` text DEFAULT NULL,
  `justificatif` text DEFAULT NULL,
  `code_debit` varchar(255) NOT NULL,
  `statut_deb` enum('0','1') NOT NULL DEFAULT '1',
  `created_at` timestamp NOT NULL DEFAULT current_timestamp()
) ENGINE=InnoDB DEFAULT CHARSET=utf8mb3 COLLATE=utf8mb3_general_ci;

-- --------------------------------------------------------

--
-- Structure de la table `departements`
--

CREATE TABLE `departements` (
  `id_dptm` int(11) NOT NULL,
  `libelle_dptm` varchar(255) NOT NULL,
  `statut_dptm` enum('0','1') NOT NULL DEFAULT '1',
  `created_at` timestamp NOT NULL DEFAULT current_timestamp(),
  `user_id` int(11) NOT NULL,
  `ouvrier` enum('0','1') NOT NULL DEFAULT '0',
  `prix_ouvrier` float NOT NULL DEFAULT 0
) ENGINE=InnoDB DEFAULT CHARSET=utf8mb3 COLLATE=utf8mb3_general_ci;

--
-- Déchargement des données de la table `departements`
--

INSERT INTO `departements` (`id_dptm`, `libelle_dptm`, `statut_dptm`, `created_at`, `user_id`, `ouvrier`, `prix_ouvrier`) VALUES
(1, 'Cuisine/Pâtissier ', '1', '2022-06-02 16:53:38', 13, '0', 0),
(2, 'Restaurant/Bar', '1', '2022-06-02 16:54:06', 9, '0', 0),
(3, 'Administration', '1', '2022-06-02 16:55:13', 9, '0', 0),
(4, 'Logistique ', '1', '2022-06-02 16:56:14', 9, '0', 0),
(7, 'Hebergement', '1', '2022-09-28 22:35:18', 9, '0', 0),
(8, 'Ouvrier', '1', '2023-11-06 08:22:13', 13, '1', 80000);

-- --------------------------------------------------------

--
-- Structure de la table `devis`
--

CREATE TABLE `devis` (
  `id_devis` int(11) NOT NULL,
  `id_site` int(11) NOT NULL,
  `id_type_contrat` int(11) NOT NULL,
  `code_devis` varchar(255) NOT NULL,
  `bon_commande` varchar(255) DEFAULT NULL,
  `montant_devis` varchar(255) NOT NULL DEFAULT '0',
  `remise` varchar(255) NOT NULL DEFAULT '0',
  `montant_ht` varchar(255) NOT NULL DEFAULT '0',
  `TVA` varchar(255) NOT NULL DEFAULT '0',
  `TTC` varchar(255) NOT NULL DEFAULT '0',
  `date_devis` varchar(255) NOT NULL,
  `date_echeance` varchar(255) DEFAULT NULL,
  `date_livraison` varchar(255) DEFAULT NULL,
  `statut` enum('0','1','2') NOT NULL DEFAULT '1' COMMENT '1 actif, 0 non actif, 2 archiver',
  `created_at` timestamp NOT NULL DEFAULT current_timestamp(),
  `user_id` int(11) NOT NULL,
  `date_archive` varchar(255) DEFAULT NULL,
  `user_id_archive` int(11) DEFAULT NULL,
  `livraison` varchar(255) DEFAULT NULL,
  `receveur` varchar(255) DEFAULT NULL
) ENGINE=InnoDB DEFAULT CHARSET=utf8mb3 COLLATE=utf8mb3_general_ci;

--
-- Déchargement des données de la table `devis`
--

INSERT INTO `devis` (`id_devis`, `id_site`, `id_type_contrat`, `code_devis`, `bon_commande`, `montant_devis`, `remise`, `montant_ht`, `TVA`, `TTC`, `date_devis`, `date_echeance`, `date_livraison`, `statut`, `created_at`, `user_id`, `date_archive`, `user_id_archive`, `livraison`, `receveur`) VALUES
(1, 1, 9, 'DEVIS1-0001', '1000009141', '3850000', '0', '3850000', '0', '3850000', '2024-04-04', '2024-04-15', '10', '2', '2024-04-04 23:38:24', 9, '2024-05-10 12:54:07', 37, NULL, NULL),
(2, 1, 9, 'DEVIS1-0002', '1000009335', '143931000', '0', '143931000', '0', '143931000', '2024-04-08', '2024-04-18', '15', '2', '2024-04-08 19:58:17', 37, '2024-05-10 12:54:33', 37, NULL, NULL),
(3, 1, 9, 'DEVIS1-0003', '1000009399', '337700000', '0', '337700000', '0', '337700000', '2024-04-08', '2024-04-18', '20', '2', '2024-04-08 20:31:14', 37, '2024-05-10 12:54:55', 37, NULL, NULL),
(4, 1, 9, 'DEVIS1-0004', '1000009297', '2500000', '0', '2500000', '0', '2500000', '2024-04-12', '2024-04-22', '10', '2', '2024-04-12 11:47:47', 37, '2024-05-10 12:53:20', 37, NULL, NULL),
(5, 1, 9, 'DEVIS1-0005', '1000009300', '6750000', '0', '6750000', '0', '6750000', '2024-04-12', '2024-04-22', '10', '2', '2024-04-12 11:50:37', 37, '2024-05-10 12:53:04', 37, NULL, NULL),
(6, 2, 9, 'DEVIS2-0001', '3600020421', '70000000', '0', '70000000', '0', '70000000', '2024-04-28', '2024-05-08', '3', '1', '2024-04-28 19:31:57', 37, NULL, NULL, NULL, NULL),
(7, 1, 9, 'DEVIS1-0006', '1000009394', '7625000', '0', '7625000', '0', '7625000', '2024-04-29', '2024-05-09', '10', '1', '2024-04-29 16:12:06', 37, NULL, NULL, NULL, NULL),
(8, 1, 9, 'DEVIS1-0007', '1000010496', '340500000', '0', '340500000', '0', '340500000', '2024-05-10', '2024-05-20', '7', '1', '2024-05-10 12:51:24', 37, NULL, NULL, NULL, NULL),
(9, 2, 9, 'DEVIS2-0002', NULL, '64800000', '0', '64800000', '0', '64800000', '2024-05-10', '2024-05-20', '20', '1', '2024-05-10 14:33:32', 37, NULL, NULL, NULL, NULL),
(10, 1, 9, 'DEVIS1-0008', '10000010524', '15120000', '0', '15120000', '0', '15120000', '2024-05-10', '2024-05-20', '10', '1', '2024-05-10 14:51:03', 37, NULL, NULL, NULL, NULL),
(11, 1, 9, 'DEVIS1-0009', '1000009092', '5895000', '0', '5895000', '0', '5895000', '2024-05-14', '2024-05-24', '10', '1', '2024-05-14 13:23:39', 37, NULL, NULL, NULL, NULL),
(12, 1, 9, 'DEVIS1-0010', '1000010475', '2000000', '0', '2000000', '0', '2000000', '2024-05-14', '2024-05-24', '10', '1', '2024-05-14 13:43:29', 37, NULL, NULL, NULL, NULL),
(13, 1, 9, 'DEVIS1-0011', '1000011931', '171000000', '0', '171000000', '0', '171000000', '2024-06-06', '2024-06-16', '10', '1', '2024-06-06 21:24:01', 37, NULL, NULL, NULL, NULL),
(14, 1, 9, 'DEVIS1-0012', NULL, '30100000', '0', '30100000', '0', '30100000', '2024-06-07', '2024-06-17', '15', '1', '2024-06-07 11:51:36', 37, NULL, NULL, NULL, NULL),
(15, 2, 9, 'DEVIS2-0003', '3600020901', '9300000', '0', '9300000', '0', '9300000', '2024-06-24', '2024-07-06', '13', '1', '2024-06-24 05:24:51', 37, NULL, NULL, NULL, NULL),
(16, 2, 9, 'DEVIS2-0004', '3600020649', '7500000', '0', '7500000', '0', '7500000', '2024-06-28', '2024-07-08', '10', '1', '2024-06-28 10:42:41', 37, NULL, NULL, NULL, NULL),
(17, 1, 9, 'DEVIS1-0013', '1000012785', '28800000', '0', '28800000', '0', '28800000', '2024-06-28', '2024-07-08', '10', '1', '2024-06-28 12:38:43', 37, NULL, NULL, NULL, NULL),
(18, 1, 9, 'DEVIS1-0014', '1000012918', '33500000', '0', '33500000', '0', '33500000', '2024-07-02', '2024-07-12', '10', '1', '2024-07-02 18:40:01', 37, NULL, NULL, NULL, NULL),
(19, 1, 9, 'DEVIS1-0015', '1000012711', '28764000', '0', '28764000', '0', '28764000', '2024-07-02', '2024-07-12', '10', '1', '2024-07-02 18:55:02', 37, NULL, NULL, NULL, NULL),
(20, 1, 9, 'DEVIS1-0016', NULL, '0', '0', '0', '0', '0', '2024-07-02', '2024-07-12', NULL, '1', '2024-07-02 18:56:40', 37, NULL, NULL, NULL, NULL),
(21, 2, 9, 'DEVIS2-0005', NULL, '2180000', '0', '2180000', '0', '2180000', '2024-07-04', '2024-07-14', '3', '1', '2024-07-04 10:45:09', 37, NULL, NULL, NULL, NULL),
(22, 2, 9, 'DEVIS2-0006', NULL, '14470000', '0', '14470000', '0', '14470000', '2024-07-04', '2024-07-14', '3', '1', '2024-07-04 12:34:04', 13, NULL, NULL, NULL, NULL),
(23, 1, 9, 'DEVIS1-0017', '1000012753', '70300000', '0', '70300000', '0', '70300000', '2024-07-05', '2024-07-15', '10', '1', '2024-07-05 12:22:52', 37, NULL, NULL, NULL, NULL),
(24, 1, 9, 'DEVIS1-0018', NULL, '5250000', '0', '5250000', '0', '5250000', '2024-07-06', '2024-07-16', NULL, '1', '2024-07-06 14:39:27', 37, NULL, NULL, NULL, NULL),
(25, 2, 9, 'DEVIS2-0007', NULL, '4800000', '0', '4800000', '0', '4800000', '2024-07-08', '2024-07-18', '5', '1', '2024-07-08 18:05:16', 37, NULL, NULL, NULL, NULL),
(26, 2, 9, 'DEVIS2-0008', NULL, '6000000', '0', '6000000', '0', '6000000', '2024-07-08', '2024-07-18', '5', '1', '2024-07-08 18:46:57', 37, NULL, NULL, NULL, NULL),
(27, 1, 9, 'DEVIS1-0019', NULL, '30000000', '0', '30000000', '0', '30000000', '2024-07-09', '2024-07-19', '3', '1', '2024-07-09 10:35:28', 37, NULL, NULL, NULL, NULL),
(29, 1, 9, 'DEVIS1-0020', NULL, '0', '0', '0', '0', '0', '2024-07-09', '2024-07-19', NULL, '1', '2024-07-09 12:30:39', 37, NULL, NULL, NULL, NULL),
(30, 1, 9, 'DEVIS1-0021', NULL, '8550000', '0', '8550000', '0', '8550000', '2024-07-09', '2024-07-19', '3', '1', '2024-07-09 12:40:22', 37, NULL, NULL, NULL, NULL),
(31, 1, 9, 'DEVIS1-0022', '1000011272', '150500000', '0', '150500000', '0', '150500000', '2024-07-09', '2024-07-19', '4', '1', '2024-07-09 23:34:15', 37, NULL, NULL, NULL, NULL),
(32, 1, 9, 'DEVIS1-0023', '1000012560', '32640000', '0', '32640000', '0', '32640000', '2024-07-12', '2024-07-22', '5', '1', '2024-07-12 16:28:20', 37, NULL, NULL, NULL, NULL),
(33, 1, 9, 'DEVIS1-0024', NULL, '53100000', '0', '53100000', '0', '53100000', '2024-07-14', '2024-07-24', '15', '1', '2024-07-14 18:49:45', 37, NULL, NULL, NULL, NULL),
(34, 2, 9, 'DEVIS2-0009', NULL, '44400000', '0', '44400000', '0', '44400000', '2024-07-17', '2024-07-27', '20', '1', '2024-07-17 08:52:34', 37, NULL, NULL, NULL, NULL),
(35, 1, 9, 'DEVIS1-0025', NULL, '153600000', '0', '153600000', '0', '153600000', '2024-07-17', '2024-07-27', '15', '1', '2024-07-17 08:54:46', 37, NULL, NULL, NULL, NULL),
(36, 2, 9, 'DEVIS2-0010', '3600021331', '270000', '0', '270000', '0', '270000', '2024-08-01', '2024-08-11', '4', '1', '2024-08-01 10:53:13', 37, NULL, NULL, NULL, NULL),
(37, 2, 9, 'DEVIS2-0011', '3600021307', '135000', '0', '135000', '0', '135000', '2024-08-01', '2024-08-11', '4', '1', '2024-08-01 11:59:58', 37, NULL, NULL, NULL, NULL),
(38, 2, 9, 'DEVIS2-0012', '3600021352', '3600000', '0', '3600000', '0', '3600000', '2024-08-01', '2024-08-11', '4', '1', '2024-08-01 12:30:36', 37, NULL, NULL, NULL, NULL),
(39, 1, 9, 'DEVIS1-0026', NULL, '23350000', '0', '23350000', '0', '23350000', '2024-08-01', '2024-08-11', '6', '1', '2024-08-01 14:04:26', 37, NULL, NULL, NULL, NULL),
(40, 1, 9, 'DEVIS1-0027', '1000008988', '17380000', '0', '17380000', '0', '17380000', '2024-08-01', '2024-08-11', '7', '1', '2024-08-01 14:32:12', 37, NULL, NULL, NULL, NULL),
(41, 1, 9, 'DEVIS1-0028', '1000011217', '23000000', '0', '23000000', '0', '23000000', '2024-08-01', '2024-08-11', '6', '1', '2024-08-01 16:12:01', 37, NULL, NULL, NULL, NULL),
(42, 1, 9, 'DEVIS1-0029', NULL, '75650000', '0', '75650000', '0', '75650000', '2024-08-05', '2024-08-15', '6', '1', '2024-08-05 10:33:29', 37, NULL, NULL, NULL, NULL),
(43, 2, 9, 'DEVIS2-0013', '3600021436', '810000', '0', '810000', '0', '810000', '2024-08-07', '2024-08-17', '3', '1', '2024-08-07 12:32:32', 37, NULL, NULL, NULL, NULL),
(44, 1, 9, 'DEVIS1-0030', '1000011217', '3400000', '0', '3400000', '0', '3400000', '2024-08-07', '2024-08-17', '3', '1', '2024-08-07 12:37:37', 37, NULL, NULL, NULL, NULL),
(45, 1, 9, 'DEVIS1-0031', '1000011217', '17560000', '0', '17560000', '0', '17560000', '2024-08-08', '2024-08-18', '3', '1', '2024-08-08 21:04:06', 37, NULL, NULL, NULL, NULL),
(46, 2, 9, 'DEVIS2-0014', '3600021444', '103000000', '0', '103000000', '0', '103000000', '2024-08-09', '2024-08-19', '4', '1', '2024-08-09 12:22:45', 37, NULL, NULL, NULL, NULL),
(47, 2, 9, 'DEVIS2-0015', '3600021236', '44050000', '0', '44050000', '0', '44050000', '2024-08-12', '2024-08-22', '4', '1', '2024-08-12 09:36:42', 37, NULL, NULL, NULL, NULL),
(48, 2, 9, 'DEVIS2-0016', '3600021237', '134600000', '0', '134600000', '0', '134600000', '2024-08-12', '2024-08-22', '4', '1', '2024-08-12 09:52:03', 37, NULL, NULL, NULL, NULL),
(49, 1, 9, 'DEVIS1-0032', '1000012600', '10896000', '0', '10896000', '0', '10896000', '2024-08-12', '2024-08-22', '3', '1', '2024-08-12 09:58:27', 37, NULL, NULL, NULL, NULL),
(50, 2, 9, 'DEVIS2-0017', NULL, '149000000', '0', '149000000', '0', '149000000', '2024-08-12', '2024-08-22', '4', '1', '2024-08-12 15:34:25', 37, NULL, NULL, NULL, NULL),
(51, 2, 9, 'DEVIS2-0018', '3600021442', '3430500000', '0', '3430500000', '0', '3430500000', '2024-08-13', '2024-08-23', '7', '1', '2024-08-13 20:24:21', 37, NULL, NULL, NULL, NULL),
(52, 2, 9, 'DEVIS2-0019', '3600021443', '265500000', '0', '265500000', '0', '265500000', '2024-08-13', '2024-08-23', '4', '1', '2024-08-13 20:52:53', 37, NULL, NULL, NULL, NULL),
(53, 2, 9, 'DEVIS2-0020', '3600021461', '25200000', '0', '25200000', '0', '25200000', '2024-08-13', '2024-08-23', '4', '1', '2024-08-13 21:03:31', 37, NULL, NULL, NULL, NULL),
(54, 2, 9, 'DEVIS2-0021', '3600021444', '108500000', '0', '108500000', '0', '108500000', '2024-08-14', '2024-08-24', '5', '1', '2024-08-14 08:23:50', 37, NULL, NULL, NULL, NULL),
(55, 1, 9, 'DEVIS1-0033', '1000011222', '48200000', '0', '48200000', '0', '48200000', '2024-08-20', '2024-08-30', '5', '1', '2024-08-20 16:12:46', 37, NULL, NULL, NULL, NULL),
(56, 2, 9, 'DEVIS2-0022', '3600021464', '50400000', '0', '50400000', '0', '50400000', '2024-08-21', '2024-08-31', '5', '1', '2024-08-21 15:57:14', 37, NULL, NULL, NULL, NULL),
(57, 1, 9, 'DEVIS1-0034', '1000015852', '10960000', '0', '10960000', '0', '10960000', '2024-08-22', '2024-09-01', '4', '1', '2024-08-22 09:58:31', 37, NULL, NULL, NULL, NULL),
(58, 1, 9, 'DEVIS1-0035', '1000015570', '1379600000', '0', '1379600000', '0', '1379600000', '2024-08-22', '2024-09-01', '8', '1', '2024-08-22 10:54:05', 37, NULL, NULL, NULL, NULL),
(59, 2, 9, 'DEVIS2-0023', NULL, '120000000', '0', '120000000', '0', '120000000', '2024-08-23', '2024-09-02', '30', '1', '2024-08-23 11:11:49', 37, NULL, NULL, NULL, NULL),
(60, 2, 9, 'DEVIS2-0024', '3600021497', '61480000', '0', '61480000', '0', '61480000', '2024-08-23', '2024-09-02', '4', '1', '2024-08-23 12:46:55', 37, NULL, NULL, NULL, NULL),
(61, 2, 9, 'DEVIS2-0025', '3600021598', '141600000', '0', '141600000', '0', '141600000', '2024-08-29', '2024-09-08', '6', '1', '2024-08-29 20:40:05', 37, NULL, NULL, NULL, NULL),
(62, 1, 9, 'DEVIS1-0036', '1000016211', '3500000', '0', '3500000', '0', '3500000', '2024-08-29', '2024-09-08', '4', '1', '2024-08-29 21:21:46', 37, NULL, NULL, NULL, NULL),
(63, 1, 9, 'DEVIS1-0037', '1000016265', '1800000', '0', '1800000', '0', '1800000', '2024-08-29', '2024-09-08', '4', '1', '2024-08-29 21:28:15', 37, NULL, NULL, NULL, NULL),
(64, 2, 9, 'DEVIS2-0026', '3600021480', '30720000', '0', '30720000', '0', '30720000', '2024-08-31', '2024-09-10', '5', '1', '2024-08-31 12:55:59', 37, NULL, NULL, NULL, NULL),
(65, 1, 9, 'DEVIS1-0038', '1000015570', '1032700000', '0', '1032700000', '0', '1032700000', '2024-09-03', '2024-09-13', '7', '1', '2024-09-03 09:28:04', 37, NULL, NULL, NULL, NULL),
(66, 2, 9, 'DEVIS2-0027', '3600021664', '9600000', '0', '9600000', '0', '9600000', '2024-09-04', '2024-09-14', '5', '1', '2024-09-04 12:15:21', 37, NULL, NULL, NULL, NULL),
(67, 1, 9, 'DEVIS1-0039', '1000016504', '6300000', '0', '6300000', '0', '6300000', '2024-09-04', '2024-09-14', '4', '1', '2024-09-04 14:22:54', 37, NULL, NULL, NULL, NULL),
(68, 1, 9, 'DEVIS1-0040', '1000016814', '460800000', '0', '460800000', '0', '460800000', '2024-09-11', '2024-09-21', '7', '1', '2024-09-11 10:44:08', 37, NULL, NULL, NULL, NULL),
(69, 1, 9, 'DEVIS1-0041', NULL, '20000000', '0', '20000000', '0', '20000000', '2024-09-14', '2024-09-24', '10', '1', '2024-09-14 16:09:01', 37, NULL, NULL, NULL, NULL),
(70, 1, 9, 'DEVIS1-0042', NULL, '63200000', '0', '63200000', '0', '63200000', '2024-09-14', '2024-09-24', '15', '1', '2024-09-14 17:56:32', 37, NULL, NULL, NULL, NULL),
(71, 2, 9, 'DEVIS2-0028', '3600021710', '10080000', '0', '10080000', '0', '10080000', '2024-09-17', '2024-09-27', '8', '1', '2024-09-17 10:33:52', 37, NULL, NULL, NULL, NULL),
(72, 1, 9, 'DEVIS1-0043', NULL, '0', '0', '0', '0', '0', '2024-09-24', '2024-10-04', NULL, '1', '2024-09-24 07:48:09', 37, NULL, NULL, NULL, NULL),
(73, 2, 9, 'DEVIS2-0029', '3600021746', '73500000', '0', '73500000', '0', '73500000', '2024-09-26', '2024-10-06', '9', '1', '2024-09-26 09:10:47', 37, NULL, NULL, NULL, NULL),
(74, 2, 9, 'DEVIS2-0030', '3600020008', '149820000', '0', '149820000', '0', '149820000', '2024-10-03', '2024-10-13', '14', '1', '2024-10-03 09:55:05', 37, NULL, NULL, NULL, NULL),
(75, 2, 9, 'DEVIS2-0031', '3600021874', '12500000', '0', '12500000', '0', '12500000', '2024-10-08', '2024-10-18', '6', '1', '2024-10-08 16:35:45', 37, NULL, NULL, NULL, NULL),
(76, 2, 9, 'DEVIS2-0032', '3600021875', '6050000', '0', '6050000', '0', '6050000', '2024-10-08', '2024-10-18', '5', '1', '2024-10-08 17:32:59', 37, NULL, NULL, NULL, NULL),
(77, 2, 9, 'DEVIS2-0033', '3600021876', '5000000', '0', '5000000', '0', '5000000', '2024-10-08', '2024-10-18', '5', '1', '2024-10-08 17:35:36', 37, NULL, NULL, NULL, NULL),
(78, 1, 9, 'DEVIS1-0044', '1000018347', '37800000', '0', '37800000', '0', '37800000', '2024-10-08', '2024-10-18', '10', '1', '2024-10-08 17:47:25', 37, NULL, NULL, NULL, NULL),
(79, 2, 9, 'DEVIS2-0034', '3600021897', '18552000', '0', '18552000', '0', '18552000', '2024-10-10', '2024-10-20', '10', '1', '2024-10-10 13:32:55', 37, NULL, NULL, NULL, NULL),
(80, 1, 9, 'DEVIS1-0045', '1000018763', '20000000', '0', '20000000', '0', '20000000', '2024-10-15', '2024-10-25', '9', '1', '2024-10-15 14:58:33', 37, NULL, NULL, NULL, NULL),
(81, 1, 9, 'DEVIS1-0046', '1000018565', '4200000', '0', '4200000', '0', '4200000', '2024-10-15', '2024-10-25', '6', '1', '2024-10-15 15:09:48', 37, NULL, NULL, NULL, NULL),
(82, 2, 9, 'DEVIS2-0035', '3600021894', '2700000', '0', '2700000', '0', '2700000', '2024-10-17', '2024-10-27', '3', '1', '2024-10-17 13:10:58', 37, NULL, NULL, NULL, NULL),
(83, 1, 9, 'DEVIS1-0047', '1000019128', '150000000', '0', '150000000', '0', '150000000', '2024-10-22', '2024-11-01', '10', '1', '2024-10-22 15:41:08', 37, NULL, NULL, NULL, NULL),
(84, 1, 9, 'DEVIS1-0048', '1000019128', '170000000', '0', '170000000', '0', '170000000', '2024-10-22', '2024-11-01', '7', '1', '2024-10-22 20:27:19', 37, NULL, NULL, NULL, NULL),
(85, 1, 9, 'DEVIS1-0049', '1000019128', '31000000', '0', '31000000', '0', '31000000', '2024-10-29', '2024-11-08', '5', '1', '2024-10-29 09:50:34', 37, NULL, NULL, NULL, NULL),
(86, 1, 9, 'DEVIS1-0050', NULL, '534000000', '0', '534000000', '0', '534000000', '2024-10-29', '2024-11-08', '6', '1', '2024-10-29 13:48:08', 37, NULL, NULL, NULL, NULL),
(87, 2, 9, 'DEVIS2-0036', '3600022056', '11200000', '0', '11200000', '0', '11200000', '2024-10-30', '2024-11-09', '4', '1', '2024-10-30 12:22:28', 37, NULL, NULL, NULL, NULL),
(88, 2, 9, 'DEVIS2-0037', '3600022042', '11200000', '0', '11200000', '0', '11200000', '2024-10-30', '2024-11-09', '5', '1', '2024-10-30 13:12:36', 37, NULL, NULL, NULL, NULL),
(89, 1, 9, 'DEVIS1-0051', '1000019773', '2600000', '0', '2600000', '0', '2600000', '2024-10-30', '2024-11-09', '7', '1', '2024-10-30 15:12:10', 37, NULL, NULL, NULL, NULL),
(90, 2, 9, 'DEVIS2-0038', '3600022106', '15675000', '0', '15675000', '0', '15675000', '2024-11-12', '2024-11-22', '5', '1', '2024-11-12 15:33:45', 37, NULL, NULL, NULL, NULL),
(91, 1, 9, 'DEVIS1-0052', '1000019531', '114542000', '0', '114542000', '0', '114542000', '2024-11-22', '2024-12-02', '10', '1', '2024-11-22 11:51:28', 37, NULL, NULL, NULL, NULL),
(92, 2, 9, 'DEVIS2-0039', NULL, '7500000', '0', '7500000', '0', '7500000', '2024-11-22', '2024-12-02', '10', '1', '2024-11-22 16:28:51', 37, NULL, NULL, NULL, NULL),
(93, 1, 9, 'DEVIS1-0053', NULL, '200000000', '4', '192000000', '0', '192000000', '2024-11-29', '2024-12-09', '6', '1', '2024-11-29 09:03:19', 37, NULL, NULL, NULL, NULL),
(94, 1, 9, 'DEVIS1-0054', NULL, '354260000', '4', '340089600', '0', '340089600', '2024-12-02', '2024-12-12', '8', '1', '2024-12-02 11:47:14', 37, NULL, NULL, NULL, NULL),
(95, 1, 9, 'DEVIS1-0055', NULL, '5700000', '0', '5700000', '0', '5700000', '2024-12-05', '2024-12-15', '10', '1', '2024-12-05 08:29:41', 37, NULL, NULL, NULL, NULL),
(96, 1, 9, 'DEVIS1-0056', '1000022194', '63250000', '0', '63250000', '0', '63250000', '2024-12-05', '2024-12-15', '6', '1', '2024-12-05 13:52:35', 37, NULL, NULL, NULL, NULL),
(97, 1, 9, 'DEVIS1-0057', '1000022136', '75900000', '0', '75900000', '0', '75900000', '2024-12-05', '2024-12-15', '6', '1', '2024-12-05 13:59:59', 37, NULL, NULL, NULL, NULL),
(98, 2, 9, 'DEVIS2-0040', '3600022303', '5000000', '0', '5000000', '0', '5000000', '2024-12-12', '2024-12-22', '6', '1', '2024-12-12 00:10:25', 37, NULL, NULL, NULL, NULL),
(99, 1, 9, 'DEVIS1-0058', '1000023043', '342920000', '0', '342920000', '0', '342920000', '2024-12-24', '2025-01-03', '15', '1', '2024-12-24 12:49:58', 37, NULL, NULL, NULL, NULL),
(100, 1, 9, 'DEVIS1-0059', '1000023301', '95600000', '0', '95600000', '0', '95600000', '2024-12-26', '2025-01-05', '15', '1', '2024-12-26 08:29:45', 37, NULL, NULL, NULL, NULL),
(101, 1, 9, 'DEVIS1-0060', '1000023301', '91375000', '0', '91375000', '0', '91375000', '2024-12-26', '2025-01-05', '9', '1', '2024-12-26 10:15:36', 37, NULL, NULL, NULL, NULL),
(102, 1, 9, 'DEVIS1-0061', '1000023632', '265782000', '0', '265782000', '0', '265782000', '2024-12-26', '2025-01-05', '10', '1', '2024-12-26 13:14:53', 37, NULL, NULL, NULL, NULL),
(103, 1, 9, 'DEVIS1-0062', '1000023977', '865000000', '0', '865000000', '0', '865000000', '2025-01-08', '2025-01-18', '11', '1', '2025-01-08 11:34:42', 37, NULL, NULL, NULL, NULL),
(104, 1, 9, 'DEVIS1-0063', '1000023976', '450000000', '0', '450000000', '0', '450000000', '2025-01-08', '2025-01-18', '9', '1', '2025-01-08 11:39:46', 37, NULL, NULL, NULL, NULL),
(105, 1, 9, 'DEVIS1-0064', '1000021865', '12000000', '0', '12000000', '0', '12000000', '2025-01-08', '2025-01-18', '10', '1', '2025-01-08 12:30:36', 37, NULL, NULL, NULL, NULL),
(106, 2, 9, 'DEVIS2-0041', '3600022472', '32000000', '0', '32000000', '0', '32000000', '2025-01-09', '2025-01-19', '8', '1', '2025-01-09 12:44:46', 37, NULL, NULL, NULL, NULL),
(107, 1, 9, 'DEVIS1-0065', '1000024119', '321920000', '0', '321920000', '0', '321920000', '2025-01-20', '2025-02-23', '35', '1', '2025-01-20 13:00:56', 37, NULL, NULL, NULL, NULL),
(108, 1, 9, 'DEVIS1-0066', '1000024969', '71600000', '0', '71600000', '0', '71600000', '2025-01-22', '2025-02-01', '9', '1', '2025-01-22 09:39:57', 37, NULL, NULL, NULL, NULL),
(109, 2, 9, 'DEVIS2-0042', '3600022534', '52200000', '0', '52200000', '0', '52200000', '2025-01-22', '2025-02-01', '15', '1', '2025-01-22 09:42:43', 37, NULL, NULL, NULL, NULL),
(110, 1, 9, 'DEVIS1-0067', '3600022475', '42085000', '0', '42085000', '0', '42085000', '2025-01-28', '2025-02-07', '15', '1', '2025-01-28 16:20:10', 37, NULL, NULL, NULL, NULL),
(111, 1, 9, 'DEVIS1-0068', '3600022549', '8000000', '0', '8000000', '0', '8000000', '2025-01-29', '2025-02-08', '15', '1', '2025-01-29 12:10:27', 37, NULL, NULL, NULL, NULL),
(112, 1, 9, 'DEVIS1-0069', NULL, '2062500000', '0', '2062500000', '0', '2062500000', '2025-03-01', '2025-03-11', '20', '1', '2025-03-01 15:14:31', 37, NULL, NULL, NULL, NULL),
(113, 2, 9, 'DEVIS2-0043', NULL, '4700000', '0', '4700000', '0', '4700000', '2025-03-07', '2025-03-17', '3', '1', '2025-03-07 16:19:35', 37, NULL, NULL, NULL, NULL),
(114, 1, 9, 'DEVIS1-0070', NULL, '60400000', '0', '60400000', '0', '60400000', '2025-04-04', '2025-04-14', '10', '1', '2025-04-04 02:03:58', 37, NULL, NULL, NULL, NULL),
(115, 1, 9, 'DEVIS1-0071', NULL, '87400000', '0', '87400000', '0', '87400000', '2025-04-04', '2025-04-14', '12', '1', '2025-04-04 02:16:44', 37, NULL, NULL, NULL, NULL),
(116, 2, 9, 'DEVIS2-0044', NULL, '19200000', '0', '19200000', '0', '19200000', '2025-04-04', '2025-04-14', '15', '1', '2025-04-04 19:45:56', 37, NULL, NULL, NULL, NULL),
(117, 2, 9, 'DEVIS2-0045', NULL, '162000000', '0', '162000000', '0', '162000000', '2025-04-13', '2025-04-23', '10', '1', '2025-04-13 23:25:21', 37, NULL, NULL, NULL, NULL),
(118, 1, 9, 'DEVIS1-0072', NULL, '1802000000', '5', '1711900000', '0', '1711900000', '2025-04-24', '2025-05-04', '15', '1', '2025-04-24 08:50:25', 37, NULL, NULL, NULL, NULL),
(119, 2, 9, 'DEVIS2-0046', NULL, '3650000', '0', '3650000', '0', '3650000', '2025-04-24', '2025-05-04', '6', '1', '2025-04-24 13:43:26', 37, NULL, NULL, NULL, NULL),
(120, 2, 9, 'DEVIS2-0047', NULL, '80000000', '0', '80000000', '0', '80000000', '2025-05-06', '2025-05-16', '13', '1', '2025-05-06 12:50:50', 37, NULL, NULL, NULL, NULL),
(121, 1, 9, 'DEVIS1-0073', NULL, '37500000', '0', '37500000', '0', '37500000', '2025-05-15', '2025-05-25', '12', '1', '2025-05-15 10:53:59', 37, NULL, NULL, NULL, NULL),
(122, 1, 9, 'DEVIS1-0074', NULL, '554850000', '0', '554850000', '0', '554850000', '2025-05-15', '2025-05-25', '15', '1', '2025-05-15 18:06:20', 37, NULL, NULL, NULL, NULL),
(123, 1, 9, 'DEVIS1-0075', 'PR00024979', '42000000', '0', '42000000', '0', '42000000', '2025-06-04', '2025-06-14', '9', '1', '2025-06-04 10:00:29', 37, NULL, NULL, NULL, NULL),
(124, 1, 9, 'DEVIS1-0076', 'PR00027376', '143100000', '0', '143100000', '0', '143100000', '2025-06-04', '2025-06-14', '12', '1', '2025-06-04 16:39:44', 37, NULL, NULL, NULL, NULL),
(125, 2, 9, 'DEVIS2-0048', 'PR00027632', '22470000', '0', '22470000', '0', '22470000', '2025-06-05', '2025-06-15', '12', '1', '2025-06-05 15:49:14', 37, NULL, NULL, NULL, NULL),
(126, 1, 9, 'DEVIS1-0077', 'PR00027605', '22400000', '0', '22400000', '0', '22400000', '2025-06-11', '2025-06-21', '15', '1', '2025-06-11 16:39:33', 37, NULL, NULL, NULL, NULL),
(127, 1, 9, 'DEVIS1-0078', NULL, '0', '0', '0', '0', '0', '2025-06-12', '2025-06-22', NULL, '1', '2025-06-12 17:29:41', 37, NULL, NULL, NULL, NULL),
(128, 1, 9, 'DEVIS1-0079', 'PR00026643', '34488000', '0', '34488000', '0', '34488000', '2025-06-13', '2025-06-23', '12', '1', '2025-06-13 07:53:51', 37, NULL, NULL, NULL, NULL),
(129, 2, 9, 'DEVIS2-0049', 'PR00029636', '4600000', '0', '4600000', '0', '4600000', '2025-06-14', '2025-06-24', '10', '1', '2025-06-14 13:41:03', 37, NULL, NULL, NULL, NULL),
(130, 2, 9, 'DEVIS2-0050', 'PR00062385', '18000000', '15', '15300000', '0', '15300000', '2025-10-28', '2025-11-07', '10', '1', '2025-10-28 13:07:57', 37, NULL, NULL, NULL, NULL),
(131, 2, 9, 'DEVIS2-0051', NULL, '18000000', '0', '18000000', '0', '18000000', '2025-11-03', '2025-11-13', '15', '1', '2025-11-03 14:27:48', 37, NULL, NULL, NULL, NULL),
(132, 1, 9, 'DEVIS1-0080', NULL, '6600000', '0', '6600000', '0', '6600000', '2025-11-05', '2025-11-15', '5', '1', '2025-11-05 10:18:11', 37, NULL, NULL, NULL, NULL),
(133, 2, 9, 'DEVIS2-0052', NULL, '8200000', '0', '8200000', '0', '8200000', '2025-11-12', '2025-11-22', '10', '1', '2025-11-12 11:28:05', 37, NULL, NULL, NULL, NULL);

-- --------------------------------------------------------

--
-- Structure de la table `emailling`
--

CREATE TABLE `emailling` (
  `id_mail` int(11) NOT NULL,
  `id_client` int(11) NOT NULL,
  `sujet` varchar(255) NOT NULL,
  `message` text NOT NULL,
  `created_at` timestamp NOT NULL DEFAULT current_timestamp(),
  `user_id` int(11) NOT NULL
) ENGINE=InnoDB DEFAULT CHARSET=utf8mb3 COLLATE=utf8mb3_general_ci;

-- --------------------------------------------------------

--
-- Structure de la table `envoi_sms`
--

CREATE TABLE `envoi_sms` (
  `id_env` int(11) NOT NULL,
  `tel` varchar(255) NOT NULL,
  `message` longtext NOT NULL,
  `description` text DEFAULT NULL,
  `date_env` varchar(255) NOT NULL,
  `user_id` int(11) NOT NULL,
  `nombre_sms` int(11) NOT NULL,
  `statut` enum('0','1') NOT NULL DEFAULT '1' COMMENT '0 non envoye',
  `errorMessage` longtext DEFAULT NULL
) ENGINE=InnoDB DEFAULT CHARSET=utf8mb3 COLLATE=utf8mb3_general_ci;

-- --------------------------------------------------------

--
-- Structure de la table `factures`
--

CREATE TABLE `factures` (
  `id_facture` int(11) NOT NULL,
  `id_site` int(11) NOT NULL,
  `id_contrat` int(11) NOT NULL,
  `code_facture` varchar(255) NOT NULL,
  `bon_commande` varchar(255) DEFAULT NULL,
  `montant_facture` varchar(255) NOT NULL,
  `remise` varchar(255) NOT NULL DEFAULT '0',
  `montant_ht` varchar(255) NOT NULL,
  `TVA` varchar(255) NOT NULL DEFAULT '0',
  `TTC` varchar(255) NOT NULL DEFAULT '0',
  `paye` varchar(255) NOT NULL DEFAULT '0',
  `restant` varchar(255) NOT NULL,
  `date_facture` varchar(255) NOT NULL,
  `date_facture_label` varchar(255) DEFAULT NULL,
  `date_echeance` varchar(255) DEFAULT NULL,
  `date_fin_facture` varchar(255) DEFAULT NULL,
  `date_fin_facture_label` varchar(255) DEFAULT NULL,
  `livraison` varchar(255) DEFAULT NULL,
  `receveur` varchar(255) DEFAULT NULL,
  `statut` enum('0','1','2') NOT NULL DEFAULT '1',
  `created_at` timestamp NOT NULL DEFAULT current_timestamp(),
  `user_id` int(11) NOT NULL,
  `id_tab` int(11) NOT NULL DEFAULT 0,
  `date_signature` date DEFAULT NULL
) ENGINE=InnoDB DEFAULT CHARSET=utf8mb3 COLLATE=utf8mb3_general_ci;

--
-- Déchargement des données de la table `factures`
--

INSERT INTO `factures` (`id_facture`, `id_site`, `id_contrat`, `code_facture`, `bon_commande`, `montant_facture`, `remise`, `montant_ht`, `TVA`, `TTC`, `paye`, `restant`, `date_facture`, `date_facture_label`, `date_echeance`, `date_fin_facture`, `date_fin_facture_label`, `livraison`, `receveur`, `statut`, `created_at`, `user_id`, `id_tab`, `date_signature`) VALUES
(1, 1, 1, 'FA1-0001', '3000425551', '2500000', '0', '2500000', '0', '2500000', '2500000', '0', '26/04/2024', NULL, '2024-06-10', '2034-04-04', NULL, NULL, NULL, '2', '2024-04-26 11:29:52', 37, 0, NULL),
(2, 1, 2, 'FA1-0002', '3000425552', '6750000', '0', '6750000', '0', '6750000', '6750000', '0', '26/04/2024', NULL, '2024-06-10', '2034-04-04', NULL, NULL, NULL, '2', '2024-04-26 11:37:35', 37, 0, NULL),
(3, 2, 3, 'FA2-0001', '5800249735', '25000000', '0', '25000000', '0', '25000000', '25000000', '0', '16/02/2024', NULL, '2024-04-01', '2035-12-31', NULL, NULL, NULL, '2', '2024-06-03 21:28:15', 37, 0, NULL),
(4, 2, 4, 'FA2-0002', '3000430712', '70000000', '0', '70000000', '0', '70000000', '70000000', '0', '04/06/2024', NULL, '2024-07-20', '2035-12-31', NULL, NULL, NULL, '2', '2024-06-04 18:40:32', 37, 0, NULL),
(5, 1, 5, 'FA1-0003', '3000431867', '3850000', '0', '3850000', '0', '3850000', '3850000', '0', '03/06/2024', NULL, '2024-07-18', '2034-04-04', NULL, NULL, NULL, '2', '2024-07-04 13:35:45', 37, 0, NULL),
(6, 2, 6, 'FA2-0003', '3000437733', '9300000', '0', '9300000', '0', '9300000', '9300000', '0', '08/07/2024', NULL, '2024-08-22', '2035-12-31', NULL, NULL, NULL, '2', '2024-07-08 12:53:26', 37, 0, NULL),
(7, 1, 7, 'FA1-0004', '3000439082', '32400000', '0', '32400000', '0', '32400000', '32400000', '0', '17/07/2024', NULL, '2024-08-31', '2034-04-04', NULL, NULL, NULL, '2', '2024-07-17 23:00:38', 37, 0, NULL),
(8, 2, 8, 'FA2-0004', '3000443736', '810000', '0', '810000', '0', '810000', '810000', '0', '21/08/2024', NULL, '2024-10-04', '2035-12-31', NULL, NULL, NULL, '2', '2024-08-21 17:29:07', 37, 0, NULL),
(9, 1, 9, 'FA1-0005', '3000440974', '153600000', '0', '153600000', '0', '153600000', '153600000', '0', '21/08/2024', NULL, '2024-10-04', '2034-04-04', NULL, NULL, NULL, '2', '2024-08-21 17:48:35', 37, 0, NULL),
(10, 1, 10, 'FA1-0006', '1000008988', '17380000', '0', '17380000', '0', '17380000', '17380000', '0', '31/08/2024', NULL, '2024-11-13', '2034-04-04', NULL, NULL, NULL, '2', '2024-08-31 10:52:52', 37, 0, NULL),
(11, 1, 11, 'FA1-0007', '3000446752', '48200000', '0', '48200000', '0', '48200000', '48200000', '0', '16/09/2024', NULL, '2024-11-01', '2034-04-04', NULL, NULL, NULL, '2', '2024-09-16 13:12:31', 37, 0, NULL),
(13, 2, 13, 'FA2-0005', '3000442653', '7500000', '0', '7500000', '0', '7500000', '7500000', '0', '23/09/2024', NULL, '2024-11-07', '2035-12-31', NULL, NULL, NULL, '2', '2024-09-23 16:29:10', 37, 0, NULL),
(14, 1, 12, 'FA1-0008', NULL, '0', '0', '0', '0', '0', '0', '0', '23/09/2024', NULL, '2024-10-03', '2034-04-04', NULL, NULL, NULL, '1', '2024-09-24 07:04:59', 37, 0, NULL),
(15, 2, 14, 'FA2-0006', NULL, '6000000', '0', '6000000', '0', '6000000', '6000000', '0', '21/10/2024', NULL, '2024-10-31', '2035-12-31', NULL, NULL, NULL, '2', '2024-10-21 10:58:05', 37, 0, NULL),
(16, 2, 15, 'FA2-0007', '3000454985', '5000000', '0', '5000000', '0', '5000000', '5000000', '0', '22/10/2024', NULL, '2024-12-05', '2035-12-31', NULL, NULL, NULL, '2', '2024-10-22 13:41:14', 37, 0, NULL),
(17, 2, 16, 'FA2-0008', '3000454986', '6050000', '0', '6050000', '0', '6050000', '6050000', '0', '27/10/2024', NULL, '2024-12-11', '2035-12-31', NULL, NULL, NULL, '2', '2024-10-27 11:20:38', 37, 0, NULL),
(18, 2, 17, 'FA2-0009', '3000457935', '11200000', '0', '11200000', '0', '11200000', '11200000', '0', '12/11/2024', NULL, '2024-12-22', '2035-12-31', NULL, NULL, NULL, '2', '2024-11-12 13:05:42', 37, 0, NULL),
(19, 2, 18, 'FA2-0010', '3000461940', '7500000', '0', '7500000', '0', '7500000', '7500000', '0', '03/01/2025', NULL, '2025-02-13', '2035-12-31', NULL, NULL, NULL, '2', '2025-01-03 10:06:18', 37, 0, NULL),
(20, 1, 19, 'FA1-0009', '3000455003', '37800000', '0', '37800000', '0', '37800000', '37800000', '0', '07/01/2025', NULL, '2025-02-17', '2034-04-04', NULL, NULL, NULL, '2', '2025-01-07 09:00:46', 37, 0, NULL),
(21, 1, 20, 'FA1-0010', '3000463665', '5700000', '0', '5700000', '0', '5700000', '5700000', '0', '11/01/2025', NULL, '2025-02-21', '2034-04-04', NULL, NULL, NULL, '2', '2025-01-11 10:40:41', 37, 0, NULL),
(22, 2, 21, 'FA2-0011', '3000465405', '5000000', '0', '5000000', '0', '5000000', '5000000', '0', '11/01/2025', NULL, '2025-02-21', '2035-12-31', NULL, NULL, NULL, '2', '2025-01-11 10:49:30', 37, 0, NULL),
(23, 2, 22, 'FA2-0012', '3000465405', '0', '0', '0', '0', '0', '0', '0', '14/01/2025', NULL, '2025-02-24', '2035-12-31', NULL, NULL, NULL, '1', '2025-01-14 18:01:10', 37, 0, NULL),
(24, 1, 23, 'FA1-0011', '3000457929', '31000000', '0', '31000000', '0', '31000000', '31000000', '0', '26/02/2025', NULL, '2025-04-08', '2034-04-04', NULL, NULL, NULL, '2', '2025-02-26 09:17:36', 37, 0, NULL),
(25, 2, 24, 'FA2-0013', '3000469980', '52200000', '0', '52200000', '0', '52200000', '0', '52200000', '05/03/2025', NULL, '2025-04-17', '2035-12-31', NULL, NULL, NULL, '1', '2025-03-05 10:15:54', 37, 0, NULL),
(27, 2, 26, 'FA2-0015', '3000470774', '23900000', '0', '23900000', '0', '23900000', '23900000', '0', '18/03/2025', NULL, '2025-04-25', '2035-12-31', NULL, NULL, NULL, '2', '2025-03-18 22:17:08', 37, 0, NULL),
(28, 2, 27, 'FA2-0016', '3000482675', '162000000', '0', '162000000', '0', '162000000', '0', '162000000', '30/04/2025', NULL, '2025-06-05', '2035-12-31', NULL, NULL, NULL, '1', '2025-05-02 14:04:53', 37, 0, NULL),
(29, 2, 28, 'FA2-0017', '3000470774', '18185000', '0', '18185000', '0', '18185000', '0', '18185000', '13/05/2025', NULL, '2025-06-23', '2035-12-31', NULL, NULL, NULL, '1', '2025-05-13 13:24:04', 37, 0, NULL),
(30, 2, 25, 'FA2-0018', NULL, '0', '0', '0', '0', '0', '0', '0', '06/03/2025', NULL, '2025-03-16', '2035-12-31', NULL, NULL, NULL, '1', '2025-11-03 14:27:41', 37, 0, NULL),
(31, 2, 29, 'FA2-0019', '3000512054', '18000000', '0', '18000000', '0', '18000000', '0', '18000000', '24/11/2025', NULL, '2026-01-05', '2035-12-31', NULL, NULL, NULL, '1', '2025-11-24 11:52:02', 37, 0, NULL),
(32, 2, 30, 'FA2-0020', '3000511130', '15300000', '0', '15300000', '0', '15300000', '0', '15300000', '24/11/2025', NULL, '2025-12-04', '2035-12-31', NULL, NULL, NULL, '1', '2025-11-24 11:55:29', 37, 0, NULL);

-- --------------------------------------------------------

--
-- Structure de la table `fichiers_contrat`
--

CREATE TABLE `fichiers_contrat` (
  `id_f` int(11) NOT NULL,
  `id_contrat` int(11) NOT NULL,
  `libelle_fichier` varchar(255) NOT NULL,
  `chemin_fichier` mediumtext NOT NULL,
  `description_fichier` text DEFAULT NULL,
  `ancien_nom` text DEFAULT NULL,
  `type_fichier` varchar(255) NOT NULL,
  `taille_fichier` double NOT NULL,
  `id_type_doc` int(11) NOT NULL,
  `created_at` timestamp NOT NULL DEFAULT current_timestamp(),
  `statut` enum('0','1','2') NOT NULL DEFAULT '1',
  `user_id` int(11) NOT NULL
) ENGINE=InnoDB DEFAULT CHARSET=utf8mb3 COLLATE=utf8mb3_general_ci;

-- --------------------------------------------------------

--
-- Structure de la table `fichiers_tache`
--

CREATE TABLE `fichiers_tache` (
  `id_f` int(11) NOT NULL,
  `id_tache` int(11) NOT NULL,
  `libelle_fichier` varchar(255) NOT NULL,
  `chemin_fichier` mediumtext NOT NULL,
  `description_fichier` text DEFAULT NULL,
  `ancien_nom` text DEFAULT NULL,
  `type_fichier` varchar(255) NOT NULL,
  `taille_fichier` double NOT NULL,
  `id_type_doc` int(11) NOT NULL,
  `created_at` timestamp NOT NULL DEFAULT current_timestamp(),
  `statut` enum('0','1','2') NOT NULL DEFAULT '1',
  `user_id` int(11) NOT NULL
) ENGINE=InnoDB DEFAULT CHARSET=utf8mb3 COLLATE=utf8mb3_general_ci;

-- --------------------------------------------------------

--
-- Structure de la table `fournisseurs`
--

CREATE TABLE `fournisseurs` (
  `id` int(11) NOT NULL,
  `code_fournisseur` varchar(255) NOT NULL,
  `libelle` varchar(255) NOT NULL,
  `adresse` varchar(255) NOT NULL,
  `code_postale` varchar(255) DEFAULT NULL,
  `ville` varchar(255) NOT NULL,
  `pays` varchar(255) NOT NULL,
  `telephone1` varchar(255) NOT NULL,
  `telephone2` varchar(255) DEFAULT NULL,
  `email` varchar(255) DEFAULT NULL,
  `site_web` varchar(255) DEFAULT NULL,
  `personne_a_contacter_et_fonction` varchar(255) NOT NULL,
  `filiales_partenaires_et_ou_representant` text NOT NULL,
  `type_de_societe` varchar(255) NOT NULL,
  `natures` varchar(255) NOT NULL,
  `annee_de_creation` varchar(255) NOT NULL,
  `pieces_du_contrat` text DEFAULT NULL,
  `statut` enum('0','1','2') NOT NULL DEFAULT '0',
  `user_id` int(11) NOT NULL DEFAULT 0,
  `created_at` timestamp NOT NULL DEFAULT current_timestamp()
) ENGINE=InnoDB DEFAULT CHARSET=utf8mb3 COLLATE=utf8mb3_general_ci;

--
-- Déchargement des données de la table `fournisseurs`
--

INSERT INTO `fournisseurs` (`id`, `code_fournisseur`, `libelle`, `adresse`, `code_postale`, `ville`, `pays`, `telephone1`, `telephone2`, `email`, `site_web`, `personne_a_contacter_et_fonction`, `filiales_partenaires_et_ou_representant`, `type_de_societe`, `natures`, `annee_de_creation`, `pieces_du_contrat`, `statut`, `user_id`, `created_at`) VALUES
(1, 'FNS_0000', 'ETS SAFAHIOU DIALLO', 'Conakry/ Madina', '', 'Conakry', 'Guinée', '621570759', '628160474', '', '', 'Mamadou Safahiou Diallo et PDG', 'Commerce General', 'Autres', 'commercant', '2012', 'assets/img/Client/PIECE_91654191440.png', '1', 9, '2022-06-02 17:37:20'),
(2, 'FNS_0001', 'Achat directe Delices', 'Kankan/Siguiri/Bamako/Loila/ Conakry', '5208', 'SIGUIRI', 'Guinée', '624524744', '623867330', '', '', 'Madame Koivogui', 'Partenaire', 'SARL', 'commercant', '2015', 'assets/img/Client/PIECE_91654191895.jpeg', '1', 9, '2022-06-02 17:44:55'),
(3, 'FNS_0002', 'Aly Jamal & Frère ', 'Siguiri/Bolibana', '5208', 'SIGUIRI', 'Guinée', '622303003', '620444447', '', '', 'Aly PDG', 'Représentant', 'SARL', 'representant', '2000', 'assets/img/Client/PIECE_91654192863.jpeg', '1', 9, '2022-06-02 18:01:03'),
(4, 'FNS_0003', 'Boucherie Mohamed Cherif', 'Siguiri kouroudakoro2 pres de boure gare', '', 'SIGUIRI', 'Guinée', '628527845', '', '', '', 'Mohamed Cherif', 'Filiales', 'Autres', 'autres', '2012', 'assets/img/Client/PIECE_91654193437.pdf', '1', 9, '2022-06-02 18:10:37'),
(5, 'FNS_0004', 'Nagnouma Konate ', 'Conakry/ Cimenterie', '', 'Conakry', 'Guinée', '626884517', '622909663', 'nagnoumadaffekonate92@gmail.com', '', 'Madame Magassouba  Né Nagnouma KONATE', 'Légume, Fruit de mer, Fruit', 'EP', 'commercant', '2022', 'assets/img/Client/PIECE_91654257564.jpg', '1', 9, '2022-06-03 11:59:24'),
(6, 'FNS_0005', ' Alareny Poissonnerie Moderne', 'Conakry/ kaloum', '', 'Conakry', 'Guinée', '620201615', '654412081', 'AlarenyBah80@gmail.com', '', 'Papus Alareny Bah Gerant', 'Fruit de Mer', 'EP', 'commercant', '2018', 'assets/img/Client/PIECE_91654262411.jpg', '1', 9, '2022-06-03 13:20:11'),
(7, 'FNS_0006', 'Delices D\'Eden Sarl.U', 'contact@delicededen.net', '', 'Siguiri', 'Guinée', '628117682', '', 'contact@delicededen.net', '', 'Madame Koivogui  Eugenie Zinie DOUA', 'Divers Produits', 'SARL', 'commercant', '2015', 'assets/img/Client/PIECE_91654262801.pdf', '1', 9, '2022-06-03 13:26:41'),
(8, 'FNS_0007', 'Informafrik', 'Conakry/Lambany', '', 'Conakry', 'Guinée', '627064812', '669998339', 'info@informafrik.com', '', 'Alhassane DG', 'Informatique; Développement de logiciel', 'SARL', 'cabinet', '2019', 'assets/img/Client/PIECE_91654283500.pdf', '1', 9, '2022-06-03 19:11:40'),
(9, 'FNS_0008', 'MOON TECHNOLOGY SARLu', 'Kaporo Rail, C/Ratoma', '', 'Conakry', 'Guinée', '625939874', '', 'contact@moontechnologie.net', '', 'Narcisse THEA Gérant Principal', '', 'SARL', 'cabinet', '2020', 'assets/img/Client/PIECE_91654289961.pdf', '1', 9, '2022-06-03 20:59:21'),
(10, 'FNS_0009', 'Mamadou Yaya BALDE', 'Kankan/Missiran', '', 'kankan', 'Guinée', '627815401', '', 'baldeeyaya@gmail.com', '', 'Gerant', 'Commerce General Vente de denrées Alimentaire ...', 'EP', 'commercant', '22 Février 2022', 'assets/img/Client/PIECE_91654461254.pdf', '1', 9, '2022-06-05 20:34:14'),
(11, 'FNS_0010', 'MORY SACKO ET FRERES', 'Loila', '', 'Mandiana', 'Guinée', '628277433', '', 'morysacko1958@gmail.com', '', 'Mory Sacko', 'Commerce General', 'EP', 'commercant', '09 Février 2022', 'assets/img/Client/PIECE_91654462378.pdf', '1', 9, '2022-06-05 20:52:58'),
(12, 'FNS_0011', 'Mamoudou Doumbouya', 'Loila/Kankan', '', 'kankan', 'Guinée', '620311201', '', '', '', 'Mamoudou DOUMBOUYA', 'Bois', 'EP', 'fabricant', '2022', 'assets/img/Client/PIECE_91654462639.jpg', '1', 9, '2022-06-05 20:57:19'),
(13, 'FNS_0012', 'Fagbon Et fils Prestation ', 'Commune de kaloum/ Conakry', '', 'Conakry', 'Guinée', '622639047', '664049934', 'jpsandoun@gmail.com', '', 'Fagbon   SANDOUNO', 'Partenaire', 'EP', 'fabricant', '2022', 'assets/img/Client/PIECE_91655753277.pdf', '1', 9, '2022-06-20 19:27:57'),
(14, 'FNS_0013', 'Station Loila Sidibé', 'Loila route de Koundian ', '', 'Mandiana', 'Guinée', '621399625', '', '', '', 'Sidibé Gaz-oil loila', '', 'ONG', 'commercant', '2022', 'assets/img/Client/PIECE_91658838820.pdf', '1', 9, '2022-07-26 12:33:40'),
(15, 'FNS_0014', 'Dépôt Felix  ', 'Loila Mandiana', '', 'Mandiana', 'RG', '623867374', '', 'felix.sandouno@delicesdeden.net', '', 'Felix M\'bemba SANDOUNO', 'Madame Nicolas', 'Autres', 'commercant', '13 Septembre 2022', 'assets/img/Client/PIECE_91663059011.png', '1', 9, '2022-09-13 08:50:11'),
(16, 'FNS_0015', 'ETS  LUSO', 'Zafguine@gmail.Com', '', 'Conakry', 'Guinee', '628559844', '622352828', 'Zafguine@gmail.Com', '', 'MAURICIO', 'MAURICIO', 'EP', 'commercant', '12/10/2022', 'assets/img/Client/PIECE_231665576667.jpg', '1', 23, '2022-10-12 12:11:07'),
(17, 'FNS_0016', 'Jardin D\'Eden  ', 'Macenta Bamala', '', 'Macenta', 'RG', '627397016', '661212707', '', '', 'Siba Fidel ', 'Elevage ', 'ONG', 'autres', '2021', 'assets/img/Client/PIECE_91686123407.pdf', '1', 9, '2023-06-07 07:36:47'),
(18, 'FNS_0017', 'Ets.D . A . O . F', 'Amadou Diallo', '1167', 'Conakry', 'Guinee', '622672500', '664308774', 'dialloamadou808@gmail.com', '', 'Amadou Diallo ', '', 'SARL', 'commercant', '24/07/2023', 'assets/img/Client/PIECE_231690367877.jpg', '1', 23, '2023-07-26 10:37:58'),
(19, 'FNS_0018', 'MakotoPrestation', 'Conackry', '', 'Conakry', 'RG', '622601044', '', '', '', 'Guilavogui Théophil', '', 'SARL', 'autres', 'Novembre 2022', 'assets/img/Client/PIECE_91701066928.pdf', '1', 9, '2023-11-27 06:35:28');

-- --------------------------------------------------------

--
-- Structure de la table `fournisseurs_produits`
--

CREATE TABLE `fournisseurs_produits` (
  `id` int(11) NOT NULL,
  `id_fournisseur` int(11) NOT NULL,
  `id_produit` int(11) NOT NULL,
  `prix` varchar(255) NOT NULL,
  `user_id` int(11) NOT NULL,
  `statut` enum('0','1') NOT NULL DEFAULT '1',
  `created_at` timestamp NOT NULL DEFAULT current_timestamp()
) ENGINE=InnoDB DEFAULT CHARSET=utf8mb3 COLLATE=utf8mb3_general_ci;

-- --------------------------------------------------------

--
-- Structure de la table `groupe_produits`
--

CREATE TABLE `groupe_produits` (
  `id_groupe` int(11) NOT NULL,
  `libelle_g` varchar(255) NOT NULL,
  `statut_g` enum('0','1') NOT NULL DEFAULT '1',
  `created_at_g` timestamp NOT NULL DEFAULT current_timestamp(),
  `user_id` int(11) NOT NULL,
  `photo` text NOT NULL DEFAULT 'assets/img/photo-camera-gray.svg'
) ENGINE=InnoDB DEFAULT CHARSET=utf8mb3 COLLATE=utf8mb3_general_ci;

-- --------------------------------------------------------

--
-- Structure de la table `groupe_stocks`
--

CREATE TABLE `groupe_stocks` (
  `id_groupe` int(11) NOT NULL,
  `libelle_g` varchar(255) NOT NULL,
  `statut_g` enum('0','1') NOT NULL DEFAULT '1',
  `created_at_g` timestamp NOT NULL DEFAULT current_timestamp(),
  `user_id` int(11) NOT NULL
) ENGINE=InnoDB DEFAULT CHARSET=utf8mb3 COLLATE=utf8mb3_general_ci;

-- --------------------------------------------------------

--
-- Structure de la table `historique_commandes`
--

CREATE TABLE `historique_commandes` (
  `id_h_c` int(11) NOT NULL,
  `id_contenu` int(11) NOT NULL,
  `qty_contenu` int(11) NOT NULL,
  `prix_contenu` varchar(255) NOT NULL,
  `code_contenu` varchar(255) DEFAULT NULL,
  `date_contenu` varchar(255) NOT NULL,
  `created_at` timestamp NOT NULL DEFAULT current_timestamp()
) ENGINE=InnoDB DEFAULT CHARSET=utf8mb3 COLLATE=utf8mb3_general_ci;

-- --------------------------------------------------------

--
-- Structure de la table `historique_paiement`
--

CREATE TABLE `historique_paiement` (
  `id_h_paie` int(11) NOT NULL,
  `id_facture` int(11) NOT NULL,
  `code_paiement` varchar(255) NOT NULL,
  `montant_initial` varchar(255) NOT NULL,
  `montant_payer` varchar(255) NOT NULL,
  `montant_restant` varchar(255) NOT NULL,
  `compte` int(11) NOT NULL,
  `id_site` int(11) NOT NULL DEFAULT 0,
  `justification` text DEFAULT NULL,
  `date_paiement` varchar(255) NOT NULL,
  `created_at` timestamp NOT NULL DEFAULT current_timestamp(),
  `user_id` int(11) NOT NULL
) ENGINE=InnoDB DEFAULT CHARSET=utf8mb3 COLLATE=utf8mb3_general_ci;

--
-- Déchargement des données de la table `historique_paiement`
--

INSERT INTO `historique_paiement` (`id_h_paie`, `id_facture`, `code_paiement`, `montant_initial`, `montant_payer`, `montant_restant`, `compte`, `id_site`, `justification`, `date_paiement`, `created_at`, `user_id`) VALUES
(1, 1, 'zrX4iDTrwa', '2500000', '2500000', '0', 1, 1, 'clients/CLT_0001/SITE2-0000/paiements/zrX4iDTrwa/pop_megs_societe_wassoulou_fourniture_g.pdf', '2024-07-22 14:10:15', '2024-07-22 14:10:15', 37),
(2, 2, '4WEKEcvOaE', '6750000', '6750000', '0', 1, 1, 'clients/CLT_0001/SITE2-0000/paiements/4WEKEcvOaE/pop_megs_societe_wassoulou_fourniture_g.pdf', '2024-07-22 14:11:27', '2024-07-22 14:11:27', 37),
(3, 3, 'otYLnzcctx', '25000000', '25000000', '0', 1, 2, '', '2024-07-12 12:40:07', '2024-07-25 12:40:07', 37),
(4, 4, 'tlNKGzkvHw', '70000000', '70000000', '0', 1, 2, '', '2024-07-29 12:16:32', '2024-07-29 12:16:32', 37),
(5, 6, 'uK6P1Km3K3', '9300000', '9300000', '0', 1, 2, '', '2024-09-03 10:12:34', '2024-09-04 10:12:34', 37),
(6, 5, '7y0Hf479Yj', '3850000', '3850000', '0', 1, 1, '', '2024-09-16 11:23:04', '2024-09-16 11:23:04', 37),
(7, 8, 'EOyqrqsCKI', '810000', '810000', '0', 1, 2, '', '2024-11-05 09:35:36', '2024-11-05 09:35:36', 37),
(8, 15, 'VmoWJoIzv4', '6000000', '6000000', '0', 1, 2, '', '2024-11-05 09:39:30', '2024-11-05 09:39:30', 37),
(9, 7, '2GXyfV1N56', '32400000', '32400000', '0', 1, 1, '', '2025-04-03 16:00:31', '2025-04-03 16:00:31', 37),
(10, 9, 'EQso2ZFJns', '153600000', '153600000', '0', 1, 1, '', '2025-04-03 16:02:14', '2025-04-03 16:02:14', 37),
(11, 10, '3Wg5Noz6Kl', '17380000', '17380000', '0', 1, 1, '', '2025-04-03 16:03:01', '2025-04-03 16:03:01', 37),
(12, 11, 'D93Xf7LdkB', '48200000', '48200000', '0', 1, 1, '', '2025-04-03 16:04:16', '2025-04-03 16:04:16', 37),
(13, 16, 'glb26LnsSg', '5000000', '5000000', '0', 1, 2, '', '2025-04-04 09:27:59', '2025-04-08 09:27:59', 37),
(14, 13, 'q4GnYNWWT7', '7500000', '7500000', '0', 1, 2, '', '2025-04-04 09:30:34', '2025-04-08 09:30:34', 37),
(15, 17, 'QqRK9rb8Ix', '6050000', '6050000', '0', 1, 2, '', '2025-04-04 09:31:59', '2025-04-08 09:31:59', 37),
(16, 18, 'sWAjYpFtEA', '11200000', '11200000', '0', 1, 2, '', '2025-04-04 09:33:04', '2025-04-08 09:33:04', 37),
(17, 20, 'XSfKVs40xJ', '37800000', '37800000', '0', 1, 1, '', '2025-06-25 11:42:20', '2025-10-29 11:42:20', 37),
(18, 21, 'J1WKXPcODK', '5700000', '5700000', '0', 1, 1, '', '2025-06-25 11:43:32', '2025-10-29 11:43:32', 37),
(19, 24, 'Cgc62fMiC4', '31000000', '31000000', '0', 1, 1, '', '2025-06-25 11:43:55', '2025-10-29 11:43:55', 37),
(20, 19, 'xmvb0HNpqD', '7500000', '7500000', '0', 1, 2, '', '2025-06-25 11:45:07', '2025-10-29 11:45:07', 37),
(21, 22, 'kJBrPR1kmd', '5000000', '5000000', '0', 1, 2, '', '2025-06-25 11:45:39', '2025-10-29 11:45:39', 37),
(22, 27, 'IdSa2SGP3t', '23900000', '23900000', '0', 1, 2, '', '2025-06-25 11:46:13', '2025-10-29 11:46:13', 37);

-- --------------------------------------------------------

--
-- Structure de la table `historique_stock`
--

CREATE TABLE `historique_stock` (
  `id_histo` int(11) NOT NULL,
  `id_commande` int(11) NOT NULL,
  `id_produit` int(11) NOT NULL,
  `id_stock` int(11) NOT NULL,
  `code_entrant` varchar(255) NOT NULL,
  `date_entrant` varchar(255) NOT NULL,
  `initial_entrant` varchar(255) NOT NULL,
  `final_entrant` varchar(255) NOT NULL,
  `quantite_ajoute` varchar(255) NOT NULL,
  `fichier` text DEFAULT NULL,
  `date_expiration` varchar(255) DEFAULT NULL,
  `created_at_histo` timestamp NOT NULL DEFAULT current_timestamp(),
  `user_id` int(11) NOT NULL
) ENGINE=InnoDB DEFAULT CHARSET=utf8mb3 COLLATE=utf8mb3_general_ci;

-- --------------------------------------------------------

--
-- Structure de la table `informations`
--

CREATE TABLE `informations` (
  `id_info` int(11) NOT NULL,
  `entreprise` varchar(255) NOT NULL,
  `tel1` varchar(255) NOT NULL,
  `email` varchar(255) NOT NULL,
  `adresse` varchar(255) NOT NULL,
  `tel2` varchar(255) NOT NULL,
  `pays` varchar(255) NOT NULL,
  `ville` varchar(255) NOT NULL,
  `monnaie` varchar(255) NOT NULL,
  `symbole_monnaie` varchar(255) NOT NULL,
  `statut_info` enum('0','1') NOT NULL DEFAULT '1',
  `created_at` timestamp NOT NULL DEFAULT current_timestamp(),
  `user_id` int(11) NOT NULL,
  `sms_total` int(11) NOT NULL DEFAULT 0,
  `sms_envoye` int(11) NOT NULL DEFAULT 0,
  `sms_solde` int(11) NOT NULL DEFAULT 0,
  `pu_sms` varchar(255) NOT NULL DEFAULT '250',
  `date_expiration_sms` varchar(255) DEFAULT NULL
) ENGINE=InnoDB DEFAULT CHARSET=utf8mb3 COLLATE=utf8mb3_general_ci;

--
-- Déchargement des données de la table `informations`
--

INSERT INTO `informations` (`id_info`, `entreprise`, `tel1`, `email`, `adresse`, `tel2`, `pays`, `ville`, `monnaie`, `symbole_monnaie`, `statut_info`, `created_at`, `user_id`, `sms_total`, `sms_envoye`, `sms_solde`, `pu_sms`, `date_expiration_sms`) VALUES
(1, 'La Terrasse', '65983156', 'supportterasse@gmail.com', 'Aéroport ', '65983156', 'Guinée', 'Conakry', 'Franc guinéen', 'GNF', '1', '2022-01-21 13:50:20', 9, 2500, 285, 2215, '200', '2023-03-29');

-- --------------------------------------------------------

--
-- Structure de la table `informationss`
--

CREATE TABLE `informationss` (
  `id_info` int(11) NOT NULL,
  `entreprise` varchar(255) NOT NULL,
  `tel1` varchar(255) NOT NULL,
  `email` varchar(255) NOT NULL,
  `adresse` varchar(255) NOT NULL,
  `tel2` varchar(255) NOT NULL,
  `pays` varchar(255) NOT NULL,
  `ville` varchar(255) NOT NULL,
  `site_web` varchar(255) NOT NULL,
  `logo` text NOT NULL,
  `logo_favicon` text NOT NULL,
  `monnaie` varchar(255) NOT NULL,
  `symbole_monnaie` varchar(255) NOT NULL,
  `statut_info` enum('0','1') NOT NULL DEFAULT '1',
  `created_at` timestamp NOT NULL DEFAULT current_timestamp(),
  `user_id` int(11) NOT NULL
) ENGINE=InnoDB DEFAULT CHARSET=utf8mb3 COLLATE=utf8mb3_general_ci;

-- --------------------------------------------------------

--
-- Structure de la table `liquidites`
--

CREATE TABLE `liquidites` (
  `id_liq` int(11) NOT NULL,
  `id_source` int(11) NOT NULL,
  `id_dest` int(11) NOT NULL,
  `montant_source` varchar(255) NOT NULL,
  `montant_transfert` varchar(255) NOT NULL,
  `montant_destination` varchar(255) NOT NULL,
  `user_id` int(11) NOT NULL,
  `date_transfert` timestamp NOT NULL DEFAULT current_timestamp()
) ENGINE=InnoDB DEFAULT CHARSET=utf8mb3 COLLATE=utf8mb3_general_ci;

-- --------------------------------------------------------

--
-- Structure de la table `modules`
--

CREATE TABLE `modules` (
  `id_module` int(11) NOT NULL,
  `libelle_module` varchar(255) NOT NULL,
  `description_module` text DEFAULT NULL,
  `code_module` varchar(15) NOT NULL,
  `active_module` int(11) NOT NULL DEFAULT 1,
  `created_at` timestamp NOT NULL DEFAULT current_timestamp(),
  `user_id` int(11) NOT NULL
) ENGINE=InnoDB DEFAULT CHARSET=utf8mb3 COLLATE=utf8mb3_general_ci;

--
-- Déchargement des données de la table `modules`
--

INSERT INTO `modules` (`id_module`, `libelle_module`, `description_module`, `code_module`, `active_module`, `created_at`, `user_id`) VALUES
(1, 'Personnel', 'Personnel', 'personnel', 1, '2022-01-25 13:09:42', 1),
(2, 'taxe', 'taxe', 'taxe', 1, '2022-05-17 11:39:29', 9),
(3, 'devis', 'devis', 'devis', 1, '2022-05-17 11:39:29', 9),
(4, 'service', 'service', 'service', 1, '2022-05-17 11:40:34', 9),
(5, 'fournisseur', 'fournisseur', 'fournisseur', 1, '2022-05-17 11:40:34', 9),
(6, 'prime', 'prime', 'prime', 1, '2022-05-17 11:41:52', 9),
(7, 'produit', 'produit', 'produit', 1, '2022-05-17 11:41:52', 9),
(8, 'site', 'site', 'site', 1, '2022-05-17 11:43:54', 9),
(9, 'stock', 'stock', 'stock', 1, '2022-05-17 11:43:54', 9),
(10, 'client', 'client', 'client', 1, '2022-05-17 11:45:28', 9),
(11, 'compte', 'compte', 'compte', 1, '2022-05-17 11:45:28', 9),
(12, 'compte depense', 'compte depense', 'motif', 1, '2022-05-17 11:47:27', 9),
(13, 'depense', 'depense', 'depense', 1, '2022-05-17 11:47:27', 1),
(14, 'Departement', 'Departement', 'departement', 1, '2022-05-17 11:48:20', 1),
(15, 'Utilisateur', 'user', 'user', 1, '2022-05-17 11:52:01', 1),
(16, 'Contenu_stock', 'contenu_stock', 'contenu_stock', 1, '2022-05-17 11:52:01', 1),
(17, 'Type contrat', 'Type contrat', 'type_contrat', 1, '2022-05-17 11:52:55', 1),
(18, 'Comptabilite', 'Comptabilite', 'comptabilite', 1, '2022-05-17 12:14:09', 1),
(19, 'Archives', 'Archives', 'archive', 1, '2022-05-19 11:27:06', 1),
(20, 'Commande stock', 'commande stock', 'commande_stock', 1, '2022-05-19 23:11:13', 1),
(21, 'Groupe produit', 'Groupe produit', 'groupe_produit', 1, '2022-05-21 10:27:42', 1),
(22, 'Facture', 'factures', 'facture', 1, '2022-05-22 09:54:49', 1),
(23, 'Role', 'role', 'role', 1, '2022-06-20 11:11:42', 9),
(24, 'Permission', 'permission', 'permission', 1, '2022-06-20 11:11:42', 9);

-- --------------------------------------------------------

--
-- Structure de la table `motif_permissions`
--

CREATE TABLE `motif_permissions` (
  `id_motif` int(11) NOT NULL,
  `libelle_motif` varchar(255) NOT NULL,
  `description` mediumtext NOT NULL,
  `user_id` int(11) NOT NULL,
  `statut` enum('0','1') NOT NULL DEFAULT '1',
  `created_at` timestamp NOT NULL DEFAULT current_timestamp()
) ENGINE=InnoDB DEFAULT CHARSET=utf8mb3 COLLATE=utf8mb3_general_ci;

--
-- Déchargement des données de la table `motif_permissions`
--

INSERT INTO `motif_permissions` (`id_motif`, `libelle_motif`, `description`, `user_id`, `statut`, `created_at`) VALUES
(1, 'Affaire familiales', 'Affaire familiales', 9, '1', '2022-07-17 15:03:54'),
(2, 'Mariage de l\'employer ', 'l\'employer lui même célèbre son mariage: 2jrs', 9, '1', '2022-07-19 22:06:03'),
(3, 'Mariage d\'un enfant de l\'employer', 'Mariage d\'un enfant de l\'employer( son propre enfant): 1jr', 9, '1', '2022-07-19 22:07:18'),
(4, 'Naissance ', 'Accouchement de la femme de l\'employer: 1jr', 9, '1', '2022-07-19 22:09:23'),
(5, 'Baptême d\'enfant', 'Baptême de l\'enfant de l\'employer : 1 jr', 9, '1', '2022-07-19 22:10:26'),
(6, 'Décès d\'un conjoint ou d\'une conjointe', 'Décès d\'un conjoint: 2jrs', 9, '1', '2022-07-19 22:11:38'),
(7, 'Décès du conjoint d\'un frère ou d\'une sœur', 'Décès du conjoint d\'un frère ou d\'une sœur(sang ou directe)', 9, '1', '2022-07-19 22:18:55'),
(8, 'Raison de sante(Malade)', 'Raison de sante(Malade) de l\'employer', 9, '1', '2022-07-19 22:19:57'),
(9, 'Indisponibilité ', 'Indisponibilité ', 9, '1', '2022-07-19 22:20:44'),
(10, 'Malade', 'Etat de Sante Dégrade ', 25, '1', '2022-07-31 13:36:59'),
(11, 'Conge Annuelle ', 'Conge Annuelle ', 9, '1', '2022-08-02 22:11:44'),
(12, 'Congé de Maternité', 'Congé de Maternité', 12, '1', '2022-08-05 18:56:03'),
(13, 'Mise à Pied', 'Sanction le plus long 8 jours ', 9, '1', '2022-08-23 06:14:35');

-- --------------------------------------------------------

--
-- Structure de la table `notifications`
--

CREATE TABLE `notifications` (
  `id_notif` int(11) NOT NULL,
  `id_motif` int(11) NOT NULL,
  `message` text NOT NULL,
  `description` text NOT NULL,
  `vu` longtext DEFAULT NULL,
  `clique` longtext DEFAULT NULL,
  `date_notif` varchar(255) NOT NULL,
  `user_id` int(11) NOT NULL,
  `lu` longtext DEFAULT NULL,
  `user_open` longtext DEFAULT NULL
) ENGINE=InnoDB DEFAULT CHARSET=utf8mb3 COLLATE=utf8mb3_general_ci;

-- --------------------------------------------------------

--
-- Structure de la table `notif_tache`
--

CREATE TABLE `notif_tache` (
  `id_not` int(11) NOT NULL,
  `id_tac` int(11) NOT NULL,
  `description` text DEFAULT NULL,
  `user_id` int(11) NOT NULL,
  `created_at` datetime NOT NULL DEFAULT current_timestamp(),
  `date_creation` datetime DEFAULT NULL
) ENGINE=InnoDB DEFAULT CHARSET=utf8mb3 COLLATE=utf8mb3_general_ci;

--
-- Déchargement des données de la table `notif_tache`
--

INSERT INTO `notif_tache` (`id_not`, `id_tac`, `description`, `user_id`, `created_at`, `date_creation`) VALUES
(1, 1, 'demarrage de la tache pour 2023-04-12', 13, '2023-04-12 12:27:28', '2023-04-12 10:27:28'),
(2, 1, 'Fermeture de la tache pour 2023-04-20', 13, '2023-04-12 13:18:04', '2023-04-12 11:18:04'),
(3, 1, 'Fermeture de la tache pour 2023-04-13', 13, '2023-04-12 15:35:04', '2023-04-12 13:35:04');

-- --------------------------------------------------------

--
-- Structure de la table `permissions`
--

CREATE TABLE `permissions` (
  `id_permission` int(11) NOT NULL,
  `id_role` int(11) NOT NULL,
  `libelle_permission` longtext NOT NULL,
  `description` text DEFAULT NULL,
  `created_at` timestamp NOT NULL DEFAULT current_timestamp()
) ENGINE=InnoDB DEFAULT CHARSET=utf8mb3 COLLATE=utf8mb3_general_ci;

--
-- Déchargement des données de la table `permissions`
--

INSERT INTO `permissions` (`id_permission`, `id_role`, `libelle_permission`, `description`, `created_at`) VALUES
(1, 1, 'read_personnel||add_personnel||update_personnel||delete_personnel||report_personnel||read_taxe||add_taxe||update_taxe||delete_taxe||report_taxe||read_devis||add_devis||update_devis||delete_devis||report_devis||read_service||add_service||update_service||delete_service||report_service||read_fournisseur||add_fournisseur||update_fournisseur||delete_fournisseur||report_fournisseur||read_prime||add_prime||update_prime||delete_prime||report_prime||read_produit||add_produit||update_produit||delete_produit||report_produit||read_site||add_site||update_site||delete_site||report_site||read_stock||add_stock||update_stock||delete_stock||report_stock||read_client||add_client||update_client||delete_client||report_client||read_compte||add_compte||update_compte||delete_compte||report_compte||read_motif||add_motif||update_motif||delete_motif||report_motif||read_depense||add_depense||update_depense||delete_depense||report_depense||read_departement||add_departement||update_departement||delete_departement||report_departement||read_user||add_user||update_user||delete_user||report_user||read_contenu_stock||add_contenu_stock||update_contenu_stock||delete_contenu_stock||report_contenu_stock||read_type_contrat||add_type_contrat||update_type_contrat||delete_type_contrat||report_type_contrat||read_comptabilite||add_comptabilite||update_comptabilite||delete_comptabilite||report_comptabilite||read_archive||add_archive||update_archive||delete_archive||report_archive||read_commande_stock||add_commande_stock||update_commande_stock||delete_commande_stock||report_commande_stock||read_groupe_produit||add_groupe_produit||update_groupe_produit||delete_groupe_produit||report_groupe_produit||read_facture||add_facture||update_facture||delete_facture||report_facture||read_role||add_role||update_role||delete_role||report_role||read_permission||add_permission||update_permission||delete_permission||report_permission', NULL, '2022-05-17 12:12:21'),
(2, 2, 'read_personnel||add_personnel||update_personnel||report_personnel||read_comptabilite||add_comptabilite||update_comptabilite||report_comptabilite', NULL, '2022-05-19 09:13:22'),
(3, 5, 'read_fournisseur||report_fournisseur||read_produit||add_produit||read_site||report_site||read_stock||add_stock||report_stock||read_client||add_client||report_client||read_compte||add_compte||report_compte||read_depense||add_depense||report_depense||read_user||add_user||report_user||read_contenu_stock||add_contenu_stock||report_contenu_stock||read_commande_stock||add_commande_stock||report_commande_stock||read_groupe_produit||add_groupe_produit||update_groupe_produit||delete_groupe_produit||report_groupe_produit||read_facture||add_facture||report_facture||read_role||report_role||read_permission||report_permission', NULL, '2022-05-19 09:15:04'),
(4, 3, 'read_personnel||add_personnel||report_personnel||read_devis||add_devis||update_devis||report_devis||read_service||add_service||update_service||report_service||read_fournisseur||add_fournisseur||report_fournisseur||read_site||add_site||update_site||report_site||report_stock||read_client||read_compte||add_compte||update_compte||delete_compte||report_compte||read_motif||add_motif||update_motif||delete_motif||report_motif||read_depense||add_depense||update_depense||delete_depense||report_depense||read_user||report_user||read_type_contrat||add_type_contrat||report_type_contrat||add_comptabilite||update_comptabilite||report_comptabilite||read_archive||add_archive||report_archive||read_commande_stock||add_commande_stock||read_facture||add_facture||update_facture||report_facture||read_permission||add_permission||report_permission', NULL, '2022-05-22 13:15:52'),
(5, 8, 'read_personnel||add_personnel||report_personnel||read_taxe||report_taxe||read_devis||add_devis||report_devis||report_service||read_fournisseur||report_fournisseur||read_prime||report_prime||read_produit||report_produit||read_site||report_site||read_stock||report_stock||read_client||report_client||read_compte||report_compte||read_motif||report_motif||read_depense||add_depense||report_depense||read_departement||report_departement||read_user||report_user||read_contenu_stock||report_contenu_stock||read_type_contrat||add_type_contrat||report_type_contrat||read_comptabilite||add_comptabilite||report_comptabilite||read_archive||add_archive||report_archive||read_commande_stock||add_commande_stock||report_commande_stock||read_groupe_produit||add_groupe_produit||read_facture||add_facture||report_facture||read_permission||add_permission||report_permission', NULL, '2022-06-03 11:15:28'),
(6, 7, 'read_devis||add_devis||read_service||add_service||read_fournisseur||read_produit||read_site||add_site||update_site||delete_site||report_site||read_stock||read_client||add_client||read_compte||read_motif||read_depense||add_depense||report_depense||read_departement||read_user||add_user||report_user||read_contenu_stock||read_type_contrat||read_comptabilite||add_comptabilite||report_comptabilite||read_commande_stock||add_commande_stock||read_groupe_produit||read_facture||add_facture||report_facture||read_permission||add_permission||report_permission', NULL, '2022-06-08 23:04:23'),
(7, 10, 'read_taxe||add_taxe||update_taxe||report_taxe||read_devis||add_devis||update_devis||report_devis||read_service||add_service||update_service||report_service||read_fournisseur||add_fournisseur||update_fournisseur||report_fournisseur||read_produit||add_produit||update_produit||report_produit||read_site||add_site||update_site||report_site||read_stock||add_stock||update_stock||report_stock||read_client||add_client||update_client||report_client||read_contenu_stock||add_contenu_stock||delete_contenu_stock||report_contenu_stock||read_comptabilite||report_comptabilite||read_archive||add_archive||report_archive||read_commande_stock||add_commande_stock||update_commande_stock||report_commande_stock||read_groupe_produit||add_groupe_produit||update_groupe_produit||report_groupe_produit||read_facture||add_facture||update_facture||report_facture', NULL, '2022-10-10 19:12:25');

-- --------------------------------------------------------

--
-- Structure de la table `permissions_conges`
--

CREATE TABLE `permissions_conges` (
  `id_permission` int(11) NOT NULL,
  `id_personnel` int(11) NOT NULL,
  `id_motif` int(11) NOT NULL,
  `date_debut` varchar(255) NOT NULL,
  `date_fin` varchar(255) NOT NULL,
  `nombre_jours` int(11) NOT NULL,
  `raison` mediumtext NOT NULL,
  `user_id` int(11) NOT NULL,
  `created_at` timestamp NOT NULL DEFAULT current_timestamp(),
  `statut` enum('0','1','2','3') NOT NULL COMMENT '0 nouveau, 1 en cours, 2 approuvé, 3 refusé ',
  `user_reponse` int(11) NOT NULL DEFAULT 0
) ENGINE=InnoDB DEFAULT CHARSET=utf8mb3 COLLATE=utf8mb3_general_ci;

-- --------------------------------------------------------

--
-- Structure de la table `personnels`
--

CREATE TABLE `personnels` (
  `id_user` int(11) NOT NULL,
  `prenom_user` varchar(50) NOT NULL,
  `nom_user` varchar(50) NOT NULL,
  `matricule_user` varchar(255) NOT NULL,
  `id_departement` int(11) NOT NULL,
  `tel1_user` varchar(20) NOT NULL,
  `tel2_user` varchar(20) DEFAULT NULL,
  `email_user` varchar(255) DEFAULT NULL,
  `id_contrat` int(11) NOT NULL,
  `adresse_user` text NOT NULL,
  `ville_user` varchar(255) NOT NULL,
  `profession` varchar(255) NOT NULL,
  `piece_didentite` text DEFAULT NULL,
  `type_piece` enum('C','P','E') DEFAULT NULL,
  `date_naissance` varchar(255) NOT NULL,
  `nom_complet_tuteur` varchar(100) DEFAULT NULL,
  `tel_tuteur` varchar(20) DEFAULT NULL,
  `adresse_tuteur` text DEFAULT NULL,
  `genre` enum('H','F') NOT NULL,
  `photo` text DEFAULT NULL,
  `active_user` enum('0','1') NOT NULL DEFAULT '1',
  `created_at_user` timestamp NOT NULL DEFAULT current_timestamp(),
  `user_id` int(11) NOT NULL DEFAULT 0,
  `id_groupe` int(11) NOT NULL DEFAULT 1
) ENGINE=InnoDB DEFAULT CHARSET=utf8mb3 COLLATE=utf8mb3_general_ci;

-- --------------------------------------------------------

--
-- Structure de la table `personnel_site`
--

CREATE TABLE `personnel_site` (
  `id_user_site` int(11) NOT NULL,
  `id_user` int(11) NOT NULL,
  `id_site` int(11) NOT NULL,
  `user_id` int(11) NOT NULL,
  `statut` enum('0','1') NOT NULL DEFAULT '1',
  `created_at` timestamp NOT NULL DEFAULT current_timestamp()
) ENGINE=InnoDB DEFAULT CHARSET=utf8mb3 COLLATE=utf8mb3_general_ci;

-- --------------------------------------------------------

--
-- Structure de la table `pointages`
--

CREATE TABLE `pointages` (
  `id_pointage` int(11) NOT NULL,
  `id_scannage` int(11) NOT NULL,
  `id_personnel` int(11) NOT NULL,
  `id_user` int(11) NOT NULL,
  `temp1` varchar(255) DEFAULT NULL,
  `temp2` varchar(255) DEFAULT NULL,
  `created_at` timestamp NOT NULL DEFAULT current_timestamp()
) ENGINE=InnoDB DEFAULT CHARSET=utf8mb3 COLLATE=utf8mb3_general_ci;

-- --------------------------------------------------------

--
-- Structure de la table `presences`
--

CREATE TABLE `presences` (
  `id_presence` int(11) NOT NULL,
  `id_employe` int(11) NOT NULL,
  `id_scannage` int(11) NOT NULL,
  `id_scanneur` int(11) NOT NULL,
  `temps_1` varchar(255) DEFAULT NULL,
  `temps_2` varchar(255) DEFAULT NULL,
  `created_at` varchar(255) NOT NULL,
  `updated_at` varchar(255) DEFAULT NULL
) ENGINE=InnoDB DEFAULT CHARSET=utf8mb3 COLLATE=utf8mb3_general_ci;

-- --------------------------------------------------------

--
-- Structure de la table `primes`
--

CREATE TABLE `primes` (
  `id_prime` int(11) NOT NULL,
  `libelle` varchar(255) NOT NULL,
  `description` text DEFAULT NULL,
  `montant_prime` varchar(255) NOT NULL,
  `statut` enum('0','1') NOT NULL DEFAULT '1',
  `user_id` int(11) NOT NULL,
  `created_at` timestamp NOT NULL DEFAULT current_timestamp()
) ENGINE=InnoDB DEFAULT CHARSET=utf8mb3 COLLATE=utf8mb3_general_ci;

--
-- Déchargement des données de la table `primes`
--

INSERT INTO `primes` (`id_prime`, `libelle`, `description`, `montant_prime`, `statut`, `user_id`, `created_at`) VALUES
(1, 'Prime Logement', 'Prime Logement', '300000', '1', 9, '2022-06-06 20:59:20'),
(2, 'Prime de Transport', 'Prime de Transport', '200000', '1', 9, '2022-06-06 20:59:55'),
(3, 'Prime d\'Encouragement ', 'Prime d\'Encouragement ', '200000', '1', 9, '2022-06-06 21:00:36'),
(4, 'Prime de Cherté  de Vie ', '', '300000', '1', 9, '2022-06-06 21:02:08'),
(5, 'Prime HS', 'Prime d\'heur Supplémentaire ', '100000', '1', 9, '2022-06-06 21:02:57'),
(6, 'Felicitation  P M A', '', '500000', '1', 9, '2022-08-28 11:44:33'),
(7, 'Prime de Séparation ', '', '500000', '1', 9, '2022-10-05 22:43:56'),
(8, 'Prime de Déplacement ', '', '500000', '1', 9, '2022-10-12 14:16:57'),
(9, 'Indemnité de fin de contrat', 'Indemnité de fin de contrat', '1000000', '1', 9, '2023-01-02 04:25:21'),
(10, 'Rappel ', 'Rappel arriéré \r\n ', '1000000', '1', 9, '2023-02-07 07:09:27'),
(11, 'Conge paye ', 'Conge paye ', '500000', '1', 9, '2024-01-26 10:18:54');

-- --------------------------------------------------------

--
-- Structure de la table `prime_commande_salaire`
--

CREATE TABLE `prime_commande_salaire` (
  `id` int(11) NOT NULL,
  `id_commande_salaire` int(11) NOT NULL,
  `id_prime_contrat` int(11) NOT NULL,
  `montant` int(11) NOT NULL,
  `statut` enum('0','1') NOT NULL DEFAULT '1',
  `created_at` timestamp NOT NULL DEFAULT current_timestamp(),
  `user_id` int(11) NOT NULL
) ENGINE=InnoDB DEFAULT CHARSET=utf8mb3 COLLATE=utf8mb3_general_ci;

-- --------------------------------------------------------

--
-- Structure de la table `prime_contrat`
--

CREATE TABLE `prime_contrat` (
  `id_prime_contrat` int(11) NOT NULL,
  `id_contrat` int(11) NOT NULL,
  `id_prime` int(11) NOT NULL,
  `montant` int(11) NOT NULL,
  `statut` enum('0','1') NOT NULL DEFAULT '1',
  `user_id` int(11) NOT NULL,
  `created_at` timestamp NOT NULL DEFAULT current_timestamp()
) ENGINE=InnoDB DEFAULT CHARSET=utf8mb3 COLLATE=utf8mb3_general_ci;

-- --------------------------------------------------------

--
-- Structure de la table `produits`
--

CREATE TABLE `produits` (
  `id_cat` int(11) NOT NULL,
  `libelle_cat` varchar(255) NOT NULL,
  `unite_cat` varchar(255) NOT NULL DEFAULT 'UNITE',
  `pu_cat` varchar(255) DEFAULT NULL,
  `description_cat` text DEFAULT NULL,
  `code_cat` varchar(255) NOT NULL,
  `create_at` timestamp NOT NULL DEFAULT current_timestamp(),
  `active` enum('0','1','2') NOT NULL DEFAULT '1',
  `consommable` enum('0','1') NOT NULL DEFAULT '0',
  `groupe` int(11) NOT NULL DEFAULT 1,
  `user_id` int(11) NOT NULL DEFAULT 1,
  `source_produit` int(11) NOT NULL DEFAULT 1,
  `image_produit` text NOT NULL DEFAULT 'assets/img/photo-camera-gray.svg'
) ENGINE=InnoDB DEFAULT CHARSET=utf8mb3 COLLATE=utf8mb3_general_ci;

--
-- Déchargement des données de la table `produits`
--

INSERT INTO `produits` (`id_cat`, `libelle_cat`, `unite_cat`, `pu_cat`, `description_cat`, `code_cat`, `create_at`, `active`, `consommable`, `groupe`, `user_id`, `source_produit`, `image_produit`) VALUES
(3, 'DONIA CREME', 'UNITE', '15000', NULL, 'DONNIA CREME', '2022-06-03 13:32:58', '1', '0', 1, 9, 1, 'assets/img/photo-camera-gray.svg'),
(5, 'ADJA BLANC', 'UNITE', '12500', NULL, 'ADJA BLANC', '2022-06-03 13:32:58', '1', '0', 1, 1, 1, 'assets/img/photo-camera-gray.svg'),
(6, 'ADJA ROUGE', 'UNITE', '12500', NULL, 'ADJA ROUGE', '2022-06-03 13:32:58', '1', '0', 1, 1, 1, 'assets/img/photo-camera-gray.svg'),
(7, 'AIL', 'UNITE', '35000', NULL, 'AIL', '2022-06-03 13:32:58', '1', '0', 13, 1, 1, 'assets/img/photo-camera-gray.svg'),
(8, 'AIL EN POUDRE', 'UNITE', '90000', NULL, 'AIL EN POUDRE', '2022-06-03 13:32:58', '1', '0', 1, 1, 1, 'assets/img/photo-camera-gray.svg'),
(9, 'AJAX', 'UNITE', '30000', NULL, 'AJAX', '2022-06-03 13:32:58', '0', '0', 9, 1, 1, 'assets/img/photo-camera-gray.svg'),
(12, 'ALFRDO', 'UNITE', '100000', NULL, 'ALFRDO', '2022-06-03 13:32:58', '1', '0', 1, 1, 1, 'assets/img/photo-camera-gray.svg'),
(13, 'ALHEIRA', 'UNITE', '35000', NULL, 'ALHEIRA', '2022-06-03 13:32:58', '1', '0', 1, 1, 1, 'assets/img/photo-camera-gray.svg'),
(14, 'AMANDE EFFILE', 'UNITE', '85000', NULL, 'AMANDE EFFILE', '2022-06-03 13:32:58', '1', '0', 1, 1, 1, 'assets/img/photo-camera-gray.svg'),
(15, 'AMENTEIGADO 1.1KG', 'UNITE', '210000', NULL, 'AMENTEIGADO 1.1KG', '2022-06-03 13:32:58', '1', '0', 1, 1, 1, 'assets/img/photo-camera-gray.svg'),
(16, 'SALSICHA', 'UNITE', '56000', NULL, 'AMENTEIGADO 1/2', '2022-06-03 13:32:58', '0', '0', 1, 8, 1, 'assets/img/photo-camera-gray.svg'),
(17, 'AMIDOM  MAIS', 'UNITE', '35000', NULL, 'AMIDOM  MAIS', '2022-06-03 13:32:58', '1', '0', 1, 1, 1, 'assets/img/photo-camera-gray.svg'),
(18, 'ANANAN SLICE', 'UNITE', '35000', NULL, 'ANANAN SLICE', '2022-06-03 13:32:58', '1', '0', 1, 1, 1, 'assets/img/photo-camera-gray.svg'),
(19, 'ANANAS', 'UNITE', '45000', NULL, 'ANANAS', '2022-06-03 13:32:58', '1', '0', 1, 1, 1, 'assets/img/photo-camera-gray.svg'),
(20, 'ANTI POUSSIERE', 'UNITE', '60000', NULL, 'ANTI POUSSIERE', '2022-06-03 13:32:58', '1', '0', 1, 1, 1, 'assets/img/photo-camera-gray.svg'),
(21, 'ABRICOT', 'UNITE', '60000', NULL, 'APRICOT', '2022-06-03 13:32:58', '1', '0', 1, 9, 1, 'assets/img/photo-camera-gray.svg'),
(22, 'AROME 3 LION', 'UNITE', '70000', NULL, 'AROME 3 LION', '2022-06-03 13:32:58', '1', '0', 1, 1, 1, 'assets/img/photo-camera-gray.svg'),
(23, 'AROME GELIFIE FRAMBOISE', 'UNITE', '209000', NULL, 'AROME GELIFIE FRAMBOISE', '2022-06-03 13:32:58', '1', '0', 1, 1, 1, 'assets/img/photo-camera-gray.svg'),
(24, 'AROME GILIFIEORANGE', 'UNITE', '209000', NULL, 'AROME GILIFIEORANGE', '2022-06-03 13:32:58', '1', '0', 1, 1, 1, 'assets/img/photo-camera-gray.svg'),
(25, 'AROME MAGGI', 'UNITE', '26000', NULL, 'AROME MAGGI', '2022-06-03 13:32:58', '1', '0', 1, 1, 1, 'assets/img/photo-camera-gray.svg'),
(26, 'ASPERGE BLANCHE', 'UNITE', '64000', NULL, 'ASPERGE BLANCHE', '2022-06-03 13:32:58', '1', '0', 1, 1, 1, 'assets/img/photo-camera-gray.svg'),
(27, 'ASPERGE BLANCHE GROSSE', 'UNITE', '92000', NULL, 'ASPERGE BLANCHE GROSSE', '2022-06-03 13:32:58', '1', '0', 1, 1, 1, 'assets/img/photo-camera-gray.svg'),
(28, 'ASPERGE VERTE', 'UNITE', '47000', NULL, 'ASPERGE VERTE', '2022-06-03 13:32:58', '1', '0', 1, 1, 1, 'assets/img/photo-camera-gray.svg'),
(29, 'ASSIETTE JETABLE', 'UNITE', '1000', NULL, 'ASSIETTE JETABLE', '2022-06-03 13:32:58', '1', '0', 1, 1, 1, 'assets/img/photo-camera-gray.svg'),
(30, 'AUBERGINE', 'UNITE', '15000', NULL, 'AUBERGINE', '2022-06-03 13:32:58', '1', '0', 1, 1, 1, 'assets/img/photo-camera-gray.svg'),
(31, 'AUBERGINE AMER', 'UNITE', '50000', NULL, 'AUBERGINE AMER', '2022-06-03 13:32:58', '1', '0', 1, 1, 1, 'assets/img/photo-camera-gray.svg'),
(32, 'AUBERGINE G', 'UNITE', '70000', NULL, 'AUBERGINE G', '2022-06-03 13:32:58', '0', '0', 1, 1, 1, 'assets/img/photo-camera-gray.svg'),
(33, 'AVOCAT', 'UNITE', '15000', NULL, 'AVOCAT', '2022-06-03 13:32:58', '1', '0', 1, 1, 1, 'assets/img/photo-camera-gray.svg'),
(34, 'BACALHAU', 'UNITE', '325000', NULL, 'BACALHAU', '2022-06-03 13:32:58', '1', '0', 1, 1, 1, 'assets/img/photo-camera-gray.svg'),
(35, 'BACALHAU RAMIREZ', 'UNITE', '63000', NULL, 'BACALHAU RAMIREZ', '2022-06-03 13:32:58', '1', '0', 1, 1, 1, 'assets/img/photo-camera-gray.svg'),
(36, 'BACALIAO (MOLURE)', 'UNITE', '510000', NULL, 'BACALIAO (MOLURE)', '2022-06-03 13:32:58', '1', '0', 1, 1, 1, 'assets/img/photo-camera-gray.svg'),
(37, 'BACILIC', 'UNITE', '20000', NULL, 'BACILIC', '2022-06-03 13:32:58', '1', '0', 1, 1, 1, 'assets/img/photo-camera-gray.svg'),
(38, 'BAKED BEANS', 'UNITE', '30000', NULL, 'BAKED BEANS', '2022-06-03 13:32:58', '1', '0', 1, 1, 1, 'assets/img/photo-camera-gray.svg'),
(39, 'BALAIE', 'UNITE', '25000', NULL, 'BALAIE', '2022-06-03 13:32:58', '1', '0', 9, 1, 1, 'assets/img/photo-camera-gray.svg'),
(40, 'BAMA MAYONNAISE PM', 'UNITE', '45000', NULL, 'BAMA MAYONNAISE PM', '2022-06-03 13:32:58', '1', '0', 1, 1, 1, 'assets/img/photo-camera-gray.svg'),
(41, 'BAMBOO', 'UNITE', '16000', NULL, 'BAMBOO', '2022-06-03 13:32:58', '1', '0', 1, 1, 1, 'assets/img/photo-camera-gray.svg'),
(42, 'BANANE DOUCE', 'UNITE', '40000', NULL, 'BANANE DOUCE', '2022-06-03 13:32:58', '1', '0', 1, 1, 1, 'assets/img/photo-camera-gray.svg'),
(43, 'BANANE DOUCHE', 'UNITE', '140000', NULL, 'BANANE DOUCHE', '2022-06-03 13:32:58', '0', '0', 1, 1, 1, 'assets/img/photo-camera-gray.svg'),
(44, 'BANANE PLANTAIN', 'UNITE', '15000', NULL, 'BANANE PLANTAIN', '2022-06-03 13:32:58', '1', '0', 1, 1, 1, 'assets/img/photo-camera-gray.svg'),
(45, 'BASILIC', 'UNITE', '30000', NULL, 'BASILIC', '2022-06-03 13:32:58', '1', '0', 1, 1, 1, 'assets/img/photo-camera-gray.svg'),
(46, 'BATONNET CHOCOLAT', 'UNITE', '120000', NULL, 'BATONNET CHOCOLAT', '2022-06-03 13:32:58', '1', '0', 1, 1, 1, 'assets/img/photo-camera-gray.svg'),
(47, 'BECOM INTERO', 'UNITE', '165000', NULL, 'BECOM INTERO', '2022-06-03 13:32:58', '1', '0', 1, 1, 1, 'assets/img/photo-camera-gray.svg'),
(48, 'BECON', 'UNITE', '160000', NULL, 'BECON', '2022-06-03 13:32:58', '1', '0', 1, 1, 1, 'assets/img/photo-camera-gray.svg'),
(49, 'BECON PORC', 'UNITE', '160000', NULL, 'BECON PORC', '2022-06-03 13:32:58', '1', '0', 1, 1, 1, 'assets/img/photo-camera-gray.svg'),
(50, 'BECON TRANCHE', 'UNITE', '80000', NULL, 'BECON TRANCHE', '2022-06-03 13:32:58', '1', '0', 1, 1, 1, 'assets/img/photo-camera-gray.svg'),
(51, 'BEN DELS', 'UNITE', '45000', NULL, 'BEN DELS', '2022-06-03 13:32:58', '1', '0', 1, 1, 1, 'assets/img/photo-camera-gray.svg'),
(52, 'BETERAVE', 'UNITE', '60000', NULL, 'BETERAVE', '2022-06-03 13:32:58', '1', '0', 1, 1, 1, 'assets/img/photo-camera-gray.svg'),
(53, 'BETERAVE EN BOITE', 'UNITE', '50000', NULL, 'BETERAVE EN BOITE', '2022-06-03 13:32:58', '1', '0', 1, 1, 1, 'assets/img/photo-camera-gray.svg'),
(54, 'BEURRE', 'UNITE', '110000', NULL, 'BEURRE', '2022-06-03 13:32:58', '1', '0', 1, 1, 1, 'assets/img/photo-camera-gray.svg'),
(55, 'BEURRE  FEUILLET�E', 'UNITE', '75000', NULL, 'BEURRE  FEUILLET�E', '2022-06-03 13:32:58', '1', '0', 1, 1, 1, 'assets/img/photo-camera-gray.svg'),
(56, 'BEURRE ARMATTI 4.5', 'UNITE', '110000', NULL, 'BEURRE ARMATTI 4.5', '2022-06-03 13:32:58', '1', '0', 1, 1, 1, 'assets/img/photo-camera-gray.svg'),
(57, 'BEURRE DOUX', 'UNITE', '40000', NULL, 'BEURRE DOUX', '2022-06-03 13:32:58', '1', '0', 1, 1, 1, 'assets/img/photo-camera-gray.svg'),
(58, 'BEURRE JADIDA 1KG', 'UNITE', '50000', NULL, 'BEURRE JADIDA 1KG', '2022-06-03 13:32:58', '1', '0', 1, 1, 1, 'assets/img/photo-camera-gray.svg'),
(59, 'BEURRE JADIDA 2.5KG', 'UNITE', '75000', NULL, 'BEURRE JADIDA 2.5KG', '2022-06-03 13:32:58', '1', '0', 1, 1, 1, 'assets/img/photo-camera-gray.svg'),
(60, 'BEURRE JADIDA 4.5KG', 'UNITE', '120000', NULL, 'BEURRE JADIDA 4.5KG', '2022-06-03 13:32:58', '1', '0', 1, 1, 1, 'assets/img/photo-camera-gray.svg'),
(61, 'BEURRE MAGARINE PLAQUETTE', 'UNITE', '40000', NULL, 'BEURRE MAGARINE PLAQUETTE', '2022-06-03 13:32:58', '1', '0', 1, 1, 1, 'assets/img/photo-camera-gray.svg'),
(62, 'BEURRE PLAQUETTE 1000G', 'UNITE', '40000', NULL, 'BEURRE PLAQUETTE 1000G', '2022-06-03 13:32:58', '1', '0', 1, 1, 1, 'assets/img/photo-camera-gray.svg'),
(63, 'BICARBONATE ALIMENT', 'UNITE', '16000', NULL, 'BICARBONATE ALIMENT', '2022-06-03 13:32:58', '1', '0', 1, 1, 1, 'assets/img/photo-camera-gray.svg'),
(64, 'BIGARREAUX EN SIROP', 'UNITE', '48000', NULL, 'BIGARREAUX EN SIROP', '2022-06-03 13:32:58', '1', '0', 1, 1, 1, 'assets/img/photo-camera-gray.svg'),
(65, 'BIKAI CUMIN DOUCE', 'UNITE', '34000', NULL, 'BIKAI CUMIN DOUCE', '2022-06-03 13:32:58', '1', '0', 1, 1, 1, 'assets/img/photo-camera-gray.svg'),
(66, 'BISAP', 'UNITE', '26000', NULL, 'BISAP', '2022-06-03 13:32:58', '1', '0', 1, 1, 1, 'assets/img/photo-camera-gray.svg'),
(67, 'BISCUIT CUISINE MATERA', 'UNITE', '15000', NULL, 'BISCUIT CUISINE MATERA', '2022-06-03 13:32:58', '1', '0', 1, 1, 1, 'assets/img/photo-camera-gray.svg'),
(68, 'BISCUIT SALES', 'UNITE', '40000', NULL, 'BISCUIT SALES', '2022-06-03 13:32:58', '1', '0', 1, 1, 1, 'assets/img/photo-camera-gray.svg'),
(69, 'BLANC DE POULET', 'UNITE', '11600', NULL, 'BLANC DE POULET', '2022-06-03 13:32:58', '1', '0', 1, 1, 1, 'assets/img/photo-camera-gray.svg'),
(70, 'BLEU D\'AUVERGNE PASTERISE', 'UNITE', '182000', NULL, 'BLEU D\'AUVERGNE PASTERISE', '2022-06-03 13:32:58', '1', '0', 1, 1, 1, 'assets/img/photo-camera-gray.svg'),
(71, 'BOUDIN FARINE', 'UNITE', '30000', NULL, 'BOUDIN FARINE', '2022-06-03 13:32:58', '1', '0', 1, 1, 1, 'assets/img/photo-camera-gray.svg'),
(72, 'BOUDIN NOIR', 'UNITE', '30000', NULL, 'BOUDIN NOIR', '2022-06-03 13:32:58', '1', '0', 1, 1, 1, 'assets/img/photo-camera-gray.svg'),
(73, 'BOUQUET GARNIS', 'UNITE', '53000', NULL, 'BOUQUET GARNIS', '2022-06-03 13:32:58', '1', '0', 1, 1, 1, 'assets/img/photo-camera-gray.svg'),
(74, 'BOURBON', 'UNITE', '20000', NULL, 'BOURBON', '2022-06-03 13:32:58', '1', '0', 1, 1, 1, 'assets/img/photo-camera-gray.svg'),
(75, 'BRITANNIA', 'UNITE', '30000', NULL, 'BRITANNIA', '2022-06-03 13:32:58', '1', '0', 1, 1, 1, 'assets/img/photo-camera-gray.svg'),
(76, 'BROCHE', 'UNITE', '25000', NULL, 'BROCHE', '2022-06-03 13:32:58', '1', '0', 1, 1, 1, 'assets/img/photo-camera-gray.svg'),
(77, 'BROCOLIE', 'UNITE', '95000', NULL, 'BROCOLIE', '2022-06-03 13:32:58', '1', '0', 1, 1, 1, 'assets/img/photo-camera-gray.svg'),
(78, 'BROCOLIE GM', 'UNITE', '85000', NULL, 'BROCOLIE GM', '2022-06-03 13:32:58', '1', '0', 1, 1, 1, 'assets/img/photo-camera-gray.svg'),
(79, 'CACAO EN POUDRE', 'UNITE', '80000', NULL, 'CACAO EN POUDRE', '2022-06-03 13:32:58', '1', '0', 1, 1, 1, 'assets/img/photo-camera-gray.svg'),
(80, 'CACHE NEZ', 'UNITE', '12000', NULL, 'CACHE NEZ', '2022-06-03 13:32:58', '1', '0', 1, 1, 1, 'assets/img/photo-camera-gray.svg'),
(81, 'CAKE CHOCOLAT MELANGE15KG', 'UNITE', '55000', NULL, 'CAKE CHOCOLAT MELANGE15KG', '2022-06-03 13:32:58', '1', '0', 1, 1, 1, 'assets/img/photo-camera-gray.svg'),
(82, 'CAKE NEUTRE MELANGE 15 KG', 'UNITE', '45000', NULL, 'CAKE NEUTRE MELANGE 15 KG', '2022-06-03 13:32:58', '1', '0', 1, 1, 1, 'assets/img/photo-camera-gray.svg'),
(83, 'CAMEMBERT', 'UNITE', '46000', NULL, 'CAMEMBERT', '2022-06-03 13:32:58', '1', '0', 1, 1, 1, 'assets/img/photo-camera-gray.svg'),
(84, 'CANARD', 'UNITE', '140000', NULL, 'CANARD', '2022-06-03 13:32:58', '1', '0', 1, 1, 1, 'assets/img/photo-camera-gray.svg'),
(85, 'CANNELLE EN BATON', 'UNITE', '49000', NULL, 'CANNELLE EN BATON', '2022-06-03 13:32:58', '1', '0', 1, 1, 1, 'assets/img/photo-camera-gray.svg'),
(86, 'CANNELLE MOULUE', 'UNITE', '25000', NULL, 'CANNELLE MOULUE', '2022-06-03 13:32:58', '1', '0', 1, 1, 1, 'assets/img/photo-camera-gray.svg'),
(87, 'CAPITAINE ENTIER', 'UNITE', '55000', NULL, 'CAPITAINE ENTIER', '2022-06-03 13:32:58', '1', '0', 1, 1, 1, 'assets/img/photo-camera-gray.svg'),
(88, 'CAROTTE', 'UNITE', '35000', NULL, 'CAROTTE', '2022-06-03 13:32:58', '1', '0', 1, 1, 1, 'assets/img/photo-camera-gray.svg'),
(89, 'CAROTTE EN BOITE', 'UNITE', '55000', NULL, 'CAROTTE EN BOITE', '2022-06-03 13:32:58', '1', '0', 1, 1, 1, 'assets/img/photo-camera-gray.svg'),
(90, 'CAROTTE SURGELLE', 'UNITE', '90000', NULL, 'CAROTTE SURGELLE', '2022-06-03 13:32:58', '1', '0', 1, 1, 1, 'assets/img/photo-camera-gray.svg'),
(91, 'CARPE ROUGE', 'UNITE', '60000', NULL, 'CARPE ROUGE', '2022-06-03 13:32:58', '1', '0', 1, 1, 1, 'assets/img/photo-camera-gray.svg'),
(92, 'CASSONADE', 'UNITE', '60000', NULL, 'CASSONADE', '2022-06-03 13:32:58', '1', '0', 1, 1, 1, 'assets/img/photo-camera-gray.svg'),
(93, 'CELERIE', 'UNITE', '95000', NULL, 'CELERIE', '2022-06-03 13:32:58', '1', '0', 1, 1, 1, 'assets/img/photo-camera-gray.svg'),
(94, 'CEREALE COP', 'UNITE', '38000', NULL, 'CEREALE COP', '2022-06-03 13:32:58', '1', '0', 1, 1, 1, 'assets/img/photo-camera-gray.svg'),
(95, 'CERFEUIL', 'UNITE', '60000', NULL, 'CERFEUIL', '2022-06-03 13:32:58', '1', '0', 1, 1, 1, 'assets/img/photo-camera-gray.svg'),
(96, 'CERISE', 'UNITE', '212000', NULL, 'CERISE', '2022-06-03 13:32:58', '1', '0', 1, 1, 1, 'assets/img/photo-camera-gray.svg'),
(97, 'CHAMPIGNON SURGELLE', 'UNITE', '95000', NULL, 'CHAMPIGNON SURGELLE', '2022-06-03 13:32:58', '1', '0', 1, 1, 1, 'assets/img/photo-camera-gray.svg'),
(98, 'CHAMPION', 'UNITE', '35000', NULL, 'CHAMPION', '2022-06-03 13:32:58', '1', '0', 1, 1, 1, 'assets/img/photo-camera-gray.svg'),
(99, 'CHAMPION GM', 'UNITE', '45000', NULL, 'CHAMPION GM', '2022-06-03 13:32:58', '1', '0', 1, 1, 1, 'assets/img/photo-camera-gray.svg'),
(100, 'CHANTILLY BLANC EN POUDRE 7KG', 'UNITE', '25000', NULL, 'CHANTILLY BLANC EN POUDRE 7KG', '2022-06-03 13:32:58', '1', '0', 1, 1, 1, 'assets/img/photo-camera-gray.svg'),
(101, 'CHARBON', 'UNITE', '50000', NULL, 'CHARBON', '2022-06-03 13:32:58', '1', '0', 1, 1, 1, 'assets/img/photo-camera-gray.svg'),
(102, 'CHATEAUX DE FRANCE', 'UNITE', '9000', NULL, 'CHATEAUX DE FRANCE', '2022-06-03 13:32:58', '1', '0', 3, 23, 1, 'assets/img/photo-camera-gray.svg'),
(103, 'CHEF COOKING CREAM', 'UNITE', '75000', NULL, 'CHEF COOKING CREAM', '2022-06-03 13:32:58', '1', '0', 1, 1, 1, 'assets/img/photo-camera-gray.svg'),
(104, 'CHOCCOQUIK', 'UNITE', '35000', NULL, 'CHOCCOQUIK', '2022-06-03 13:32:58', '1', '0', 1, 1, 1, 'assets/img/photo-camera-gray.svg'),
(105, 'CHOCLA LATEY', 'UNITE', '26000', NULL, 'CHOCLA LATEY', '2022-06-03 13:32:58', '1', '0', 1, 1, 1, 'assets/img/photo-camera-gray.svg'),
(106, 'CHOCOLAT BLANC PM', 'UNITE', '45000', NULL, 'CHOCOLAT BLANC PM', '2022-06-03 13:32:58', '1', '0', 1, 1, 1, 'assets/img/photo-camera-gray.svg'),
(107, 'CHOCOLAT DE COUVRTURE', 'UNITE', '310000', NULL, 'CHOCOLAT DE COUVRTURE', '2022-06-03 13:32:58', '1', '0', 1, 1, 1, 'assets/img/photo-camera-gray.svg'),
(108, 'CHOCOLAT DESSERT', 'UNITE', '60000', NULL, 'CHOCOLAT DESSERT', '2022-06-03 13:32:58', '1', '0', 1, 1, 1, 'assets/img/photo-camera-gray.svg'),
(109, 'CHOCOLAT NOIR', 'UNITE', '75000', NULL, 'CHOCOLAT NOIR', '2022-06-03 13:32:58', '1', '0', 1, 1, 1, 'assets/img/photo-camera-gray.svg'),
(110, 'CHORICO CORRENTE', 'UNITE', '22500', NULL, 'CHORICO CORRENTE', '2022-06-03 13:32:58', '1', '0', 1, 1, 1, 'assets/img/photo-camera-gray.svg'),
(111, 'CHORI�O GM', 'UNITE', '65000', NULL, 'CHORI�O GM', '2022-06-03 13:32:58', '0', '0', 1, 1, 1, 'assets/img/photo-camera-gray.svg'),
(112, 'CHORICO PM', 'UNITE', '35000', NULL, 'CHORICO PM', '2022-06-03 13:32:58', '1', '0', 1, 8, 1, 'assets/img/photo-camera-gray.svg'),
(113, 'CHOUX', 'UNITE', '15000', NULL, 'CHOUX', '2022-06-03 13:32:58', '1', '0', 1, 1, 1, 'assets/img/photo-camera-gray.svg'),
(114, 'CHOUX DE BRUXELLE', 'UNITE', '60000', NULL, 'CHOUX DE BRUXELLE', '2022-06-03 13:32:58', '1', '0', 1, 1, 1, 'assets/img/photo-camera-gray.svg'),
(115, 'CHOUX FLEUR FRAIS PM', 'UNITE', '29000', NULL, 'CHOUX FLEUR FRAIS PM', '2022-06-03 13:32:58', '1', '0', 1, 1, 1, 'assets/img/photo-camera-gray.svg'),
(116, 'CHOUX FREUR GM', 'UNITE', '85000', NULL, 'CHOUX FREUR GM', '2022-06-03 13:32:58', '1', '0', 1, 1, 1, 'assets/img/photo-camera-gray.svg'),
(117, 'CIBOULLETTE', 'UNITE', '10000', NULL, 'CIBOULLETTE', '2022-06-03 13:32:58', '1', '0', 1, 1, 1, 'assets/img/photo-camera-gray.svg'),
(118, 'CITRON', 'UNITE', '30000', NULL, 'CITRON', '2022-06-03 13:32:58', '1', '0', 1, 1, 1, 'assets/img/photo-camera-gray.svg'),
(119, 'CLOUS DE GIROFLE POUDRE', 'UNITE', '25000', NULL, 'CLOUS DE GIROFLE POUDRE', '2022-06-03 13:32:58', '1', '0', 1, 1, 1, 'assets/img/photo-camera-gray.svg'),
(120, 'COCA', 'UNITE', '10000', NULL, 'COCA', '2022-06-03 13:32:58', '1', '0', 1, 1, 1, 'assets/img/photo-camera-gray.svg'),
(121, 'COCA LIGHT', 'UNITE', '10000', NULL, 'COCA LIGHT', '2022-06-03 13:32:58', '1', '0', 1, 1, 1, 'assets/img/photo-camera-gray.svg'),
(122, 'COCO RAPE', 'UNITE', '55000', NULL, 'COCO RAPE', '2022-06-03 13:32:58', '1', '0', 1, 1, 1, 'assets/img/photo-camera-gray.svg'),
(123, 'COCONUT LAIT', 'UNITE', '25000', NULL, 'COCONUT LAIT', '2022-06-03 13:32:58', '1', '0', 1, 1, 1, 'assets/img/photo-camera-gray.svg'),
(124, 'COCTAIL FRUIT', 'UNITE', '50000', NULL, 'COCTAIL FRUIT', '2022-06-03 13:32:58', '1', '0', 1, 1, 1, 'assets/img/photo-camera-gray.svg'),
(125, 'COICISSE PETIT', 'UNITE', '27000', NULL, 'COICISSE PETIT', '2022-06-03 13:32:58', '1', '0', 1, 1, 1, 'assets/img/photo-camera-gray.svg'),
(126, 'COLA LIGHT', 'UNITE', '10000', NULL, 'COLA LIGHT', '2022-06-03 13:32:58', '1', '0', 1, 1, 1, 'assets/img/photo-camera-gray.svg'),
(127, 'COLLE PAPIER', 'UNITE', '15000', NULL, 'COLLE PAPIER', '2022-06-03 13:32:58', '1', '0', 1, 1, 1, 'assets/img/photo-camera-gray.svg'),
(128, 'COLLE SCOTCH GM', 'UNITE', '50000', NULL, 'COLLE SCOTCH GM', '2022-06-03 13:32:58', '1', '0', 1, 8, 1, 'assets/img/photo-camera-gray.svg'),
(129, 'COLORANT  EN  POUDRE', 'UNITE', '12000', NULL, 'COLORANT  EN  POUDRE', '2022-06-03 13:32:58', '1', '0', 1, 1, 1, 'assets/img/photo-camera-gray.svg'),
(130, 'COLORANT ALIMENTAIRE', 'UNITE', '44000', NULL, 'COLORANT ALIMENTAIRE', '2022-06-03 13:32:58', '1', '0', 1, 1, 1, 'assets/img/photo-camera-gray.svg'),
(131, 'COLORANT BLEUE', 'UNITE', '403000', NULL, 'COLORANT BLEUE', '2022-06-03 13:32:58', '1', '0', 1, 1, 1, 'assets/img/photo-camera-gray.svg'),
(132, 'COLORANT JAUNE CITRON', 'UNITE', '20000', NULL, 'COLORANT JAUNE CITRON', '2022-06-03 13:32:58', '1', '0', 1, 1, 1, 'assets/img/photo-camera-gray.svg'),
(133, 'COLORANT ORANGE', 'UNITE', '183000', NULL, 'COLORANT ORANGE', '2022-06-03 13:32:58', '1', '0', 1, 1, 1, 'assets/img/photo-camera-gray.svg'),
(134, 'COLORANT PISTACHE', 'UNITE', '250000', NULL, 'COLORANT PISTACHE', '2022-06-03 13:32:58', '1', '0', 1, 1, 1, 'assets/img/photo-camera-gray.svg'),
(135, 'COLORANT VIOLET', 'UNITE', '330000', NULL, 'COLORANT VIOLET', '2022-06-03 13:32:58', '1', '0', 1, 1, 1, 'assets/img/photo-camera-gray.svg'),
(136, 'COMMANDO', 'UNITE', '215000', NULL, 'COMMANDO', '2022-06-03 13:32:58', '1', '0', 1, 1, 1, 'assets/img/photo-camera-gray.svg'),
(138, 'CONFITURE', 'UNITE', '60000', NULL, 'CONFITURE', '2022-06-03 13:32:58', '1', '0', 1, 1, 1, 'assets/img/photo-camera-gray.svg'),
(139, 'CONFITURE GM', 'UNITE', '70000', NULL, 'CONFITURE GM', '2022-06-03 13:32:58', '1', '0', 1, 1, 1, 'assets/img/photo-camera-gray.svg'),
(140, 'CONFITURE GM 55', 'UNITE', '65000', NULL, 'CONFITURE GM 55', '2022-06-03 13:32:58', '1', '0', 1, 1, 1, 'assets/img/photo-camera-gray.svg'),
(141, 'CORNBOEUF', 'UNITE', '22000', NULL, 'CORNBOEUF', '2022-06-03 13:32:58', '1', '0', 1, 1, 1, 'assets/img/photo-camera-gray.svg'),
(142, 'CORNEFLAKS', 'UNITE', '90000', NULL, 'CORNEFLAKS', '2022-06-03 13:32:58', '1', '0', 1, 1, 1, 'assets/img/photo-camera-gray.svg'),
(143, 'CORNICHON', 'UNITE', '30000', NULL, 'CORNICHON', '2022-06-03 13:32:58', '1', '0', 1, 1, 1, 'assets/img/photo-camera-gray.svg'),
(144, 'CORNICHON GM', 'UNITE', '50000', NULL, 'CORNICHON GM', '2022-06-03 13:32:58', '1', '0', 1, 1, 1, 'assets/img/photo-camera-gray.svg'),
(145, 'COURGETTE', 'UNITE', '95000', NULL, 'COURGETTE', '2022-06-03 13:32:58', '1', '0', 1, 1, 1, 'assets/img/photo-camera-gray.svg'),
(146, 'COUSCOUS', 'UNITE', '25000', NULL, 'COUSCOUS', '2022-06-03 13:32:58', '1', '0', 1, 1, 1, 'assets/img/photo-camera-gray.svg'),
(147, 'COUTAUX JETABLE', 'UNITE', '20000', NULL, 'COUTAUX JETABLE', '2022-06-03 13:32:58', '1', '0', 1, 1, 1, 'assets/img/photo-camera-gray.svg'),
(148, 'COZIDO( VIANDE ASSORTIE)', 'UNITE', '47000', NULL, 'COZIDO( VIANDE ASSORTIE)', '2022-06-03 13:32:58', '1', '0', 1, 1, 1, 'assets/img/photo-camera-gray.svg'),
(149, 'CRABES', 'UNITE', '60000', NULL, 'CRABES', '2022-06-03 13:32:58', '1', '0', 1, 1, 1, 'assets/img/photo-camera-gray.svg'),
(150, 'CRACKERS', 'UNITE', '25000', NULL, 'CRACKERS', '2022-06-03 13:32:58', '1', '0', 1, 1, 1, 'assets/img/photo-camera-gray.svg'),
(151, 'CRAKERS', 'UNITE', '30000', NULL, 'CRAKERS', '2022-06-03 13:32:58', '1', '0', 1, 1, 1, 'assets/img/photo-camera-gray.svg'),
(152, 'CREME A RECUREDEGRESER', 'UNITE', '35000', NULL, 'CREME A RECUREDEGRESER', '2022-06-03 13:32:58', '1', '0', 1, 1, 1, 'assets/img/photo-camera-gray.svg'),
(153, 'CREME FRAICHE', 'UNITE', '70000', NULL, 'CREME FRAICHE', '2022-06-03 13:32:58', '1', '0', 1, 1, 1, 'assets/img/photo-camera-gray.svg'),
(154, 'CREME PATISSIERE', 'UNITE', '48000', NULL, 'CREME PATISSIERE', '2022-06-03 13:32:58', '1', '0', 1, 1, 1, 'assets/img/photo-camera-gray.svg'),
(155, 'CREVETTE', 'UNITE', '130000', NULL, 'CREVETTE', '2022-06-03 13:32:58', '1', '0', 1, 1, 1, 'assets/img/photo-camera-gray.svg'),
(156, 'CUCUMA', 'UNITE', '110000', NULL, 'CUCUMA', '2022-06-03 13:32:58', '1', '0', 1, 1, 1, 'assets/img/photo-camera-gray.svg'),
(157, 'CUIERRE A CAFE JETAB', 'UNITE', '15000', NULL, 'CUIERRE A CAFE JETAB', '2022-06-03 13:32:58', '1', '0', 1, 1, 1, 'assets/img/photo-camera-gray.svg'),
(158, 'CUILLERE JETABLE', 'UNITE', '1000', NULL, 'CUILLERE JETABLE', '2022-06-03 13:32:58', '1', '0', 1, 1, 1, 'assets/img/photo-camera-gray.svg'),
(159, 'CUMIN ENTIER', 'UNITE', '60000', NULL, 'CUMIN ENTIER', '2022-06-03 13:32:58', '1', '0', 1, 1, 1, 'assets/img/photo-camera-gray.svg'),
(160, 'CUMUIN MOULU', 'UNITE', '35000', NULL, 'CUMUIN MOULU', '2022-06-03 13:32:58', '1', '0', 1, 1, 1, 'assets/img/photo-camera-gray.svg'),
(161, 'CURDENT', 'UNITE', '15000', NULL, 'CURDENT', '2022-06-03 13:32:58', '1', '0', 1, 1, 1, 'assets/img/photo-camera-gray.svg'),
(162, 'CURE DENT', 'UNITE', '10000', NULL, 'CURE DENT', '2022-06-03 13:32:58', '1', '0', 1, 1, 1, 'assets/img/photo-camera-gray.svg'),
(163, 'CUSTARD', 'UNITE', '25000', NULL, 'CUSTARD', '2022-06-03 13:32:58', '1', '0', 1, 1, 1, 'assets/img/photo-camera-gray.svg'),
(164, 'DECORATION GATTEAU', 'UNITE', '70000', NULL, 'DECORATION GATTEAU', '2022-06-03 13:32:58', '1', '0', 1, 1, 1, 'assets/img/photo-camera-gray.svg'),
(165, 'DECUP FOUR', 'UNITE', '45000', NULL, 'DECUP FOUR', '2022-06-03 13:32:58', '1', '0', 1, 1, 1, 'assets/img/photo-camera-gray.svg'),
(166, 'DELICIOUS', 'UNITE', '30000', NULL, 'DELICIOUS', '2022-06-03 13:32:58', '1', '0', 1, 1, 1, 'assets/img/photo-camera-gray.svg'),
(167, 'DEMI ABRICOTS TABANA', 'UNITE', '40000', NULL, 'DEMI ABRICOTS TABANA', '2022-06-03 13:32:58', '1', '0', 1, 1, 1, 'assets/img/photo-camera-gray.svg'),
(168, 'DETOL', 'UNITE', '50000', NULL, 'DETOL', '2022-06-03 13:32:58', '1', '0', 1, 1, 1, 'assets/img/photo-camera-gray.svg'),
(169, 'DINDE IMPORTE', 'UNITE', '158000', NULL, 'DINDE IMPORTE', '2022-06-03 13:32:58', '1', '0', 1, 1, 1, 'assets/img/photo-camera-gray.svg'),
(170, 'DOMO', 'UNITE', '20000', NULL, 'DOMO', '2022-06-03 13:32:58', '1', '0', 1, 1, 1, 'assets/img/photo-camera-gray.svg'),
(172, 'DOUBLEMENT', 'UNITE', '15000', NULL, 'DOUBLEMENT', '2022-06-03 13:32:58', '1', '0', 1, 1, 1, 'assets/img/photo-camera-gray.svg'),
(173, 'EAU BONBONNE', 'UNITE', '60000', NULL, 'EAU BONBONNE', '2022-06-03 13:32:58', '1', '0', 1, 1, 1, 'assets/img/photo-camera-gray.svg'),
(174, 'EAU BOUTEILLE AWAYE OU AUTRE', 'UNITE', '7000', NULL, 'EAU BOUTEILLE AWAYE OU AUTRE', '2022-06-03 13:32:58', '1', '0', 1, 1, 1, 'assets/img/photo-camera-gray.svg'),
(175, 'EAU SALAM', 'UNITE', '5000', NULL, 'EAU SALAM', '2022-06-03 13:32:58', '1', '0', 1, 8, 1, 'assets/img/photo-camera-gray.svg'),
(176, 'EAUX SACHETS', 'UNITE', '15000', NULL, 'EAUX SACHETS', '2022-06-03 13:32:58', '1', '0', 1, 1, 1, 'assets/img/photo-camera-gray.svg'),
(177, 'ECHALLOTTE FRAIS', 'UNITE', '40000', NULL, 'ECHALLOTTE FRAIS', '2022-06-03 13:32:58', '1', '0', 1, 1, 1, 'assets/img/photo-camera-gray.svg'),
(178, 'EMMENTAL', 'UNITE', '170000', NULL, 'EMMENTAL', '2022-06-03 13:32:58', '1', '0', 1, 1, 1, 'assets/img/photo-camera-gray.svg'),
(179, 'EPICE CLOU DE GIROFLE', 'UNITE', '49000', NULL, 'EPICE CLOU DE GIROFLE', '2022-06-03 13:32:58', '1', '0', 1, 1, 1, 'assets/img/photo-camera-gray.svg'),
(180, 'EPICE CURCUMA', 'UNITE', '49000', NULL, 'EPICE CURCUMA', '2022-06-03 13:32:58', '1', '0', 1, 1, 1, 'assets/img/photo-camera-gray.svg'),
(181, 'EPICE ORIGAN', 'UNITE', '49000', NULL, 'EPICE ORIGAN', '2022-06-03 13:32:58', '1', '0', 1, 1, 1, 'assets/img/photo-camera-gray.svg'),
(182, 'EPICE POUDRE DE CORIANDRE', 'UNITE', '49000', NULL, 'EPICE POUDRE DE CORIANDRE', '2022-06-03 13:32:58', '1', '0', 1, 1, 1, 'assets/img/photo-camera-gray.svg'),
(183, 'EPINARD BLANCHE', 'UNITE', '34000', NULL, 'EPINARD BLANCHE', '2022-06-03 13:32:58', '1', '0', 1, 1, 1, 'assets/img/photo-camera-gray.svg'),
(184, 'EPINARD HACHE', 'UNITE', '35000', NULL, 'EPINARD HACHE', '2022-06-03 13:32:58', '1', '0', 1, 1, 1, 'assets/img/photo-camera-gray.svg'),
(185, 'EPINARD HACH� LEGUME', 'UNITE', '45000', NULL, 'EPINARD HACH� LEGUME', '2022-06-03 13:32:58', '1', '0', 1, 1, 1, 'assets/img/photo-camera-gray.svg'),
(186, 'EPINARD SURGELLE', 'UNITE', '85000', NULL, 'EPINARD SURGELLE', '2022-06-03 13:32:58', '1', '0', 1, 1, 1, 'assets/img/photo-camera-gray.svg'),
(188, 'EPONGE VEGETAL', 'UNITE', '15000', NULL, 'EPONGE VEGETAL', '2022-06-03 13:32:58', '1', '0', 1, 1, 1, 'assets/img/photo-camera-gray.svg'),
(189, 'EPULSEUR', 'UNITE', '20000', NULL, 'EPULSEUR', '2022-06-03 13:32:58', '1', '0', 1, 1, 1, 'assets/img/photo-camera-gray.svg'),
(190, 'ESSUE TOUT', 'UNITE', '40000', NULL, 'ESSUE TOUT', '2022-06-03 13:32:58', '1', '0', 1, 1, 1, 'assets/img/photo-camera-gray.svg'),
(191, 'ESTRAGON EPICES', 'UNITE', '25000', NULL, 'ESTRAGON EPICES', '2022-06-03 13:32:58', '1', '0', 1, 1, 1, 'assets/img/photo-camera-gray.svg'),
(192, 'EXTRA', 'UNITE', '35000', NULL, 'EXTRA', '2022-06-03 13:32:58', '1', '0', 1, 1, 1, 'assets/img/photo-camera-gray.svg'),
(193, 'EXTRA PM', 'UNITE', '15000', NULL, 'EXTRA PM', '2022-06-03 13:32:58', '1', '0', 1, 1, 1, 'assets/img/photo-camera-gray.svg'),
(194, 'FAGOT', 'UNITE', '70000', NULL, 'FAGOT', '2022-06-03 13:32:58', '1', '0', 1, 1, 1, 'assets/img/photo-camera-gray.svg'),
(195, 'FANTA', 'UNITE', '10000', NULL, 'FANTA', '2022-06-03 13:32:58', '1', '0', 1, 1, 1, 'assets/img/photo-camera-gray.svg'),
(196, 'FARINE', 'UNITE', '385000', NULL, 'FARINE', '2022-06-03 13:32:58', '1', '0', 1, 1, 1, 'assets/img/photo-camera-gray.svg'),
(197, 'FARINE DE BLE', 'UNITE', '180000', NULL, 'FARINE DE BLE', '2022-06-03 13:32:58', '1', '0', 1, 1, 1, 'assets/img/photo-camera-gray.svg'),
(198, 'FARINHERA', 'UNITE', '65000', NULL, 'FARINHERA', '2022-06-03 13:32:58', '1', '0', 1, 1, 1, 'assets/img/photo-camera-gray.svg'),
(199, 'FATALA', 'UNITE', '40000', NULL, 'FATALA', '2022-06-03 13:32:58', '1', '0', 1, 1, 1, 'assets/img/photo-camera-gray.svg'),
(200, 'FAXE BLANC', 'UNITE', '10000', NULL, 'FAXE BLANC', '2022-06-03 13:32:58', '1', '0', 1, 1, 1, 'assets/img/photo-camera-gray.svg'),
(201, 'FAXE NOIR', 'UNITE', '25000', NULL, 'FAXE NOIR', '2022-06-03 13:32:58', '1', '0', 1, 1, 1, 'assets/img/photo-camera-gray.svg'),
(202, 'FECULE DE MAIS', 'UNITE', '30000', NULL, 'FECULE DE MAIS', '2022-06-03 13:32:58', '1', '0', 1, 1, 1, 'assets/img/photo-camera-gray.svg'),
(203, 'FEUILLE DE MANIOC', 'UNITE', '70000', NULL, 'FEUILLE DE MANIOC', '2022-06-03 13:32:58', '1', '0', 1, 1, 1, 'assets/img/photo-camera-gray.svg'),
(204, 'FEUILLE DE PATATE', 'UNITE', '70000', NULL, 'FEUILLE DE PATATE', '2022-06-03 13:32:58', '1', '0', 1, 1, 1, 'assets/img/photo-camera-gray.svg'),
(205, 'FIAMBRE BARRA', 'UNITE', '105000', NULL, 'FIAMBRE BARRA', '2022-06-03 13:32:58', '1', '0', 1, 1, 1, 'assets/img/photo-camera-gray.svg'),
(206, 'FIAMBRE CORRENTE', 'UNITE', '75000', NULL, 'FIAMBRE CORRENTE', '2022-06-03 13:32:58', '1', '0', 1, 1, 1, 'assets/img/photo-camera-gray.svg'),
(207, 'FIAMBRE PEITO', 'UNITE', '105000', NULL, 'FIAMBRE PEITO', '2022-06-03 13:32:58', '1', '0', 1, 1, 1, 'assets/img/photo-camera-gray.svg'),
(208, 'FILET DE BOEUF', 'UNITE', '100000', NULL, 'FILET DE BOEUF', '2022-06-03 13:32:58', '1', '0', 1, 1, 1, 'assets/img/photo-camera-gray.svg'),
(209, 'FILET DE CAP OU POISSON', 'UNITE', '45000', NULL, 'FILET DE CAP OU POISSON', '2022-06-03 13:32:58', '1', '0', 1, 1, 1, 'assets/img/photo-camera-gray.svg'),
(210, 'FILET DE CAPITAINE', 'UNITE', '80000', NULL, 'FILET DE CAPITAINE', '2022-06-03 13:32:58', '1', '0', 1, 1, 1, 'assets/img/photo-camera-gray.svg'),
(211, 'FILET DE LOTTE', 'UNITE', '60000', NULL, 'FILET DE LOTTE', '2022-06-03 13:32:58', '1', '0', 1, 1, 1, 'assets/img/photo-camera-gray.svg'),
(212, 'FLAMAGO 180G', 'UNITE', '40000', NULL, 'FLAMAGO 180G', '2022-06-03 13:32:58', '1', '0', 1, 1, 1, 'assets/img/photo-camera-gray.svg'),
(213, 'FOIE DE BOEUF', 'UNITE', '40000', NULL, 'FOIE DE BOEUF', '2022-06-03 13:32:58', '1', '0', 1, 1, 1, 'assets/img/photo-camera-gray.svg'),
(214, 'FONDANT PATISIER', 'UNITE', '240000', NULL, 'FONDANT PATISIER', '2022-06-03 13:32:58', '1', '0', 1, 1, 1, 'assets/img/photo-camera-gray.svg'),
(215, 'FOSTER CLARK', 'UNITE', '45000', NULL, 'FOSTER CLARK', '2022-06-03 13:32:58', '1', '0', 1, 1, 1, 'assets/img/photo-camera-gray.svg'),
(216, 'FOUL MEDAMES', 'UNITE', '30000', NULL, 'FOUL MEDAMES', '2022-06-03 13:32:58', '1', '0', 1, 1, 1, 'assets/img/photo-camera-gray.svg'),
(217, 'FOURCETTE JETABLE', 'UNITE', '20000', NULL, 'FOURCETTE JETABLE', '2022-06-03 13:32:58', '1', '0', 1, 1, 1, 'assets/img/photo-camera-gray.svg'),
(218, 'FOURMOUNANI', 'UNITE', '80000', NULL, 'FOURMOUNANI', '2022-06-03 13:32:58', '1', '0', 1, 1, 1, 'assets/img/photo-camera-gray.svg'),
(219, 'FRAMBOISE', 'UNITE', '60000', NULL, 'FRAMBOISE', '2022-06-03 13:32:58', '1', '0', 1, 1, 1, 'assets/img/photo-camera-gray.svg'),
(220, 'FRITE SURGELLE', 'UNITE', '90000', NULL, 'FRITE', '2022-06-03 13:32:58', '1', '0', 1, 9, 1, 'assets/img/photo-camera-gray.svg'),
(221, 'FROMAGE AFREDO', 'UNITE', '75000', NULL, 'FROMAGE AFREDO', '2022-06-03 13:32:58', '1', '0', 1, 1, 1, 'assets/img/photo-camera-gray.svg'),
(222, 'FROMAGE CAMEMBERT', 'UNITE', '30000', NULL, 'FROMAGE CAMEMBERT', '2022-06-03 13:32:58', '1', '0', 1, 1, 1, 'assets/img/photo-camera-gray.svg'),
(223, 'FROMAGE CHEDDAR', 'UNITE', '25000', NULL, 'FROMAGE CHEDDAR', '2022-06-03 13:32:58', '1', '0', 1, 1, 1, 'assets/img/photo-camera-gray.svg'),
(224, 'FROMAGE MIMOLETTE', 'UNITE', '310000', NULL, 'FROMAGE MIMOLETTE', '2022-06-03 13:32:58', '1', '0', 1, 1, 1, 'assets/img/photo-camera-gray.svg'),
(225, 'FROMAGE MISTURA', 'UNITE', '45000', NULL, 'FROMAGE MISTURA', '2022-06-03 13:32:58', '1', '0', 1, 1, 1, 'assets/img/photo-camera-gray.svg'),
(226, 'FROMAGE MOZZARELLA BLOC', 'UNITE', '400000', NULL, 'FROMAGE MOZZARELLA BLOC', '2022-06-03 13:32:58', '1', '0', 1, 1, 1, 'assets/img/photo-camera-gray.svg'),
(227, 'FRUITS', 'UNITE', '220000', NULL, 'FRUITS', '2022-06-03 13:32:58', '1', '0', 1, 1, 1, 'assets/img/photo-camera-gray.svg'),
(228, 'FUFU', 'UNITE', '75000', NULL, 'FUFU', '2022-06-03 13:32:58', '1', '0', 1, 12, 1, 'assets/img/photo-camera-gray.svg'),
(229, 'GALBANI MASCARPONE', 'UNITE', '65000', NULL, 'GALBANI MASCARPONE', '2022-06-03 13:32:58', '1', '0', 1, 1, 1, 'assets/img/photo-camera-gray.svg'),
(230, 'GALETTES AU BEURRE MAISON DELSIN', 'UNITE', '30000', NULL, 'GALETTES AU BEURRE MAISON DELSIN', '2022-06-03 13:32:58', '1', '0', 1, 1, 1, 'assets/img/photo-camera-gray.svg'),
(231, 'GALETTES BRETONNES BELLE FRANCE', 'UNITE', '30000', NULL, 'GALETTES BRETONNES BELLE FRANCE', '2022-06-03 13:32:58', '1', '0', 1, 1, 1, 'assets/img/photo-camera-gray.svg'),
(232, 'GAMBAS', 'UNITE', '185000', NULL, 'GAMBAS', '2022-06-03 13:32:58', '1', '0', 1, 1, 1, 'assets/img/photo-camera-gray.svg'),
(233, 'GANAH FOOD', 'UNITE', '210000', NULL, 'GANAH FOOD', '2022-06-03 13:32:58', '1', '0', 1, 1, 1, 'assets/img/photo-camera-gray.svg'),
(234, 'GANTS', 'UNITE', '90000', NULL, 'GANTS', '2022-06-03 13:32:58', '1', '0', 1, 1, 1, 'assets/img/photo-camera-gray.svg'),
(235, 'GARNITURE FRAISE POT 5KG', 'UNITE', '490000', NULL, 'GARNITURE FRAISE POT 5KG', '2022-06-03 13:32:58', '1', '0', 1, 1, 1, 'assets/img/photo-camera-gray.svg'),
(236, 'GATEAUX', 'UNITE', '5000', NULL, 'GATEAUX', '2022-06-03 13:32:58', '1', '0', 1, 1, 1, 'assets/img/photo-camera-gray.svg'),
(237, 'GATEAUX  40000', 'UNITE', '40000', NULL, 'GATEAUX  40000', '2022-06-03 13:32:58', '1', '0', 1, 1, 1, 'assets/img/photo-camera-gray.svg'),
(238, 'GATEAUX  50000', 'UNITE', '50000', NULL, 'GATEAUX  50000', '2022-06-03 13:32:58', '1', '0', 1, 1, 1, 'assets/img/photo-camera-gray.svg'),
(239, 'GATEAUX 5000', 'UNITE', '5000', NULL, 'GATEAUX 5000', '2022-06-03 13:32:58', '1', '0', 1, 1, 1, 'assets/img/photo-camera-gray.svg'),
(240, 'GATEAUX ANNIVERSAIRE', 'UNITE', '200000', NULL, 'GATEAUX ANNIVERSAIRE', '2022-06-03 13:32:58', '1', '0', 1, 1, 1, 'assets/img/photo-camera-gray.svg'),
(241, 'GATEAUX D\'ANIVERSSAIRE', 'UNITE', '200000', NULL, 'GATEAUX D\'ANIVERSSAIRE', '2022-06-03 13:32:58', '1', '0', 1, 1, 1, 'assets/img/photo-camera-gray.svg'),
(242, 'GAZ', 'UNITE', '150000', NULL, 'GAZ', '2022-06-03 13:32:58', '1', '0', 1, 1, 1, 'assets/img/photo-camera-gray.svg'),
(243, 'GELATINE', 'UNITE', '20000', NULL, 'GELATINE', '2022-06-03 13:32:58', '1', '0', 1, 1, 1, 'assets/img/photo-camera-gray.svg'),
(244, 'GENGEMBRE', 'UNITE', '30000', NULL, 'GENGEMBRE', '2022-06-03 13:32:58', '1', '0', 1, 1, 1, 'assets/img/photo-camera-gray.svg'),
(245, 'GESSIER DE POULET', 'UNITE', '25000', NULL, 'GESSIER DE POULET', '2022-06-03 13:32:58', '1', '0', 1, 23, 1, 'assets/img/photo-camera-gray.svg'),
(246, 'GINGEMBRE', 'UNITE', '210000', NULL, 'GINGEMBRE', '2022-06-03 13:32:58', '1', '0', 1, 1, 1, 'assets/img/photo-camera-gray.svg'),
(247, 'GOMBO', 'UNITE', '70000', NULL, 'GOMBO', '2022-06-03 13:32:58', '1', '0', 1, 1, 1, 'assets/img/photo-camera-gray.svg'),
(248, 'GOUDA KROON', 'UNITE', '189000', NULL, 'GOUDA KROON', '2022-06-03 13:32:58', '1', '0', 1, 1, 1, 'assets/img/photo-camera-gray.svg'),
(249, 'GRENADINE', 'UNITE', '16000', NULL, 'GRENADINE', '2022-06-03 13:32:58', '1', '0', 1, 1, 1, 'assets/img/photo-camera-gray.svg'),
(250, 'GROS POISSON', 'UNITE', '55000', NULL, 'GROS POISSON', '2022-06-03 13:32:58', '1', '0', 1, 1, 1, 'assets/img/photo-camera-gray.svg'),
(251, 'HANDWASH', 'UNITE', '25000', NULL, 'HANDWASH', '2022-06-03 13:32:58', '1', '0', 1, 1, 1, 'assets/img/photo-camera-gray.svg'),
(252, 'HARICOT  VERT  F', 'UNITE', '40000', NULL, 'HARICOT  VERT  F', '2022-06-03 13:32:58', '1', '0', 1, 1, 1, 'assets/img/photo-camera-gray.svg'),
(253, 'HARICOT BLANC', 'UNITE', '27000', NULL, 'HARICOT BLANC', '2022-06-03 13:32:58', '1', '0', 1, 1, 1, 'assets/img/photo-camera-gray.svg'),
(254, 'HARICOT ROUGE  GM', 'UNITE', '30000', NULL, 'HARICOT ROUGE  GM', '2022-06-03 13:32:58', '1', '0', 1, 1, 1, 'assets/img/photo-camera-gray.svg'),
(255, 'HARICOT VERT', 'UNITE', '35000', NULL, 'HARICOT VERT', '2022-06-03 13:32:58', '1', '0', 1, 1, 1, 'assets/img/photo-camera-gray.svg'),
(256, 'HARICOT VERT SURGELE', 'UNITE', '65000', NULL, 'HARICOT VERT SURGELE', '2022-06-03 13:32:58', '1', '0', 1, 1, 1, 'assets/img/photo-camera-gray.svg'),
(257, 'HARICOTS ROUGE PM', 'UNITE', '20000', NULL, 'HARICOTS ROUGE PM', '2022-06-03 13:32:58', '1', '0', 1, 1, 1, 'assets/img/photo-camera-gray.svg'),
(258, 'HERBES DE PROVENCE', 'UNITE', '60000', NULL, 'HERBES DE PROVENCE', '2022-06-03 13:32:58', '1', '0', 1, 1, 1, 'assets/img/photo-camera-gray.svg'),
(259, 'HUIL DAR 5L', 'UNITE', '100000', NULL, 'HUIL DAR 5L', '2022-06-03 13:32:58', '1', '0', 1, 1, 1, 'assets/img/photo-camera-gray.svg'),
(260, 'HUILE  VEGETAL', 'UNITE', '370000', NULL, 'HUILE  VEGETAL', '2022-06-03 13:32:58', '1', '0', 1, 1, 1, 'assets/img/photo-camera-gray.svg'),
(261, 'HUILE DE TOUNESOL', 'UNITE', '35000', NULL, 'HUILE DE TOUNESOL', '2022-06-03 13:32:58', '1', '0', 1, 1, 1, 'assets/img/photo-camera-gray.svg'),
(262, 'HUILE D\'OLIVE', 'UNITE', '385000', NULL, 'HUILE D\'OLIVE', '2022-06-03 13:32:58', '1', '0', 1, 1, 1, 'assets/img/photo-camera-gray.svg'),
(263, 'HUILE D\'OLIVE 1LITRE', 'UNITE', '110000', NULL, 'HUILE D\'OLIVE 1LITRE', '2022-06-03 13:32:58', '1', '0', 1, 1, 1, 'assets/img/photo-camera-gray.svg'),
(264, 'HUILE ROUGE', 'UNITE', '60000', NULL, 'HUILE ROUGE', '2022-06-03 13:32:58', '1', '0', 1, 1, 1, 'assets/img/photo-camera-gray.svg'),
(265, 'HUILE ROUGE', 'UNITE', '200000', NULL, 'HUILE ROUGE', '2022-06-03 13:32:58', '1', '0', 1, 1, 1, 'assets/img/photo-camera-gray.svg'),
(266, 'HUILE ROUGE 20LITRE', 'UNITE', '200000', NULL, 'HUILE ROUGE 20LITRE', '2022-06-03 13:32:58', '1', '0', 1, 1, 1, 'assets/img/photo-camera-gray.svg'),
(267, 'HUILE SOCAM', 'UNITE', '130000', NULL, 'HUILE SOCAM', '2022-06-03 13:32:58', '1', '0', 1, 1, 1, 'assets/img/photo-camera-gray.svg'),
(268, 'ICING SUGAR', 'UNITE', '60000', NULL, 'ICING SUGAR', '2022-06-03 13:32:58', '1', '0', 1, 1, 1, 'assets/img/photo-camera-gray.svg'),
(269, 'INSECTICIDE', 'UNITE', '35000', NULL, 'INSECTICIDE', '2022-06-03 13:32:58', '1', '0', 1, 1, 1, 'assets/img/photo-camera-gray.svg'),
(270, 'JAMBON', 'UNITE', '330000', NULL, 'JAMBON', '2022-06-03 13:32:58', '1', '0', 1, 1, 1, 'assets/img/photo-camera-gray.svg'),
(271, 'JAMBON DE BAYON', 'UNITE', '510000', NULL, 'JAMBON DE BAYON', '2022-06-03 13:32:58', '1', '0', 1, 1, 1, 'assets/img/photo-camera-gray.svg'),
(272, 'JAMBON DE BOEUF', 'UNITE', '55000', NULL, 'JAMBON DE BOEUF', '2022-06-03 13:32:58', '1', '0', 1, 1, 1, 'assets/img/photo-camera-gray.svg'),
(273, 'JAMBON DE PORC', 'UNITE', '410000', NULL, 'JAMBON DE PORC', '2022-06-03 13:32:58', '1', '0', 1, 1, 1, 'assets/img/photo-camera-gray.svg'),
(274, 'JARRET DE PORC', 'UNITE', '125000', NULL, 'JARRET DE PORC', '2022-06-03 13:32:58', '1', '0', 1, 8, 1, 'assets/img/photo-camera-gray.svg'),
(275, 'JAVEL', 'UNITE', '27000', NULL, 'JAVEL', '2022-06-03 13:32:58', '1', '0', 1, 1, 1, 'assets/img/photo-camera-gray.svg'),
(276, 'JAVEL 2L', 'UNITE', '45000', NULL, 'JAVEL 2L', '2022-06-03 13:32:58', '1', '0', 1, 1, 1, 'assets/img/photo-camera-gray.svg'),
(277, 'JUS COCO ANANAS', 'UNITE', '10000', NULL, 'JUS COCO ANANAS', '2022-06-03 13:32:58', '1', '0', 1, 1, 1, 'assets/img/photo-camera-gray.svg'),
(278, 'JUS EN BRIQUE', 'UNITE', '30000', NULL, 'JUS EN BRIQUE', '2022-06-03 13:32:58', '1', '0', 1, 1, 1, 'assets/img/photo-camera-gray.svg'),
(279, 'JUS EN POUDRE', 'UNITE', '35000', NULL, 'JUS EN POUDRE', '2022-06-03 13:32:58', '1', '0', 1, 1, 1, 'assets/img/photo-camera-gray.svg'),
(280, 'JUS ORANGE', 'UNITE', '10000', NULL, 'JUS ORANGE', '2022-06-03 13:32:58', '1', '0', 1, 1, 1, 'assets/img/photo-camera-gray.svg'),
(281, 'KALMAR', 'UNITE', '85000', NULL, 'KALMAR', '2022-06-03 13:32:58', '1', '0', 1, 1, 1, 'assets/img/photo-camera-gray.svg'),
(282, 'KOUNKOU�', 'UNITE', '72000', NULL, 'KOUNKOU�', '2022-06-03 13:32:58', '1', '0', 1, 1, 1, 'assets/img/photo-camera-gray.svg'),
(283, 'LA ROSE BLANCHE', 'UNITE', '20000', NULL, 'LA ROSE BLANCHE', '2022-06-03 13:32:58', '1', '0', 1, 1, 1, 'assets/img/photo-camera-gray.svg'),
(284, 'LA VACHE QUI RIT', 'UNITE', '18000', NULL, 'LA VACHE QUI RIT', '2022-06-03 13:32:58', '1', '0', 1, 1, 1, 'assets/img/photo-camera-gray.svg'),
(285, 'LAIT CONCENTRE', 'UNITE', '27000', NULL, 'LAIT CONCENTRE', '2022-06-03 13:32:58', '1', '0', 1, 1, 1, 'assets/img/photo-camera-gray.svg'),
(286, 'LAIT EN POUDRE', 'UNITE', '50000', NULL, 'LAIT EN POUDRE', '2022-06-03 13:32:58', '1', '0', 1, 1, 1, 'assets/img/photo-camera-gray.svg'),
(287, 'LAIT LIQUIDE', 'UNITE', '35000', NULL, 'LAIT LIQUIDE', '2022-06-03 13:32:58', '1', '0', 1, 1, 1, 'assets/img/photo-camera-gray.svg'),
(288, 'LAITUS  SALADE', 'UNITE', '30000', NULL, 'LAITUS  SALADE', '2022-06-03 13:32:58', '1', '0', 1, 1, 1, 'assets/img/photo-camera-gray.svg'),
(289, 'LANGOUSSE', 'UNITE', '210000', NULL, 'LANGOUSSE', '2022-06-03 13:32:58', '1', '0', 1, 1, 1, 'assets/img/photo-camera-gray.svg'),
(290, 'LANGUE DE CHAT', 'UNITE', '35000', NULL, 'LANGUE DE CHAT', '2022-06-03 13:32:58', '1', '0', 1, 1, 1, 'assets/img/photo-camera-gray.svg'),
(291, 'LASAGNE', 'UNITE', '35000', NULL, 'LASAGNE', '2022-06-03 13:32:58', '1', '0', 1, 8, 1, 'assets/img/photo-camera-gray.svg'),
(292, 'LAURIE', 'UNITE', '60000', NULL, 'LAURIE', '2022-06-03 13:32:58', '1', '0', 1, 1, 1, 'assets/img/photo-camera-gray.svg'),
(293, 'LAVE VITRE', 'UNITE', '30000', NULL, 'LAVE VITRE', '2022-06-03 13:32:58', '1', '0', 1, 1, 1, 'assets/img/photo-camera-gray.svg'),
(294, 'LEGUME CAROTTE', 'UNITE', '85000', NULL, 'LEGUME CAROTTE', '2022-06-03 13:32:58', '1', '0', 1, 1, 1, 'assets/img/photo-camera-gray.svg'),
(295, 'LEGUME GLE', 'UNITE', '180000', NULL, 'LEGUME GLE', '2022-06-03 13:32:58', '1', '0', 1, 1, 1, 'assets/img/photo-camera-gray.svg'),
(296, 'LENTILLE', 'UNITE', '40000', NULL, 'LENTILLE', '2022-06-03 13:32:58', '1', '0', 1, 1, 1, 'assets/img/photo-camera-gray.svg'),
(297, 'LEVURE BOULANGE', 'UNITE', '30000', NULL, 'LEVURE BOULANGE', '2022-06-03 13:32:58', '1', '0', 1, 1, 1, 'assets/img/photo-camera-gray.svg'),
(298, 'LEVURE CHIMIQUE', 'UNITE', '15000', NULL, 'LEVURE CHIMIQUE', '2022-06-03 13:32:58', '1', '0', 1, 1, 1, 'assets/img/photo-camera-gray.svg'),
(299, 'LIPTON', 'UNITE', '55000', NULL, 'LIPTON', '2022-06-03 13:32:58', '1', '0', 1, 1, 1, 'assets/img/photo-camera-gray.svg'),
(300, 'LORIER', 'UNITE', '70000', NULL, 'LORIER', '2022-06-03 13:32:58', '1', '0', 1, 1, 1, 'assets/img/photo-camera-gray.svg'),
(301, 'LOTTE ENTIER', 'UNITE', '106000', NULL, 'LOTTE ENTIER', '2022-06-03 13:32:58', '1', '0', 1, 1, 1, 'assets/img/photo-camera-gray.svg'),
(302, 'LUCAS RAMIREZ', 'UNITE', '30000', NULL, 'LUCAS RAMIREZ', '2022-06-03 13:32:58', '1', '0', 1, 1, 1, 'assets/img/photo-camera-gray.svg'),
(303, 'MACARONI NETTO', 'UNITE', '25000', NULL, 'MACARONI NETTO', '2022-06-03 13:32:58', '1', '0', 1, 1, 1, 'assets/img/photo-camera-gray.svg'),
(304, 'MACARONIE', 'UNITE', '20000', NULL, 'MACARONIE', '2022-06-03 13:32:58', '1', '0', 1, 23, 1, 'assets/img/photo-camera-gray.svg'),
(305, 'MACEDOINE EN BOITE', 'UNITE', '35000', NULL, 'MACEDOINE EN BOITE', '2022-06-03 13:32:58', '1', '0', 1, 1, 1, 'assets/img/photo-camera-gray.svg'),
(306, 'MACEDOINE EN BOITE PM', 'UNITE', '25000', NULL, 'MACEDOINE EN BOITE PM', '2022-06-03 13:32:58', '1', '0', 1, 1, 1, 'assets/img/photo-camera-gray.svg'),
(307, 'MACEDOINE LEGUME', 'UNITE', '85000', NULL, 'MACEDOINE LEGUME', '2022-06-03 13:32:58', '1', '0', 1, 1, 1, 'assets/img/photo-camera-gray.svg'),
(308, 'MADAR  LIGUIDE', 'UNITE', '27000', NULL, 'MADAR  LIGUIDE', '2022-06-03 13:32:58', '1', '0', 1, 1, 1, 'assets/img/photo-camera-gray.svg'),
(309, 'MADARINE', 'UNITE', '15000', NULL, 'MADARINE', '2022-06-03 13:32:58', '1', '0', 1, 1, 1, 'assets/img/photo-camera-gray.svg'),
(310, 'MAGGI', 'UNITE', '38500', NULL, 'MAGGI', '2022-06-03 13:32:58', '1', '0', 1, 1, 1, 'assets/img/photo-camera-gray.svg'),
(311, 'MAGIK', 'UNITE', '35000', NULL, 'MAGIK', '2022-06-03 13:32:58', '1', '0', 1, 1, 1, 'assets/img/photo-camera-gray.svg'),
(312, 'MAIS DOUX', 'UNITE', '23000', NULL, 'MAIS DOUX', '2022-06-03 13:32:58', '1', '0', 1, 1, 1, 'assets/img/photo-camera-gray.svg'),
(313, 'MAIS DOUX GM', 'UNITE', '40000', NULL, 'MAIS DOUX GM', '2022-06-03 13:32:58', '1', '0', 1, 1, 1, 'assets/img/photo-camera-gray.svg'),
(314, 'MAIS LOCAL', 'UNITE', '20000', NULL, 'MAIS LOCAL', '2022-06-03 13:32:58', '1', '0', 1, 1, 1, 'assets/img/photo-camera-gray.svg'),
(315, 'MAIZENA', 'UNITE', '70000', NULL, 'MAIZENA', '2022-06-03 13:32:58', '1', '0', 1, 1, 1, 'assets/img/photo-camera-gray.svg'),
(316, 'MANGUE', 'UNITE', '13000', NULL, 'MANGUE', '2022-06-03 13:32:58', '1', '0', 1, 1, 1, 'assets/img/photo-camera-gray.svg'),
(317, 'MANGUE JUICE', 'UNITE', '20000', NULL, 'MANGUE JUICE', '2022-06-03 13:32:58', '1', '0', 1, 1, 1, 'assets/img/photo-camera-gray.svg'),
(318, 'MANIOC', 'UNITE', '40000', NULL, 'MANIOC', '2022-06-03 13:32:58', '1', '0', 1, 1, 1, 'assets/img/photo-camera-gray.svg'),
(319, 'MANQUE', 'UNITE', '5000', NULL, 'MANQUE', '2022-06-03 13:32:58', '1', '0', 1, 1, 1, 'assets/img/photo-camera-gray.svg'),
(320, 'MANTEIGA', 'UNITE', '48000', NULL, 'MANTEIGA', '2022-06-03 13:32:58', '1', '0', 1, 1, 1, 'assets/img/photo-camera-gray.svg'),
(321, 'MAPPELLA', 'UNITE', '55000', NULL, 'MAPPELLA', '2022-06-03 13:32:58', '1', '0', 1, 1, 1, 'assets/img/photo-camera-gray.svg'),
(322, 'MARGRET DE CANARD', 'UNITE', '105000', NULL, 'MARGRET DE CANARD', '2022-06-03 13:32:58', '1', '0', 1, 1, 1, 'assets/img/photo-camera-gray.svg'),
(323, 'MASSA D\'ALHO INCOPIL', 'UNITE', '50000', NULL, 'MASSA D\'ALHO INCOPIL', '2022-06-03 13:32:58', '1', '0', 1, 1, 1, 'assets/img/photo-camera-gray.svg'),
(324, 'MASSA D\'ALLO DE PIMENTS', 'UNITE', '50000', NULL, 'MASSA D\'ALLO DE PIMENTS', '2022-06-03 13:32:58', '1', '0', 1, 1, 1, 'assets/img/photo-camera-gray.svg'),
(325, 'MAYONNAISE', 'UNITE', '120000', NULL, 'MAYONNAISE', '2022-06-03 13:32:58', '1', '0', 1, 1, 1, 'assets/img/photo-camera-gray.svg'),
(326, 'MELON', 'UNITE', '30000', NULL, 'MELON', '2022-06-03 13:32:58', '1', '0', 1, 1, 1, 'assets/img/photo-camera-gray.svg'),
(327, 'MENTH', 'UNITE', '20000', NULL, 'MENTH', '2022-06-03 13:32:58', '1', '0', 1, 1, 1, 'assets/img/photo-camera-gray.svg'),
(328, 'MENTOS', 'UNITE', '35000', NULL, 'MENTOS', '2022-06-03 13:32:58', '1', '0', 1, 1, 1, 'assets/img/photo-camera-gray.svg'),
(329, 'MEROU', 'UNITE', '40000', NULL, 'MEROU', '2022-06-03 13:32:58', '1', '0', 1, 1, 1, 'assets/img/photo-camera-gray.svg'),
(330, 'MEXILHOES', 'UNITE', '30000', NULL, 'MEXILHOES', '2022-06-03 13:32:58', '1', '0', 1, 1, 1, 'assets/img/photo-camera-gray.svg'),
(331, 'MIEL', 'UNITE', '90000', NULL, 'MIEL', '2022-06-03 13:32:58', '1', '0', 1, 1, 1, 'assets/img/photo-camera-gray.svg'),
(332, 'MIEL PARFAIT', 'UNITE', '95000', NULL, 'MIEL PARFAIT', '2022-06-03 13:32:58', '1', '0', 1, 1, 1, 'assets/img/photo-camera-gray.svg'),
(333, 'MIEL SPECIAL', 'UNITE', '100000', NULL, 'MIEL SPECIAL', '2022-06-03 13:32:58', '1', '0', 1, 1, 1, 'assets/img/photo-camera-gray.svg'),
(334, 'MISTURA', 'UNITE', '40000', NULL, 'MISTURA', '2022-06-03 13:32:58', '1', '0', 1, 1, 1, 'assets/img/photo-camera-gray.svg'),
(335, 'MORCELA', 'UNITE', '70000', NULL, 'MORCELA', '2022-06-03 13:32:58', '1', '0', 1, 1, 1, 'assets/img/photo-camera-gray.svg'),
(336, 'MORTADELA', 'UNITE', '135000', NULL, 'MORTADELA', '2022-06-03 13:32:58', '1', '0', 1, 1, 1, 'assets/img/photo-camera-gray.svg'),
(337, 'MOUCTARD', 'UNITE', '40000', NULL, 'MOUCTARD', '2022-06-03 13:32:58', '1', '0', 1, 1, 1, 'assets/img/photo-camera-gray.svg'),
(338, 'MOUCTARD PM', 'UNITE', '30000', NULL, 'MOUCTARD PM', '2022-06-03 13:32:58', '1', '0', 1, 1, 1, 'assets/img/photo-camera-gray.svg'),
(339, 'MOUSCADE MOULUE', 'UNITE', '40000', NULL, 'MOUSCADE MOULUE', '2022-06-03 13:32:58', '1', '0', 1, 1, 1, 'assets/img/photo-camera-gray.svg'),
(340, 'MOUTON', 'UNITE', '200000', NULL, 'MOUTON', '2022-06-03 13:32:58', '1', '0', 1, 1, 1, 'assets/img/photo-camera-gray.svg'),
(341, 'NAVETTE', 'UNITE', '110000', NULL, 'NAVETTE', '2022-06-03 13:32:58', '1', '0', 1, 1, 1, 'assets/img/photo-camera-gray.svg'),
(342, 'NESCAFE', 'UNITE', '55000', NULL, 'NESCAFE', '2022-06-03 13:32:58', '1', '0', 1, 1, 1, 'assets/img/photo-camera-gray.svg'),
(343, 'NIDO', 'UNITE', '310000', NULL, 'NIDO', '2022-06-03 13:32:58', '1', '0', 1, 1, 1, 'assets/img/photo-camera-gray.svg'),
(344, 'NOIX DE COCO RAPEE', 'UNITE', '122000', NULL, 'NOIX DE COCO RAPEE', '2022-06-03 13:32:58', '1', '0', 1, 1, 1, 'assets/img/photo-camera-gray.svg'),
(345, 'NOIX DE MOUSCADE MOULU', 'UNITE', '80000', NULL, 'NOIX DE MOUSCADE MOULU', '2022-06-03 13:32:58', '1', '0', 1, 1, 1, 'assets/img/photo-camera-gray.svg'),
(346, 'NOIX DE MUSCADE', 'UNITE', '49000', NULL, 'NOIX DE MUSCADE', '2022-06-03 13:32:58', '1', '0', 1, 1, 1, 'assets/img/photo-camera-gray.svg'),
(347, 'NUTELLA GM', 'UNITE', '45000', NULL, 'NUTELLA GM', '2022-06-03 13:32:58', '1', '0', 1, 1, 1, 'assets/img/photo-camera-gray.svg'),
(348, 'OEUF', 'UNITE', '3000', NULL, 'OEUF', '2022-06-03 13:32:58', '1', '0', 1, 1, 1, 'assets/img/photo-camera-gray.svg'),
(349, 'OIGNON', 'UNITE', '15000', NULL, 'OIGNON', '2022-06-03 13:32:58', '1', '0', 1, 1, 1, 'assets/img/photo-camera-gray.svg'),
(350, 'OLIVE DENOYER', 'UNITE', '30000', NULL, 'OLIVE DENOYER', '2022-06-03 13:32:58', '1', '0', 1, 1, 1, 'assets/img/photo-camera-gray.svg'),
(351, 'OLIVE NOIR  PM', 'UNITE', '35000', NULL, 'OLIVE NOIR  PM', '2022-06-03 13:32:58', '1', '0', 1, 1, 1, 'assets/img/photo-camera-gray.svg'),
(352, 'OLIVE NOIR GM DENOYAUTE', 'UNITE', '210000', NULL, 'OLIVE NOIR GM DENOYAUTE', '2022-06-03 13:32:58', '1', '0', 1, 1, 1, 'assets/img/photo-camera-gray.svg'),
(353, 'OLIVE VERT', 'UNITE', '13000', NULL, 'OLIVE VERT', '2022-06-03 13:32:58', '1', '0', 1, 23, 1, 'assets/img/photo-camera-gray.svg'),
(354, 'OMELA', 'UNITE', '15000', NULL, 'OMELA', '2022-06-03 13:32:58', '1', '0', 1, 1, 1, 'assets/img/photo-camera-gray.svg'),
(355, 'OMELLETTE', 'UNITE', '15000', NULL, 'OMELLETTE', '2022-06-03 13:32:58', '1', '0', 1, 1, 1, 'assets/img/photo-camera-gray.svg'),
(356, 'OMO MADAR', 'UNITE', '10000', NULL, 'OMO MADAR', '2022-06-03 13:32:58', '1', '0', 1, 1, 1, 'assets/img/photo-camera-gray.svg'),
(357, 'ORANGE', 'UNITE', '7000', NULL, 'ORANGE', '2022-06-03 13:32:58', '1', '0', 1, 1, 1, 'assets/img/photo-camera-gray.svg'),
(358, 'ORANGE JUICE', 'UNITE', '20000', NULL, 'ORANGE JUICE', '2022-06-03 13:32:58', '1', '0', 1, 1, 1, 'assets/img/photo-camera-gray.svg'),
(359, 'ORIGAN', 'UNITE', '60000', NULL, 'ORIGAN', '2022-06-03 13:32:58', '1', '0', 1, 1, 1, 'assets/img/photo-camera-gray.svg'),
(360, 'OVALTINE', 'UNITE', '40000', NULL, 'OVALTINE', '2022-06-03 13:32:58', '1', '0', 1, 1, 1, 'assets/img/photo-camera-gray.svg'),
(361, 'PAIN', 'UNITE', '2500', NULL, 'PAIN', '2022-06-03 13:32:58', '1', '0', 1, 1, 1, 'assets/img/photo-camera-gray.svg'),
(362, 'PALETTE BRETON PUR BEURRE', 'UNITE', '30000', NULL, 'PALETTE BRETON PUR BEURRE', '2022-06-03 13:32:58', '1', '0', 1, 1, 1, 'assets/img/photo-camera-gray.svg'),
(363, 'PALLETTE BRETONS', 'UNITE', '30000', NULL, 'PALLETTE BRETONS', '2022-06-03 13:32:58', '1', '0', 1, 1, 1, 'assets/img/photo-camera-gray.svg'),
(364, 'PALM SOUP BASE', 'UNITE', '70000', NULL, 'PALM SOUP BASE', '2022-06-03 13:32:58', '1', '0', 1, 1, 1, 'assets/img/photo-camera-gray.svg');
INSERT INTO `produits` (`id_cat`, `libelle_cat`, `unite_cat`, `pu_cat`, `description_cat`, `code_cat`, `create_at`, `active`, `consommable`, `groupe`, `user_id`, `source_produit`, `image_produit`) VALUES
(365, 'PAPAYE', 'UNITE', '40000', NULL, 'PAPAYE', '2022-06-03 13:32:58', '1', '0', 1, 1, 1, 'assets/img/photo-camera-gray.svg'),
(366, 'PAPIER ALLUMINUM', 'UNITE', '55000', NULL, 'PAPIER ALLUMINUM', '2022-06-03 13:32:58', '1', '0', 1, 1, 1, 'assets/img/photo-camera-gray.svg'),
(367, 'PAPIER CUISSON', 'UNITE', '35000', NULL, 'PAPIER CUISSON', '2022-06-03 13:32:58', '1', '0', 1, 1, 1, 'assets/img/photo-camera-gray.svg'),
(368, 'PAPIER DE TABLE', 'UNITE', '10000', NULL, 'PAPIER DE TABLE', '2022-06-03 13:32:58', '1', '0', 1, 1, 1, 'assets/img/photo-camera-gray.svg'),
(369, 'PAPIER FILM', 'UNITE', '110000', NULL, 'PAPIER FILM', '2022-06-03 13:32:58', '1', '0', 1, 1, 1, 'assets/img/photo-camera-gray.svg'),
(370, 'PAPIER FILMS GM', 'UNITE', '710000', NULL, 'PAPIER FILMS GM', '2022-06-03 13:32:58', '1', '0', 1, 1, 1, 'assets/img/photo-camera-gray.svg'),
(371, 'PAPRIKA MOLU', 'UNITE', '55000', NULL, 'PAPRIKA MOLU', '2022-06-03 13:32:58', '1', '0', 1, 1, 1, 'assets/img/photo-camera-gray.svg'),
(372, 'PASTEQUE', 'UNITE', '30000', NULL, 'PASTEQUE', '2022-06-03 13:32:58', '1', '0', 1, 23, 1, 'assets/img/photo-camera-gray.svg'),
(373, 'PATATE DOUCE', 'UNITE', '90000', NULL, 'PATATE DOUCE', '2022-06-03 13:32:58', '1', '0', 1, 1, 1, 'assets/img/photo-camera-gray.svg'),
(374, 'PATE D\'ARRACHIDE', 'UNITE', '140000', NULL, 'PATE D\'ARRACHIDE', '2022-06-03 13:32:58', '1', '0', 1, 1, 1, 'assets/img/photo-camera-gray.svg'),
(375, 'PATE DE CAVALA GENERAL', 'UNITE', '35000', NULL, 'PATE DE CAVALA GENERAL', '2022-06-03 13:32:58', '1', '0', 1, 1, 1, 'assets/img/photo-camera-gray.svg'),
(376, 'PATE DE CAVALA SABOR', 'UNITE', '30000', NULL, 'PATE DE CAVALA SABOR', '2022-06-03 13:32:58', '1', '0', 1, 1, 1, 'assets/img/photo-camera-gray.svg'),
(377, 'PATE DE SARDINE GENERAL', 'UNITE', '35000', NULL, 'PATE DE SARDINE GENERAL', '2022-06-03 13:32:58', '1', '0', 1, 1, 1, 'assets/img/photo-camera-gray.svg'),
(378, 'PATE DE SARDINE SABOR', 'UNITE', '30000', NULL, 'PATE DE SARDINE SABOR', '2022-06-03 13:32:58', '1', '0', 1, 1, 1, 'assets/img/photo-camera-gray.svg'),
(379, 'PEAK', 'UNITE', '18000', NULL, 'PEAK', '2022-06-03 13:32:58', '1', '0', 1, 1, 1, 'assets/img/photo-camera-gray.svg'),
(380, 'PEPSI', 'UNITE', '20000', NULL, 'PEPSI', '2022-06-03 13:32:58', '1', '0', 1, 1, 1, 'assets/img/photo-camera-gray.svg'),
(381, 'PERIER', 'UNITE', '30000', NULL, 'PERIER', '2022-06-03 13:32:58', '1', '0', 1, 1, 1, 'assets/img/photo-camera-gray.svg'),
(382, 'PERSILE', 'UNITE', '40000', NULL, 'PERSILE', '2022-06-03 13:32:58', '1', '0', 1, 1, 1, 'assets/img/photo-camera-gray.svg'),
(383, 'PETIT CAMEMBERT', 'UNITE', '59000', NULL, 'PETIT CAMEMBERT', '2022-06-03 13:32:58', '1', '0', 1, 1, 1, 'assets/img/photo-camera-gray.svg'),
(384, 'PETIT DEJEUN,E', 'UNITE', '30000', NULL, 'PETIT DEJEUN,E', '2022-06-03 13:32:58', '1', '0', 1, 1, 1, 'assets/img/photo-camera-gray.svg'),
(385, 'PETIT POIS', 'UNITE', '27000', NULL, 'PETIT POIS', '2022-06-03 13:32:58', '1', '0', 1, 1, 1, 'assets/img/photo-camera-gray.svg'),
(386, 'PETIT POIS FIN', 'UNITE', '35000', NULL, 'PETIT POIS FIN', '2022-06-03 13:32:58', '1', '0', 1, 1, 1, 'assets/img/photo-camera-gray.svg'),
(387, 'PETITES  CHOCOLAT 4KG', 'UNITE', '375000', NULL, 'PETITES  CHOCOLAT 4KG', '2022-06-03 13:32:58', '1', '0', 1, 1, 1, 'assets/img/photo-camera-gray.svg'),
(388, 'PHILADELPHIA', 'UNITE', '96000', NULL, 'PHILADELPHIA', '2022-06-03 13:32:58', '1', '0', 1, 1, 1, 'assets/img/photo-camera-gray.svg'),
(389, 'PHILADELPHIA D\'AIL', 'UNITE', '89000', NULL, 'PHILADELPHIA D\'AIL', '2022-06-03 13:32:58', '1', '0', 1, 23, 1, 'assets/img/photo-camera-gray.svg'),
(390, 'PIMENT DE CHILI', 'UNITE', '50000', NULL, 'PIMENT DE CHILI', '2022-06-03 13:32:58', '1', '0', 1, 1, 1, 'assets/img/photo-camera-gray.svg'),
(391, 'PIMENT EXTRA', 'UNITE', '15000', NULL, 'PIMENT EXTRA', '2022-06-03 13:32:58', '1', '0', 1, 1, 1, 'assets/img/photo-camera-gray.svg'),
(392, 'PIMENT FRAIS', 'UNITE', '110000', NULL, 'PIMENT FRAIS', '2022-06-03 13:32:58', '1', '0', 1, 1, 1, 'assets/img/photo-camera-gray.svg'),
(393, 'PIRI PIRI MACARICO', 'UNITE', '56000', NULL, 'PIRI PIRI MACARICO', '2022-06-03 13:32:58', '1', '0', 1, 1, 1, 'assets/img/photo-camera-gray.svg'),
(394, 'PIZZA GM', 'UNITE', '70000', NULL, 'PIZZA GM', '2022-06-03 13:32:58', '1', '0', 1, 1, 1, 'assets/img/photo-camera-gray.svg'),
(395, 'PIZZA PM', 'UNITE', '20000', NULL, 'PIZZA PM', '2022-06-03 13:32:58', '1', '0', 1, 1, 1, 'assets/img/photo-camera-gray.svg'),
(396, 'PLASTIC COFFEE CUPS', 'UNITE', '20000', NULL, 'PLASTIC COFFEE CUPS', '2022-06-03 13:32:58', '1', '0', 1, 1, 1, 'assets/img/photo-camera-gray.svg'),
(397, 'PLASTIQUE  POUR  ECHANTUON', 'UNITE', '15000', NULL, 'PLASTIQUE  POUR  ECHANTUON', '2022-06-03 13:32:58', '1', '0', 1, 1, 1, 'assets/img/photo-camera-gray.svg'),
(398, 'PLASTIQUE AMBALLAGE', 'UNITE', '20000', NULL, 'PLASTIQUE AMBALLAGE', '2022-06-03 13:32:58', '1', '0', 1, 1, 1, 'assets/img/photo-camera-gray.svg'),
(399, 'POIRREAU BEGRO', 'UNITE', '60000', NULL, 'POIRREAU BEGRO', '2022-06-03 13:32:58', '1', '0', 1, 1, 1, 'assets/img/photo-camera-gray.svg'),
(400, 'POIS  CHICHE  PM', 'UNITE', '31000', NULL, 'POIS  CHICHE  PM', '2022-06-03 13:32:58', '1', '0', 1, 1, 1, 'assets/img/photo-camera-gray.svg'),
(401, 'POIS CHICHE', 'UNITE', '45000', NULL, 'POIS CHICHE', '2022-06-03 13:32:58', '1', '0', 1, 1, 1, 'assets/img/photo-camera-gray.svg'),
(402, 'POISCHICHE GM', 'UNITE', '32000', NULL, 'POISCHICHE GM', '2022-06-03 13:32:58', '1', '0', 1, 1, 1, 'assets/img/photo-camera-gray.svg'),
(403, 'POISON FRAIS SINAPA OU QUESSI', 'UNITE', '47000', NULL, 'POISON FRAIS SINAPA OU QUESSI', '2022-06-03 13:32:58', '1', '0', 1, 1, 1, 'assets/img/photo-camera-gray.svg'),
(404, 'POISSON BAROCOUDA', 'UNITE', '46000', NULL, 'POISSON BAROCOUDA', '2022-06-03 13:32:58', '1', '0', 1, 1, 1, 'assets/img/photo-camera-gray.svg'),
(405, 'POISSON SOLLE', 'UNITE', '55000', NULL, 'POISSON SOLLE', '2022-06-03 13:32:58', '1', '0', 1, 1, 1, 'assets/img/photo-camera-gray.svg'),
(406, 'POIVRE  EN POUDRE', 'UNITE', '20000', NULL, 'POIVRE  EN POUDRE', '2022-06-03 13:32:58', '1', '0', 1, 1, 1, 'assets/img/photo-camera-gray.svg'),
(407, 'POIVRE BLANC', 'UNITE', '80000', NULL, 'POIVRE BLANC', '2022-06-03 13:32:58', '1', '0', 1, 1, 1, 'assets/img/photo-camera-gray.svg'),
(408, 'POIVRON JAUNE', 'UNITE', '160000', NULL, 'POIVRON JAUNE', '2022-06-03 13:32:58', '1', '0', 1, 1, 1, 'assets/img/photo-camera-gray.svg'),
(409, 'POIVRON ROUGE', 'UNITE', '280000', NULL, 'POIVRON ROUGE', '2022-06-03 13:32:58', '1', '0', 1, 1, 1, 'assets/img/photo-camera-gray.svg'),
(410, 'POIVRON ROUGE ET VERT', 'UNITE', '185000', NULL, 'POIVRON ROUGE ET VERT', '2022-06-03 13:32:58', '1', '0', 1, 1, 1, 'assets/img/photo-camera-gray.svg'),
(411, 'POIVRON VERT', 'UNITE', '20000', NULL, 'POIVRON VERT', '2022-06-03 13:32:58', '1', '0', 1, 1, 1, 'assets/img/photo-camera-gray.svg'),
(412, 'POMME', 'UNITE', '5000', NULL, 'POMME', '2022-06-03 13:32:58', '1', '0', 1, 1, 1, 'assets/img/photo-camera-gray.svg'),
(413, 'POMME DE TERRE', 'UNITE', '15000', NULL, 'POMME DE TERRE', '2022-06-03 13:32:58', '1', '0', 1, 1, 1, 'assets/img/photo-camera-gray.svg'),
(414, 'PORC', 'UNITE', '60000', NULL, 'PORC', '2022-06-03 13:32:58', '1', '0', 1, 1, 1, 'assets/img/photo-camera-gray.svg'),
(415, 'PORTO ROUGE ESCUDEIRO', 'UNITE', '104000', NULL, 'PORTO ROUGE ESCUDEIRO', '2022-06-03 13:32:58', '1', '0', 1, 1, 1, 'assets/img/photo-camera-gray.svg'),
(416, 'POTIRON', 'UNITE', '35000', NULL, 'POTIRON', '2022-06-03 13:32:58', '1', '0', 1, 1, 1, 'assets/img/photo-camera-gray.svg'),
(417, 'POUDRE DE L\'AURIER', 'UNITE', '15000', NULL, 'POUDRE DE L\'AURIER', '2022-06-03 13:32:58', '1', '0', 1, 1, 1, 'assets/img/photo-camera-gray.svg'),
(418, 'POULET CUISSE', 'UNITE', '220000', NULL, 'POULET CUISSE', '2022-06-03 13:32:58', '1', '0', 1, 1, 1, 'assets/img/photo-camera-gray.svg'),
(419, 'POULET GARNITURE', 'UNITE', '35000', NULL, 'POULET GARNITURE', '2022-06-03 13:32:58', '1', '0', 1, 1, 1, 'assets/img/photo-camera-gray.svg'),
(420, 'POULET GARNITURE', 'UNITE', '35000', NULL, 'POULET GARNITURE', '2022-06-03 13:32:58', '1', '0', 1, 1, 1, 'assets/img/photo-camera-gray.svg'),
(421, 'POULET LOCAL', 'UNITE', '150000', NULL, 'POULET LOCAL', '2022-06-03 13:32:58', '1', '0', 1, 1, 1, 'assets/img/photo-camera-gray.svg'),
(422, 'POULET PILON', 'UNITE', '230000', NULL, 'POULET PILON', '2022-06-03 13:32:58', '1', '0', 1, 1, 1, 'assets/img/photo-camera-gray.svg'),
(423, 'POULET ROTI', 'UNITE', '40000', NULL, 'POULET ROTI', '2022-06-03 13:32:58', '1', '0', 1, 1, 1, 'assets/img/photo-camera-gray.svg'),
(424, 'POULPE', 'UNITE', '100000', NULL, 'POULPE', '2022-06-03 13:32:58', '1', '0', 1, 1, 1, 'assets/img/photo-camera-gray.svg'),
(425, 'PRESUNTO FATIAS', 'UNITE', '165000', NULL, 'PRESUNTO FATIAS', '2022-06-03 13:32:58', '1', '0', 1, 1, 1, 'assets/img/photo-camera-gray.svg'),
(426, 'PRINGLES', 'UNITE', '35000', NULL, 'PRINGLES', '2022-06-03 13:32:58', '1', '0', 1, 1, 1, 'assets/img/photo-camera-gray.svg'),
(427, 'PRUNEAUX', 'UNITE', '70000', NULL, 'PRUNEAUX', '2022-06-03 13:32:58', '1', '0', 1, 1, 1, 'assets/img/photo-camera-gray.svg'),
(428, 'PRZSUNTO 1/2', 'UNITE', '165000', NULL, 'PRZSUNTO 1/2', '2022-06-03 13:32:58', '1', '0', 1, 1, 1, 'assets/img/photo-camera-gray.svg'),
(429, 'PURE DE POIVRONS INCOPIL', 'UNITE', '50000', NULL, 'PURE DE POIVRONS INCOPIL', '2022-06-03 13:32:58', '1', '0', 1, 1, 1, 'assets/img/photo-camera-gray.svg'),
(430, 'PURE DE TERRE', 'UNITE', '32000', NULL, 'PURE DE TERRE', '2022-06-03 13:32:58', '1', '0', 1, 1, 1, 'assets/img/photo-camera-gray.svg'),
(431, 'QUAKER', 'UNITE', '35000', NULL, 'QUAKER', '2022-06-03 13:32:58', '1', '0', 1, 1, 1, 'assets/img/photo-camera-gray.svg'),
(432, 'QUEIJO FLAMENGO', 'UNITE', '105000', NULL, 'QUEIJO AMENTEIGADO', '2022-06-03 13:32:58', '1', '0', 1, 8, 1, 'assets/img/photo-camera-gray.svg'),
(433, 'RACLEUR', 'UNITE', '25000', NULL, 'RACLEUR', '2022-06-03 13:32:58', '1', '0', 1, 1, 1, 'assets/img/photo-camera-gray.svg'),
(434, 'RADI', 'UNITE', '90000', NULL, 'RADI', '2022-06-03 13:32:58', '1', '0', 1, 1, 1, 'assets/img/photo-camera-gray.svg'),
(435, 'RAISIN', 'UNITE', '35000', NULL, 'RAISIN', '2022-06-03 13:32:58', '1', '0', 1, 1, 1, 'assets/img/photo-camera-gray.svg'),
(436, 'RAISIN FRUIT', 'UNITE', '48000', NULL, 'RAISIN FRUIT', '2022-06-03 13:32:58', '1', '0', 1, 1, 1, 'assets/img/photo-camera-gray.svg'),
(437, 'RAMIREZ', 'UNITE', '35000', NULL, 'RAMIREZ', '2022-06-03 13:32:58', '1', '0', 1, 1, 1, 'assets/img/photo-camera-gray.svg'),
(438, 'RED LABEL', 'UNITE', '190000', NULL, 'RED LABEL', '2022-06-03 13:32:58', '1', '0', 1, 1, 1, 'assets/img/photo-camera-gray.svg'),
(439, 'RIVOCCA', 'UNITE', '20000', NULL, 'RIVOCCA', '2022-06-03 13:32:58', '1', '0', 1, 1, 1, 'assets/img/photo-camera-gray.svg'),
(440, 'RIZ JASMINE', 'UNITE', '100000', NULL, 'RIZ JASMINE', '2022-06-03 13:32:58', '1', '0', 1, 1, 1, 'assets/img/photo-camera-gray.svg'),
(441, 'RIZ LOCAL 50KG', 'UNITE', '8000', NULL, 'RIZ LOCAL 50KG', '2022-06-03 13:32:58', '1', '0', 1, 1, 1, 'assets/img/photo-camera-gray.svg'),
(442, 'RIZ POULET OU VIANDE', 'UNITE', '25000', NULL, 'RIZ POULET OU VIANDE', '2022-06-03 13:32:58', '1', '0', 1, 1, 1, 'assets/img/photo-camera-gray.svg'),
(443, 'ROMARIN ENTIER', 'UNITE', '60000', NULL, 'ROMARIN ENTIER', '2022-06-03 13:32:58', '1', '0', 1, 1, 1, 'assets/img/photo-camera-gray.svg'),
(444, 'ROQUE FORT', 'UNITE', '88000', NULL, 'ROQUE FORT', '2022-06-03 13:32:58', '1', '0', 1, 1, 1, 'assets/img/photo-camera-gray.svg'),
(445, 'SABLES COCO', 'UNITE', '30000', NULL, 'SABLES COCO', '2022-06-03 13:32:58', '1', '0', 1, 1, 1, 'assets/img/photo-camera-gray.svg'),
(446, 'SAC POUBELLE', 'UNITE', '35000', NULL, 'SAC POUBELLE', '2022-06-03 13:32:58', '1', '0', 1, 1, 1, 'assets/img/photo-camera-gray.svg'),
(447, 'SAFRAN EN POUDRE', 'UNITE', '42000', NULL, 'SAFRAN EN POUDRE', '2022-06-03 13:32:58', '1', '0', 1, 1, 1, 'assets/img/photo-camera-gray.svg'),
(448, 'SALMON', 'UNITE', '50000', NULL, 'SALMON', '2022-06-03 13:32:58', '1', '0', 1, 1, 1, 'assets/img/photo-camera-gray.svg'),
(449, 'SANDWIH VIAND OU POULET', 'UNITE', '25000', NULL, 'SANDWIH VIAND OU POULET', '2022-06-03 13:32:58', '1', '0', 1, 1, 1, 'assets/img/photo-camera-gray.svg'),
(450, 'SARDINE', 'UNITE', '10000', NULL, 'SARDINE', '2022-06-03 13:32:58', '1', '0', 1, 1, 1, 'assets/img/photo-camera-gray.svg'),
(451, 'SATIM DECO', 'UNITE', '30000', NULL, 'SATIM DECO', '2022-06-03 13:32:58', '1', '0', 1, 1, 1, 'assets/img/photo-camera-gray.svg'),
(452, 'SAUCE AFRICAINE', 'UNITE', '30000', NULL, 'SAUCE AFRICAINE', '2022-06-03 13:32:58', '1', '0', 1, 1, 1, 'assets/img/photo-camera-gray.svg'),
(453, 'SAUCE BARBECUE', 'UNITE', '50000', NULL, 'SAUCE BARBECUE', '2022-06-03 13:32:58', '1', '0', 1, 1, 1, 'assets/img/photo-camera-gray.svg'),
(454, 'SAUCIS', 'UNITE', '25000', NULL, 'SAUCIS', '2022-06-03 13:32:58', '1', '0', 1, 1, 1, 'assets/img/photo-camera-gray.svg'),
(455, 'SAUCISSE AU PAPRIKA', 'UNITE', '25000', NULL, 'SAUCISSE AU PAPRIKA', '2022-06-03 13:32:58', '1', '0', 1, 1, 1, 'assets/img/photo-camera-gray.svg'),
(456, 'SAUCISSE COCTAIL', 'UNITE', '30000', NULL, 'SAUCISSE COCTAIL', '2022-06-03 13:32:58', '1', '0', 1, 1, 1, 'assets/img/photo-camera-gray.svg'),
(457, 'SAUCISSE DE AVES', 'UNITE', '25000', NULL, 'SAUCISSE DE AVES', '2022-06-03 13:32:58', '1', '0', 1, 1, 1, 'assets/img/photo-camera-gray.svg'),
(458, 'SAUCISSE DE VACHE', 'UNITE', '40000', NULL, 'SAUCISSE DE VACHE', '2022-06-03 13:32:58', '1', '0', 1, 1, 1, 'assets/img/photo-camera-gray.svg'),
(459, 'SAUCISSE FRANKFURT', 'UNITE', '23000', NULL, 'SAUCISSE FRANKFURT', '2022-06-03 13:32:58', '1', '0', 1, 1, 1, 'assets/img/photo-camera-gray.svg'),
(460, 'SAUCISSE FUME', 'UNITE', '205000', NULL, 'SAUCISSE FUME', '2022-06-03 13:32:58', '1', '0', 1, 1, 1, 'assets/img/photo-camera-gray.svg'),
(461, 'SAUMON', 'UNITE', '35000', NULL, 'SAUMON', '2022-06-03 13:32:58', '1', '0', 1, 1, 1, 'assets/img/photo-camera-gray.svg'),
(462, 'SAVON LIGUIDE', 'UNITE', '20000', NULL, 'SAVON LIGUIDE', '2022-06-03 13:32:58', '1', '0', 1, 1, 1, 'assets/img/photo-camera-gray.svg'),
(463, 'SAY SAUCE', 'UNITE', '26000', NULL, 'SAY SAUCE', '2022-06-03 13:32:58', '1', '0', 1, 1, 1, 'assets/img/photo-camera-gray.svg'),
(464, 'SCHEPPES', 'UNITE', '10000', NULL, 'SCHEPPES', '2022-06-03 13:32:58', '1', '0', 1, 1, 1, 'assets/img/photo-camera-gray.svg'),
(465, 'SEL FIN', 'UNITE', '15000', NULL, 'SEL FIN', '2022-06-03 13:32:58', '1', '0', 1, 1, 1, 'assets/img/photo-camera-gray.svg'),
(466, 'SEL LOCAL', 'UNITE', '70000', NULL, 'SEL LOCAL', '2022-06-03 13:32:58', '1', '0', 1, 1, 1, 'assets/img/photo-camera-gray.svg'),
(467, 'SERA D\'ALVA', 'UNITE', '90000', NULL, 'SERA D\'ALVA', '2022-06-03 13:32:58', '1', '0', 1, 1, 1, 'assets/img/photo-camera-gray.svg'),
(468, 'SERPIERE', 'UNITE', '15000', NULL, 'SERPIERE', '2022-06-03 13:32:58', '1', '0', 1, 1, 1, 'assets/img/photo-camera-gray.svg'),
(469, 'SESAM NATCO', 'UNITE', '53000', NULL, 'SESAM NATCO', '2022-06-03 13:32:58', '1', '0', 1, 1, 1, 'assets/img/photo-camera-gray.svg'),
(470, 'SOLE', 'UNITE', '75000', NULL, 'SOLE', '2022-06-03 13:32:58', '1', '0', 1, 1, 1, 'assets/img/photo-camera-gray.svg'),
(471, 'SOUMBARA', 'UNITE', '20000', NULL, 'SOUMBARA', '2022-06-03 13:32:58', '1', '0', 1, 1, 1, 'assets/img/photo-camera-gray.svg'),
(472, 'SOYE SAUCE', 'UNITE', '45000', NULL, 'SOYE SAUCE', '2022-06-03 13:32:58', '1', '0', 1, 1, 1, 'assets/img/photo-camera-gray.svg'),
(473, 'SPAGHETTI GM', 'UNITE', '35000', NULL, 'SPAGHETTI GM', '2022-06-03 13:32:58', '1', '0', 1, 1, 1, 'assets/img/photo-camera-gray.svg'),
(474, 'SPAGHETTI PM', 'UNITE', '16000', NULL, 'SPAGHETTI PM', '2022-06-03 13:32:58', '1', '0', 1, 1, 1, 'assets/img/photo-camera-gray.svg'),
(475, 'SPRITE', 'UNITE', '10000', NULL, 'SPRITE', '2022-06-03 13:32:58', '1', '0', 1, 12, 1, 'assets/img/photo-camera-gray.svg'),
(476, 'SPRITS', 'UNITE', '30000', NULL, 'SPRITS', '2022-06-03 13:32:58', '1', '0', 1, 1, 1, 'assets/img/photo-camera-gray.svg'),
(477, 'SUCRE EN POUDRE', 'UNITE', '20000', NULL, 'SUCRE EN POUDRE', '2022-06-03 13:32:58', '1', '0', 1, 1, 1, 'assets/img/photo-camera-gray.svg'),
(478, 'SUCRE GLACE', 'UNITE', '35000', NULL, 'SUCRE GLACE', '2022-06-03 13:32:58', '1', '0', 1, 1, 1, 'assets/img/photo-camera-gray.svg'),
(479, 'SUCRE ROU PURE CANE', 'UNITE', '50000', NULL, 'SUCRE ROU PURE CANE', '2022-06-03 13:32:58', '1', '0', 1, 1, 1, 'assets/img/photo-camera-gray.svg'),
(480, 'SUCRE ST LOUIS', 'UNITE', '30000', NULL, 'SUCRE ST LOUIS', '2022-06-03 13:32:58', '1', '0', 1, 1, 1, 'assets/img/photo-camera-gray.svg'),
(481, 'SUGAR FREE FIBRE', 'UNITE', '30000', NULL, 'SUGAR FREE FIBRE', '2022-06-03 13:32:58', '1', '0', 1, 1, 1, 'assets/img/photo-camera-gray.svg'),
(482, 'SUGAR FREE SANS SUCRE', 'UNITE', '30000', NULL, 'SUGAR FREE SANS SUCRE', '2022-06-03 13:32:58', '1', '0', 1, 1, 1, 'assets/img/photo-camera-gray.svg'),
(483, 'SUGARTY', 'UNITE', '45000', NULL, 'SUGARTY', '2022-06-03 13:32:58', '1', '0', 1, 1, 1, 'assets/img/photo-camera-gray.svg'),
(484, 'TAGRIATEUR', 'UNITE', '30000', NULL, 'TAGRIATEUR', '2022-06-03 13:32:58', '1', '0', 1, 23, 1, 'assets/img/photo-camera-gray.svg'),
(485, 'TAMARAIN', 'UNITE', '10000', NULL, 'TAMARAIN', '2022-06-03 13:32:58', '1', '0', 1, 1, 1, 'assets/img/photo-camera-gray.svg'),
(486, 'TAMIS', 'UNITE', '30000', NULL, 'TAMIS', '2022-06-03 13:32:58', '1', '0', 1, 1, 1, 'assets/img/photo-camera-gray.svg'),
(487, 'TASSE JETABLE', 'UNITE', '11000', NULL, 'TASSE JETABLE', '2022-06-03 13:32:58', '1', '0', 1, 1, 1, 'assets/img/photo-camera-gray.svg'),
(488, 'TEMPORO PARA FRANGO INCOPIL', 'UNITE', '170000', NULL, 'TEMPORO PARA FRANGO INCOPIL', '2022-06-03 13:32:58', '1', '0', 1, 1, 1, 'assets/img/photo-camera-gray.svg'),
(489, 'TETE DE PORC', 'UNITE', '90000', NULL, 'TETE DE PORC', '2022-06-03 13:32:58', '1', '0', 1, 1, 1, 'assets/img/photo-camera-gray.svg'),
(490, 'THE PM', 'UNITE', '35000', NULL, 'THE PM', '2022-06-03 13:32:58', '1', '0', 1, 1, 1, 'assets/img/photo-camera-gray.svg'),
(491, 'THERMOS', 'UNITE', '110000', NULL, 'THERMOS', '2022-06-03 13:32:58', '1', '0', 1, 1, 1, 'assets/img/photo-camera-gray.svg'),
(492, 'THON', 'UNITE', '15000', NULL, 'THON', '2022-06-03 13:32:58', '1', '0', 1, 1, 1, 'assets/img/photo-camera-gray.svg'),
(494, 'THYM EPICES', 'UNITE', '25000', NULL, 'THYM EPICES', '2022-06-03 13:32:58', '1', '0', 1, 1, 1, 'assets/img/photo-camera-gray.svg'),
(495, 'TOMAT PELLE', 'UNITE', '35000', NULL, 'TOMAT PELLE', '2022-06-03 13:32:58', '1', '0', 1, 1, 1, 'assets/img/photo-camera-gray.svg'),
(496, 'TOMATE CONCENTRE', 'UNITE', '30000', NULL, 'TOMATE CONCENTRE', '2022-06-03 13:32:58', '1', '0', 1, 1, 1, 'assets/img/photo-camera-gray.svg'),
(497, 'TOMATE FRAICHE', 'UNITE', '20000', NULL, 'TOMATE FRAICHE', '2022-06-03 13:32:58', '1', '0', 1, 1, 1, 'assets/img/photo-camera-gray.svg'),
(498, 'TOMATE KECCHUP', 'UNITE', '12000', NULL, 'TOMATE KECCHUP', '2022-06-03 13:32:58', '1', '0', 1, 1, 1, 'assets/img/photo-camera-gray.svg'),
(499, 'TOMATE KECCHUP 5L', 'UNITE', '160000', NULL, 'TOMATE KECCHUP 5L', '2022-06-03 13:32:58', '1', '0', 1, 1, 1, 'assets/img/photo-camera-gray.svg'),
(500, 'TOPCREM NOCCIOL WITHE 6KG', 'UNITE', '490000', NULL, 'TOPCREM NOCCIOL WITHE 6KG', '2022-06-03 13:32:58', '1', '0', 1, 1, 1, 'assets/img/photo-camera-gray.svg'),
(501, 'TOPCREM NOCCIOLE POT 5KG', 'UNITE', '420000', NULL, 'TOPCREM NOCCIOLE POT 5KG', '2022-06-03 13:32:58', '1', '0', 1, 1, 1, 'assets/img/photo-camera-gray.svg'),
(502, 'TORCHON', 'UNITE', '50000', NULL, 'TORCHON', '2022-06-03 13:32:58', '1', '0', 1, 1, 1, 'assets/img/photo-camera-gray.svg'),
(503, 'TROPICANA', 'UNITE', '30000', NULL, 'TROPICANA', '2022-06-03 13:32:58', '1', '0', 1, 1, 1, 'assets/img/photo-camera-gray.svg'),
(504, 'TURMERIC NELLARA', 'UNITE', '38000', NULL, 'TURMERIC NELLARA', '2022-06-03 13:32:58', '1', '0', 1, 1, 1, 'assets/img/photo-camera-gray.svg'),
(505, 'TYM', 'UNITE', '25000', NULL, 'TYM', '2022-06-03 13:32:58', '1', '0', 1, 1, 1, 'assets/img/photo-camera-gray.svg'),
(506, 'VANILLA', 'UNITE', '35000', NULL, 'VANILLA', '2022-06-03 13:32:58', '1', '0', 1, 1, 1, 'assets/img/photo-camera-gray.svg'),
(507, 'VERNICEL', 'UNITE', '20000', NULL, 'VERNICEL', '2022-06-03 13:32:58', '1', '0', 1, 23, 1, 'assets/img/photo-camera-gray.svg'),
(508, 'VERRE JETABLE', 'UNITE', '1000', NULL, 'VERRE JETABLE', '2022-06-03 13:32:58', '1', '0', 1, 8, 1, 'assets/img/photo-camera-gray.svg'),
(509, 'VIANDE', 'UNITE', '90000', NULL, 'VIANDE', '2022-06-03 13:32:58', '1', '0', 1, 1, 1, 'assets/img/photo-camera-gray.svg'),
(510, 'VIANDE ASSORTIE', 'UNITE', '42000', NULL, 'VIANDE ASSORTIE', '2022-06-03 13:32:58', '1', '0', 1, 1, 1, 'assets/img/photo-camera-gray.svg'),
(511, 'VIANDE DE LAPAIN', 'UNITE', '160000', NULL, 'VIANDE DE LAPAIN', '2022-06-03 13:32:58', '1', '0', 1, 1, 1, 'assets/img/photo-camera-gray.svg'),
(512, 'VIMTO', 'UNITE', '10000', NULL, 'VIMTO', '2022-06-03 13:32:58', '1', '0', 1, 1, 1, 'assets/img/photo-camera-gray.svg'),
(513, 'VINAIGRE BALSAMIQUE', 'UNITE', '50000', NULL, 'VINAIGRE BALSAMIQUE', '2022-06-03 13:32:58', '1', '0', 1, 1, 1, 'assets/img/photo-camera-gray.svg'),
(514, 'VINAIGRE BLANC GM', 'UNITE', '30000', NULL, 'VINAIGRE BLANC GM', '2022-06-03 13:32:58', '1', '0', 1, 1, 1, 'assets/img/photo-camera-gray.svg'),
(515, 'VINAIGRE BLANC PM', 'UNITE', '16000', NULL, 'VINAIGRE BLANC PM', '2022-06-03 13:32:58', '1', '0', 1, 1, 1, 'assets/img/photo-camera-gray.svg'),
(516, 'VINAIGRE DE CIBRE BIO', 'UNITE', '50000', NULL, 'VINAIGRE DE CIBRE BIO', '2022-06-03 13:32:58', '1', '0', 1, 1, 1, 'assets/img/photo-camera-gray.svg'),
(517, 'VINAIGRE DE CIDRE', 'UNITE', '40000', NULL, 'VINAIGRE DE CIDRE', '2022-06-03 13:32:58', '1', '0', 1, 1, 1, 'assets/img/photo-camera-gray.svg'),
(518, 'WISKI', 'UNITE', '20000', NULL, 'WISKI', '2022-06-03 13:32:58', '1', '0', 1, 1, 1, 'assets/img/photo-camera-gray.svg'),
(519, 'XXL', 'UNITE', '10000', NULL, 'XXL', '2022-06-03 13:32:58', '1', '0', 1, 1, 1, 'assets/img/photo-camera-gray.svg'),
(520, 'YAOURT IMPORTE', 'UNITE', '8000', NULL, 'YAOURT IMPORTE', '2022-06-03 13:32:58', '0', '0', 1, 23, 1, 'assets/img/photo-camera-gray.svg'),
(521, 'ZEIZEI DE POULET', 'UNITE', '110000', NULL, 'ZEIZEI DE POULET', '2022-06-03 13:32:58', '1', '0', 1, 1, 1, 'assets/img/photo-camera-gray.svg'),
(522, 'Calamar', 'Kg', '70000', 'Calamar', 'Calamar', '2022-06-03 21:16:11', '1', '0', 1, 23, 1, 'assets/img/photo-camera-gray.svg'),
(523, 'Lote Entier', 'Kg', NULL, 'Lote Entier', 'Lote Entier', '2022-06-05 21:12:05', '1', '0', 2, 9, 1, 'assets/img/photo-camera-gray.svg'),
(524, 'Filet de Sol ', 'kg', NULL, 'Filet de Sol ', 'Filet de Sol ', '2022-06-05 21:12:48', '1', '0', 2, 9, 1, 'assets/img/photo-camera-gray.svg'),
(525, 'Sinapa', 'Kg', NULL, 'Sinapa', 'Sinapa', '2022-06-05 21:17:29', '1', '0', 2, 9, 1, 'assets/img/photo-camera-gray.svg'),
(526, 'Poisson Fumer Konkonye', 'Kg', NULL, 'Poisson Fumer Konkonye', 'Konkonye', '2022-06-05 21:18:48', '1', '0', 2, 9, 1, 'assets/img/photo-camera-gray.svg'),
(527, 'Développement de Logiciel  ', 'Forfait', NULL, 'Développement de Logiciel  ', 'Développement de Logiciel  ', '2022-06-05 22:37:24', '1', '0', 5, 9, 1, 'assets/img/photo-camera-gray.svg'),
(528, 'Chevron ', 'Unite', NULL, 'Chevron ', 'Chevron', '2022-06-06 13:00:10', '1', '0', 6, 9, 1, 'assets/img/photo-camera-gray.svg'),
(529, 'Planche de Coffrage', 'Unite', NULL, 'Planche de Coffrage', 'Planche de Coffrage', '2022-06-06 13:00:57', '1', '0', 6, 9, 1, 'assets/img/photo-camera-gray.svg'),
(530, 'Latte ', 'Unite', NULL, 'Latte ', 'Latte', '2022-06-06 13:01:31', '1', '0', 6, 9, 1, 'assets/img/photo-camera-gray.svg'),
(531, 'Planche', 'Unite', NULL, 'Planche', 'Planche', '2022-06-06 13:02:02', '1', '0', 6, 9, 1, 'assets/img/photo-camera-gray.svg'),
(532, 'Sable', 'm3', NULL, 'Sable', 'Sable', '2022-06-06 21:42:08', '1', '0', 6, 9, 1, 'assets/img/photo-camera-gray.svg'),
(533, 'Gravier', 'm3', NULL, 'Gravier', 'Gravier', '2022-06-06 21:42:40', '1', '0', 6, 9, 1, 'assets/img/photo-camera-gray.svg'),
(534, 'Granite', 'm3', NULL, 'Granite', 'Granite', '2022-06-06 21:43:20', '1', '0', 6, 9, 1, 'assets/img/photo-camera-gray.svg'),
(535, 'Ciment', 'Sac 50kg', NULL, 'Ciment', 'Ciment', '2022-06-06 21:46:07', '1', '0', 6, 9, 1, 'assets/img/photo-camera-gray.svg'),
(536, 'Castel', 'Unite', NULL, 'Castel', 'Castel', '2022-06-11 11:17:31', '1', '0', 3, 9, 1, 'assets/img/photo-camera-gray.svg'),
(537, 'Eau 500ml', 'litre', NULL, 'Eau 500ml', 'Eau 500ml', '2022-06-11 11:22:39', '1', '0', 4, 9, 1, 'assets/img/photo-camera-gray.svg'),
(538, 'Sir ', 'Unite', NULL, 'Sir ', 'Cig Sir', '2022-06-11 11:24:27', '1', '0', 7, 9, 1, 'assets/img/photo-camera-gray.svg'),
(539, 'CHECK LIST HV	', 'Unite', NULL, 'CHECK LIST HV	', 'CHECK LIST HV	 Livre', '2022-06-20 19:35:58', '1', '0', 8, 9, 1, 'assets/img/photo-camera-gray.svg'),
(540, 'CHECK LIST LV', 'Unite', NULL, 'CHECK LIST LV', 'CHE LIST LV ', '2022-06-20 20:50:58', '1', '0', 8, 9, 1, 'assets/img/photo-camera-gray.svg'),
(541, 'SHEQ Processes', 'Unite', NULL, 'SHEQ Processes', 'SHEQ P', '2022-06-20 21:01:02', '1', '0', 8, 9, 1, 'assets/img/photo-camera-gray.svg'),
(542, 'Sérigraphie ', 'Unite', NULL, 'Sérigraphie ', 'Sérigraphie', '2022-06-20 21:01:51', '1', '0', 8, 9, 1, 'assets/img/photo-camera-gray.svg'),
(543, 'Guides de Transport', 'Unite', NULL, 'Guides de Transport', 'Guide de Tp', '2022-06-20 21:03:05', '1', '0', 8, 9, 1, 'assets/img/photo-camera-gray.svg'),
(544, 'Facture Delices A4', 'Unité', NULL, 'Facture Delices A4', 'Facture Delices A4 Livre', '2022-06-20 21:04:01', '1', '0', 8, 9, 1, 'assets/img/photo-camera-gray.svg'),
(545, 'Impression des Bon de Livraison', 'Unité', NULL, 'Impression des Bon de Livraison', 'Impression des Bon de Livraison', '2022-06-20 21:05:44', '1', '0', 8, 9, 1, 'assets/img/photo-camera-gray.svg'),
(546, 'SAC POUBELLE 240L', 'UNITE', NULL, 'SAC POUBELLE 240L', 'SAC POUBELLE 240l', '2022-07-13 09:28:02', '1', '0', 1, 9, 1, 'assets/img/photo-camera-gray.svg'),
(547, 'FRUIT DE COOCKAIL', 'UNITE', NULL, 'FRUIT DE COOCKAIL', 'FRUIT DE COOCKAIL', '2022-07-13 09:28:58', '1', '0', 1, 9, 1, 'assets/img/photo-camera-gray.svg'),
(548, 'JUS EN POUDRE BOITE BCOOL', 'UNITE', NULL, 'JUS EN POUDRE BOITE BCOOL', 'JUS EN POUDRE BOITE BCOOL', '2022-07-13 09:29:46', '1', '0', 1, 9, 1, 'assets/img/photo-camera-gray.svg'),
(549, 'CREME DONIA', 'UNITE', NULL, 'CREME DONIA', 'CREME DONIA', '2022-07-13 09:30:20', '1', '0', 1, 9, 1, 'assets/img/photo-camera-gray.svg'),
(550, 'HARICOTS à LA SAUCE TOMATE', 'UNITE', '36000', 'HARICOTS à LA SAUCE TOMATE', 'HARICOTS à LA SAUCE TOMATE', '2022-07-13 09:31:33', '1', '0', 1, 23, 1, 'assets/img/photo-camera-gray.svg'),
(551, 'LAIT EN POUDRE YAOURT ', 'UNITE', NULL, 'LAIT EN POUDRE YAOURT ', 'LAIT EN POUDRE YAOURT ', '2022-07-13 09:32:32', '1', '0', 1, 9, 1, 'assets/img/photo-camera-gray.svg'),
(552, 'PAPIER RAM', 'PAQUET', NULL, 'PAPIER RAM', 'PAPIER RAM', '2022-07-13 09:33:30', '1', '0', 5, 9, 1, 'assets/img/photo-camera-gray.svg'),
(553, 'PALMOLIVE', 'UNITE', NULL, 'PALMOLIVE', 'PAL SAVON', '2022-07-13 09:34:41', '1', '0', 1, 9, 1, 'assets/img/photo-camera-gray.svg'),
(554, 'OMO POUR MACHINE A LAVE', 'UNITE', '39000', 'OMO POUR MACHINE A LAVE', 'OMO PML', '2022-07-13 09:35:25', '1', '0', 1, 23, 1, 'assets/img/photo-camera-gray.svg'),
(555, 'ADOUCISSANT PM', 'UNITE', NULL, 'ADOUCISSANT PM', 'ADOUCISSANT PM', '2022-07-13 09:36:19', '1', '0', 1, 9, 1, 'assets/img/photo-camera-gray.svg'),
(556, 'ADOUCISSANT GM', 'UNITE', '26000', 'ADOUCISSANT GM', 'ADOUCISSANT GM', '2022-07-13 09:36:52', '1', '0', 1, 23, 1, 'assets/img/photo-camera-gray.svg'),
(557, 'DEODORANT ', 'UNITE', '15000', 'DEODORANT ', 'DEODORANT ', '2022-07-13 09:37:39', '1', '0', 1, 23, 1, 'assets/img/photo-camera-gray.svg'),
(558, 'NESCAFE PAQUET 225G', 'UNITE', NULL, 'NESCAFE PAQUET 225G', 'NESCAFE PAQUET 225G', '2022-07-13 09:38:36', '1', '0', 1, 9, 1, 'assets/img/photo-camera-gray.svg'),
(559, 'CORNFLAKS BOULE CHOCO', 'UNITE', NULL, 'CORNFLAKS BOULE CHOCO', 'CORNFLAKS B CCO', '2022-07-13 09:39:51', '1', '0', 1, 9, 1, 'assets/img/photo-camera-gray.svg'),
(560, 'BLOC WC', 'UNITE', '24000', 'BLOC WC', 'BL W', '2022-07-13 09:40:21', '1', '0', 9, 23, 1, 'assets/img/photo-camera-gray.svg'),
(561, 'TAMARAIN JUS', 'UNITE', NULL, 'TAMARAIN JUS', 'TAMARAIN J', '2022-07-13 09:41:14', '1', '0', 1, 9, 1, 'assets/img/photo-camera-gray.svg'),
(562, 'MAYONAISE BAMA 32', 'UNITE', NULL, 'MAYONAISE BAMA 32', 'MAYONAISE B 32', '2022-07-13 09:42:36', '1', '0', 1, 9, 1, 'assets/img/photo-camera-gray.svg'),
(563, 'LAIT PRESIDENT', 'UNITE', '30000', 'LAIT PRESIDENT', 'LAIT PRESI ', '2022-07-13 10:14:22', '1', '0', 1, 23, 1, 'assets/img/photo-camera-gray.svg'),
(565, 'Gant pour Femme de Menage', 'UNITE', '17000', 'Gant pour Femme de Menage', 'Gant FM', '2022-07-16 18:13:02', '1', '0', 9, 23, 1, 'assets/img/photo-camera-gray.svg'),
(566, 'Savon de Toilette', 'UNITE', NULL, 'Savon de Toilette', 'Savon de Toilette ', '2022-07-16 18:13:37', '1', '0', 9, 9, 1, 'assets/img/photo-camera-gray.svg'),
(567, 'Broche à Pot', 'UNITE', NULL, 'Broche à Pot', 'Broche pour N  wc', '2022-07-16 18:16:14', '1', '0', 9, 9, 1, 'assets/img/photo-camera-gray.svg'),
(568, 'Broche pour Sol', 'UNITE', NULL, 'Broche pour Sol', 'Broche pour Sol', '2022-07-16 18:16:59', '1', '0', 9, 9, 1, 'assets/img/photo-camera-gray.svg'),
(569, 'Gel- WC', 'UNITE', NULL, 'Gel- WC', 'Gel- WC', '2022-07-16 18:17:48', '1', '0', 9, 9, 1, 'assets/img/photo-camera-gray.svg'),
(570, 'Jus de fruit en Boite', 'UNITE', NULL, 'Jus de fruit en Boite', 'Jus de fruit en Boite', '2022-07-22 12:56:05', '1', '0', 3, 9, 1, 'assets/img/photo-camera-gray.svg'),
(571, 'Planet Jus incas', 'UNITE', '5000', 'Planet Jus incas', 'Planet fruit Drink', '2022-07-22 12:58:03', '1', '0', 4, 12, 1, 'assets/img/photo-camera-gray.svg'),
(572, 'SAVON DIAMA', 'UNITE', '2400', 'SAVON DIAMA', 'SAVON DIAMA', '2022-07-22 12:58:39', '1', '0', 9, 12, 1, 'assets/img/photo-camera-gray.svg'),
(573, 'BROCHE A DENT', 'UNITE', NULL, 'BROCHE A DENT', 'BROCHE A DENT', '2022-07-22 12:59:36', '1', '0', 9, 9, 1, 'assets/img/photo-camera-gray.svg'),
(574, 'HARICOT POUR OUVRIER', 'UNITE', NULL, 'HARICOT POUR OUVRIER', 'HARICOT POUR OUVRIER', '2022-07-22 13:12:33', '1', '0', 1, 9, 1, 'assets/img/photo-camera-gray.svg'),
(575, 'Yaourt Local', 'UNITE', '5000', 'Yaourt Local', 'Yaourt Local Mdme KOI', '2022-07-22 15:55:19', '1', '0', 4, 12, 1, 'assets/img/photo-camera-gray.svg'),
(576, 'Marlboro Rouge', 'Unite', NULL, 'Marlboro Rouge', 'Marlboro Rouge', '2022-07-23 11:26:09', '1', '0', 10, 10, 1, 'assets/img/photo-camera-gray.svg'),
(577, 'Ronson', 'Unite', NULL, 'Ronson', 'Ronson', '2022-07-23 11:26:29', '1', '0', 10, 10, 1, 'assets/img/photo-camera-gray.svg'),
(578, 'Marlboro Blanc', 'Unite', '10000', 'Marlboro Blanc', 'Marlboro Blanc', '2022-07-23 11:26:54', '1', '0', 10, 8, 1, 'assets/img/photo-camera-gray.svg'),
(579, 'tonic', '1', '9000', 'tonic', 'tonic', '2022-07-23 20:04:11', '1', '0', 4, 12, 1, 'assets/img/photo-camera-gray.svg'),
(580, 'gui lux en bouteille', '1', '120000', 'gui lux en bouteille', 'gui lux en bouteille', '2022-07-23 20:05:13', '1', '0', 3, 18, 1, 'assets/img/photo-camera-gray.svg'),
(581, 'éponge métallique', '1', NULL, 'éponge métallique', 'éponge métallique', '2022-07-23 20:06:35', '1', '0', 5, 10, 1, 'assets/img/photo-camera-gray.svg'),
(582, 'canned fava beans', '1', NULL, 'canned fava beans', 'canned fava beans', '2022-07-23 20:09:19', '1', '0', 13, 10, 1, 'assets/img/photo-camera-gray.svg'),
(583, 'paprika 50g', '1', NULL, 'paprika 50g', 'paprika 50g', '2022-07-23 20:10:20', '1', '0', 13, 10, 1, 'assets/img/photo-camera-gray.svg'),
(584, 'piripiri 5g', '1', NULL, 'piripiri 5g', 'piripiri 5g', '2022-07-23 20:12:02', '1', '0', 13, 10, 1, 'assets/img/photo-camera-gray.svg'),
(585, 'briquet', '1', NULL, 'briquet', 'briquet', '2022-07-23 20:14:02', '1', '0', 5, 10, 1, 'assets/img/photo-camera-gray.svg'),
(586, 'gladiston', '1', NULL, 'gladiston', 'gladiston', '2022-07-23 20:16:49', '1', '0', 10, 10, 1, 'assets/img/photo-camera-gray.svg'),
(587, 'vermicelle paticiere', '1', NULL, 'vermicelle paticiere', 'vermicelle paticiere', '2022-07-23 20:18:13', '1', '0', 5, 10, 1, 'assets/img/photo-camera-gray.svg'),
(588, 'Gaz-oil Utilisé pour GE', 'UNITE', NULL, 'Gaz-oil Utilisé pour GE', 'Gaz-oil Utilisé pour GE', '2022-07-26 12:17:10', '1', '0', 1, 9, 1, 'assets/img/photo-camera-gray.svg'),
(589, 'Biscuit Petit Beurre', 'UNITE', NULL, 'Biscuit Petit Beurre', 'Biscuit Petit Beurre', '2022-07-26 12:18:48', '1', '0', 14, 9, 1, 'assets/img/photo-camera-gray.svg'),
(590, 'Vermicelle Pâtissière ', 'UNITE', NULL, 'Vermicelle Pâtissière ', 'Vermicelle Pâtissière ', '2022-07-26 12:47:24', '1', '0', 2, 9, 1, 'assets/img/photo-camera-gray.svg'),
(591, 'Vin Rouge', 'Litre', NULL, 'Vin Rouge', 'Vin Rouge', '2022-08-20 10:58:34', '1', '0', 3, 11, 1, 'assets/img/photo-camera-gray.svg'),
(592, 'Vin Blanc', 'Litre', NULL, 'Vin Blanc', 'Vin Blanc', '2022-08-20 10:59:04', '1', '0', 3, 11, 1, 'assets/img/photo-camera-gray.svg'),
(593, 'Haricot Niébé Tombo', 'Kg', NULL, 'Haricot Niébé Tombo', ' Niébé Tombo', '2022-08-20 11:00:24', '1', '0', 2, 11, 1, 'assets/img/photo-camera-gray.svg'),
(594, 'Pastèque', 'Pièce', NULL, 'Pastèque', 'Pastèque', '2022-08-22 09:56:17', '1', '0', 11, 11, 1, 'assets/img/photo-camera-gray.svg'),
(595, 'Peau de vache', 'Kg', NULL, 'Peau de vache', 'Peau de vache', '2022-08-22 09:59:25', '1', '0', 14, 11, 1, 'assets/img/photo-camera-gray.svg'),
(596, 'Verre à eau', 'Pièce', NULL, 'Verre à eau', 'Verre à eau', '2022-08-22 10:03:28', '1', '0', 2, 11, 1, 'assets/img/photo-camera-gray.svg'),
(597, 'tomate ketchup', '1', NULL, 'tomate ketchup', 'tomate ketchup', '2022-08-22 11:38:05', '1', '0', 14, 8, 1, 'assets/img/photo-camera-gray.svg'),
(598, 'Betterave', 'Kg', NULL, 'Betterave', 'Betterave', '2022-08-25 15:33:04', '1', '0', 1, 11, 1, 'assets/img/photo-camera-gray.svg'),
(599, 'Pomme de terre petit', 'Kg', NULL, 'Pomme de terre petit', 'Pomme de terre petit', '2022-08-25 15:33:59', '1', '0', 1, 11, 1, 'assets/img/photo-camera-gray.svg'),
(600, 'l\'laurier', 'Unite', NULL, 'l\'laurier', 'laurier', '2022-08-29 09:32:07', '1', '0', 1, 8, 1, 'assets/img/photo-camera-gray.svg'),
(601, 'POISSON', 'Carton', NULL, 'POISSON', 'POISSON', '2022-08-29 19:50:33', '1', '0', 1, 12, 1, 'assets/img/photo-camera-gray.svg'),
(602, 'vermicelle ', 'unité', NULL, 'vermicelle ', 'vermicelle ', '2022-08-29 19:52:45', '1', '0', 1, 12, 1, 'assets/img/photo-camera-gray.svg'),
(603, 'Spaghetti ', 'unité', NULL, 'Spaghetti ', 'Spaghetti ', '2022-08-29 19:53:35', '1', '0', 1, 12, 1, 'assets/img/photo-camera-gray.svg'),
(604, 'Oma madar', 'unité', NULL, 'Oma madar', 'Oma madar', '2022-08-29 19:54:24', '1', '0', 9, 12, 1, 'assets/img/photo-camera-gray.svg'),
(605, 'Riz Local', 'unité', NULL, 'Riz Local', 'Riz Local', '2022-08-29 19:56:15', '1', '0', 1, 12, 1, 'assets/img/photo-camera-gray.svg'),
(606, 'Jus  planête', 'unité', NULL, 'Jus  planête', 'Jus  planête', '2022-08-29 19:59:50', '1', '0', 4, 12, 1, 'assets/img/photo-camera-gray.svg'),
(607, 'EAU COYAH PETITE BOBOUTEILLE', 'Unit', NULL, 'EAU COYAH PETITE BOBOUTEILLE', 'EAU COYAH PETITE BOUTEILLE', '2022-08-30 14:02:06', '1', '0', 1, 8, 1, 'assets/img/photo-camera-gray.svg'),
(608, 'HARICOT SAUCE TOMATE', 'Unite', NULL, 'HARICOT SAUCE TOMATE', 'HARICOT SAUCE TOMATE', '2022-09-01 12:33:39', '1', '0', 2, 14, 1, 'assets/img/photo-camera-gray.svg'),
(609, 'FROMAGE  FLAMAGO ', 'Unite', NULL, 'FROMAGE  FLAMAGO ', 'FROMAGE FLAMAGO', '2022-09-02 09:28:59', '1', '0', 2, 8, 1, 'assets/img/photo-camera-gray.svg'),
(611, 'Mixeur', 'UNITE', NULL, 'Mixeur', 'Mixeur', '2022-09-06 14:56:33', '1', '0', 5, 9, 1, 'assets/img/photo-camera-gray.svg'),
(612, 'Hacheuse', 'UNITE', NULL, 'Hacheuse', 'Hacheuse', '2022-09-06 14:58:32', '1', '0', 5, 9, 1, 'assets/img/photo-camera-gray.svg'),
(613, 'Distributeur & Mixeur de Jus', 'Unite', NULL, 'Distributeur & Mixeur de Jus', 'Distributeur & Mixeur de Jus', '2022-09-11 13:53:08', '1', '0', 5, 9, 1, 'assets/img/photo-camera-gray.svg'),
(614, 'Trancheuse', 'Unite', NULL, 'Trancheuse', 'Trancheuse', '2022-09-11 13:54:54', '1', '0', 5, 9, 1, 'assets/img/photo-camera-gray.svg'),
(615, 'Microne', 'Unite', NULL, 'Microne', 'Microne', '2022-09-11 13:55:41', '1', '0', 5, 9, 1, 'assets/img/photo-camera-gray.svg'),
(616, 'Rice Cooker', 'Unite', NULL, 'Rice Cooker', 'Rice Cooker', '2022-09-11 14:08:23', '1', '0', 5, 9, 1, 'assets/img/photo-camera-gray.svg'),
(617, 'Bain-marie', 'Unite', NULL, 'Bain-marie', 'Bain-marie', '2022-09-11 14:09:11', '1', '0', 5, 9, 1, 'assets/img/photo-camera-gray.svg'),
(618, 'Nido 900g', 'Gramme', '95000', 'Nido 900g', 'Nido 900g', '2022-09-11 14:09:45', '1', '0', 14, 23, 1, 'assets/img/photo-camera-gray.svg'),
(619, 'Four Electrique', 'Unite', NULL, 'Four Electrique', 'Four Electrique', '2022-09-11 14:10:16', '1', '0', 5, 9, 1, 'assets/img/photo-camera-gray.svg'),
(620, 'Cuisinière Electrique ', 'Unite', NULL, 'Cuisinière Electrique ', 'Cuisinière Electrique', '2022-09-11 14:11:18', '1', '0', 5, 9, 1, 'assets/img/photo-camera-gray.svg'),
(621, 'Marmite Electrique', 'Unite', NULL, 'Marmite Electrique', 'Marmite Electrique', '2022-09-11 14:12:57', '1', '0', 5, 9, 1, 'assets/img/photo-camera-gray.svg'),
(622, 'Poivre en Grain ', 'Unite', NULL, 'Poivre en Grain ', 'Poivre en Grain ', '2022-09-11 14:13:32', '1', '0', 5, 9, 1, 'assets/img/photo-camera-gray.svg'),
(623, 'Viande Importe', 'Kg', NULL, 'Viande Importe', 'Viande Importe', '2022-09-11 14:46:27', '1', '0', 1, 8, 1, 'assets/img/photo-camera-gray.svg'),
(624, 'Cigarette bons', 'Kg', NULL, 'Cigarette bons', 'Cigarette bons', '2022-09-12 16:38:36', '1', '0', 1, 8, 1, 'assets/img/photo-camera-gray.svg'),
(625, 'ELVIRA', 'Unit', NULL, 'ELVIRA', 'ELVIRA', '2022-09-17 11:17:47', '1', '0', 9, 8, 1, 'assets/img/photo-camera-gray.svg'),
(626, 'Verre a boirre', 'unité', NULL, 'Verre a boirre', 'boirre', '2022-09-18 14:21:09', '1', '0', 2, 8, 1, 'assets/img/photo-camera-gray.svg'),
(627, 'Cuilleres jetable', 'Carton', NULL, 'Cuilleres jetable', 'Cuilleres', '2022-09-18 14:22:17', '1', '0', 2, 8, 1, 'assets/img/photo-camera-gray.svg'),
(628, 'Gant de menege', 'unité', NULL, 'Gant de menege', 'dGant de menegee ', '2022-09-18 14:23:45', '1', '0', 9, 8, 1, 'assets/img/photo-camera-gray.svg'),
(629, 'Allumette', 'unité', NULL, 'Allumette', 'Allumette', '2022-09-18 14:25:35', '1', '0', 2, 8, 1, 'assets/img/photo-camera-gray.svg'),
(630, 'DIAMA', 'unité', NULL, 'DIAMA', 'DIAMA', '2022-09-22 10:47:41', '1', '0', 9, 12, 1, 'assets/img/photo-camera-gray.svg'),
(631, 'TOP SIDE ALLANA', 'Kg', NULL, 'TOP SIDE ALLANA', 'TOP SIDE ALLANA', '2022-09-23 14:18:46', '1', '0', 1, 11, 1, 'assets/img/photo-camera-gray.svg'),
(632, 'Scoth', 'Unite', NULL, 'Scoth', 'Scoth', '2022-09-29 14:01:23', '1', '0', 6, 8, 1, 'assets/img/photo-camera-gray.svg'),
(633, 'Play', 'Boité', NULL, 'Play', 'Play', '2022-10-01 14:16:56', '1', '0', 1, 11, 1, 'assets/img/photo-camera-gray.svg'),
(634, 'tomate pele', 'boite', NULL, 'tomate pele', 'tomate pele', '2022-10-01 18:56:08', '1', '0', 1, 23, 1, 'assets/img/photo-camera-gray.svg'),
(635, 'SAGIKO', 'Boite', '10000', 'SAGIKO', 'SAGIKO', '2022-10-05 12:23:37', '1', '0', 4, 8, 1, 'assets/img/photo-camera-gray.svg'),
(636, 'RAISIN SEC', 'KG', '10000', 'RESIN SEC', 'RESIN SEC', '2022-10-06 15:20:15', '1', '0', 1, 23, 1, 'assets/img/photo-camera-gray.svg'),
(638, 'Beaufort', 'unite', '8500', 'Beaufort', 'Beaufort', '2022-10-11 20:25:58', '1', '0', 3, 9, 1, 'assets/img/photo-camera-gray.svg'),
(639, 'TARO', 'Kg', '15000', 'TARO', 'TARO', '2022-10-13 09:17:00', '1', '0', 1, 8, 1, 'assets/img/photo-camera-gray.svg'),
(640, 'Thon avec pois chiche', 'Boite', '20000', 'Thon avec pois chiche', 'Thon avec pois chiche', '2022-10-13 09:17:04', '1', '0', 1, 23, 1, 'assets/img/photo-camera-gray.svg'),
(641, 'Thon entier à huile végétal', 'Boites', '25000', 'Thon entier à huile végétal', 'Thon entier à huile végétal', '2022-10-13 09:20:59', '1', '0', 1, 23, 1, 'assets/img/photo-camera-gray.svg'),
(642, 'Thon à huile végétal', 'Boite', '20000', 'Thon à huile végétal', 'Thon à huile végétal', '2022-10-13 09:24:25', '1', '0', 1, 23, 1, 'assets/img/photo-camera-gray.svg'),
(643, 'Sardine pimentés à sauce tomate', 'Boites', '10000', 'Sardine pimentés à sauce tomate', 'Sardine pimentés à sauce tomate', '2022-10-13 09:28:44', '1', '0', 1, 23, 1, 'assets/img/photo-camera-gray.svg'),
(644, 'Sardine en tomate piquante', 'Boites', '10000', 'Sardine en tomate piquante', 'Sardine en tomate piquante', '2022-10-13 09:32:47', '1', '0', 1, 23, 1, 'assets/img/photo-camera-gray.svg'),
(645, 'FLAMILKO', 'Unite', '25000', 'FLAMILKO', 'FLAMILKO', '2022-10-13 16:13:05', '1', '0', 1, 8, 1, 'assets/img/photo-camera-gray.svg'),
(647, 'AMENDE EFFILE PM', 'Unite', '15000', 'AMENDE EFFILE PM', 'AMENDE EFFILE PM', '2022-10-13 16:14:09', '1', '0', 1, 8, 1, 'assets/img/photo-camera-gray.svg'),
(648, 'IGNAME', 'Unite', '30000', 'IGNAME', 'IGNAME', '2022-10-13 16:17:57', '1', '0', 1, 8, 1, 'assets/img/photo-camera-gray.svg'),
(649, 'CONCOMBRE', 'unite', '20000', 'CONCOMBRE', 'CONCOMBRE', '2022-10-13 21:12:49', '1', '0', 1, 18, 1, 'assets/img/photo-camera-gray.svg'),
(650, 'YAOUTY IMPORTE', 'UNITE', '5000', 'YAOUTY IMPORTE', 'YAOUTY IMPORTE', '2022-10-26 14:53:55', '1', '0', 1, 8, 1, 'assets/img/photo-camera-gray.svg'),
(651, 'Papier hygiénique', 'packet', '10000', 'Papier hygiénique', 'Papier hygiénique', '2022-10-26 15:19:39', '1', '0', 1, 23, 1, 'assets/img/photo-camera-gray.svg'),
(652, 'tonic en bidon', 'Unite', '5000', 'tonic en bidon', 'tonic en bidon', '2022-10-29 15:49:49', '1', '0', 4, 8, 1, 'assets/img/photo-camera-gray.svg'),
(653, 'Eponse Metalique', 'UNITE', '10000', 'Eponse Metalique', 'Eponse Metalique', '2022-11-08 12:25:29', '1', '0', 1, 23, 1, 'assets/img/photo-camera-gray.svg'),
(654, 'Eau bouteilles pm', 'Unite', '5000', 'Eau bouteilles pm', 'Eau bouteilles pm', '2022-12-13 14:52:44', '1', '0', 1, 8, 1, 'assets/img/photo-camera-gray.svg'),
(655, 'sangria', 'litre', '40000', 'sangria', 'boisson', '2022-12-14 21:05:23', '1', '0', 7, 18, 1, 'assets/img/photo-camera-gray.svg'),
(656, 'Vin de Bordeau', 'Litre', '100000', 'Vin de Bordeau', 'Vin de Bordeau', '2022-12-17 11:56:10', '1', '0', 1, 11, 1, 'assets/img/photo-camera-gray.svg'),
(657, 'Serviette de table', 'paquet', '32500', 'Serviette de table', 'Serviette de table', '2022-12-17 11:57:16', '1', '0', 1, 11, 1, 'assets/img/photo-camera-gray.svg'),
(658, 'Fromage Bleue', 'paquet', '65000', 'Fromage Bleue', 'Fromage Bleue', '2022-12-17 11:58:34', '1', '0', 1, 11, 1, 'assets/img/photo-camera-gray.svg'),
(661, 'enveloppe caki', 'Unit', '160000', 'enveloppe caki', 'enveloppe caki', '2023-01-27 11:19:09', '1', '0', 5, 8, 1, 'assets/img/photo-camera-gray.svg'),
(662, 'fefe', 'Unite', '10000', 'fefe', 'fefe', '2023-01-27 11:19:39', '1', '0', 1, 8, 1, 'assets/img/photo-camera-gray.svg'),
(664, 'tasse pers', 'Unite', '2500', 'tasse pers', 'tasse pers', '2023-02-03 14:06:35', '1', '0', 5, 8, 1, 'assets/img/photo-camera-gray.svg'),
(665, 'Assiette pers', 'Unite', '5000', 'Assiette pers', 'Assiette pers', '2023-02-03 14:07:16', '1', '0', 5, 8, 1, 'assets/img/photo-camera-gray.svg'),
(666, 'Beaufort', 'UNITE', '8500', 'couteaux', 'couteaux', '2023-02-13 14:33:26', '1', '0', 3, 8, 1, 'assets/img/photo-camera-gray.svg'),
(668, 'Tasse à café', 'UNITE', '35000', 'Tasse à café', 'Tasse à café', '2023-02-13 15:01:19', '1', '0', 1, 23, 1, 'assets/img/photo-camera-gray.svg'),
(669, 'Grillage', 'UNITE', '30000000', 'Grillage', 'Grillage', '2023-02-13 15:05:58', '1', '0', 5, 23, 1, 'assets/img/photo-camera-gray.svg'),
(670, 'EAU PETITS BOUTEILLE', 'LITRE', NULL, 'EAU PETITS BOUTEILLE', 'EAU PETITS BOUTEILLE', '2023-02-22 10:38:55', '1', '0', 1, 17, 1, 'assets/img/photo-camera-gray.svg'),
(671, 'AILE DE POULET', 'Kilogramme', '15000', 'Aile Poulet', 'Aile Poulet', '2023-03-10 10:45:08', '1', '0', 1, 13, 1, 'assets/img/photo-camera-gray.svg'),
(672, 'Aille de Poulet', 'kg', NULL, 'Aille de Poulet', 'AIl P', '2023-03-13 12:19:45', '1', '0', 14, 9, 1, 'assets/img/photo-camera-gray.svg'),
(673, 'Aille Poulet', 'Kilogramme', NULL, 'Aille Poulet', 'Aille Poulet', '2023-03-14 13:33:01', '1', '0', 1, 11, 1, 'assets/img/photo-camera-gray.svg'),
(674, 'Poivre Noir', 'UNITE', '40000', 'Poivre Noir', 'Poivre Noir', '2023-03-16 12:08:53', '1', '0', 1, 23, 1, 'assets/img/photo-camera-gray.svg'),
(675, 'Déodorant pour Machine à lave', 'litre', '100000', 'Déodorant pour Machine à lave', 'Déodorant pour Machine à lave', '2023-03-16 12:11:17', '1', '0', 9, 23, 1, 'assets/img/photo-camera-gray.svg'),
(676, 'Ideal Pâtissier', 'packet', '60000', 'Ideal Pâtissier', 'Ideal Pâtissier', '2023-03-16 12:12:49', '1', '0', 1, 23, 1, 'assets/img/photo-camera-gray.svg'),
(677, 'Légumes Couscous', 'boite', '32000', 'Légumes Couscous', 'Légumes Couscous', '2023-03-16 12:14:08', '1', '0', 1, 23, 1, 'assets/img/photo-camera-gray.svg'),
(678, '33 export', 'boite', '10000', '33 export', '33 export', '2023-04-13 13:37:53', '1', '0', 1, 23, 1, 'assets/img/photo-camera-gray.svg'),
(680, 'saa salt', 'Kg', '56,73', 'saa salt', 'saa salt', '2023-06-24 10:49:07', '1', '0', 14, 17, 1, 'assets/img/photo-camera-gray.svg'),
(681, 'white pepper', 'paquet', '330', 'white pepper', 'white pepper', '2023-06-24 11:08:58', '1', '0', 14, 17, 1, 'assets/img/photo-camera-gray.svg'),
(682, 'Cinna mon stick', 'SACHET', '283000', 'Cinna mon stick', 'Cinna mon stick', '2023-06-24 11:21:19', '1', '0', 14, 17, 1, 'assets/img/photo-camera-gray.svg'),
(683, 'Anise', 'Sachet', '94000', 'Anise', 'Anise', '2023-06-24 11:27:17', '1', '0', 14, 17, 1, 'assets/img/photo-camera-gray.svg'),
(684, 'NutMegs', 'SACHET', '75000', 'NutMegs', 'NutMegs', '2023-06-24 11:31:24', '1', '0', 14, 17, 1, 'assets/img/photo-camera-gray.svg'),
(685, 'Seed Plants', 'PAQUET', '508000', 'Seed Plants', 'Seed Plants', '2023-06-24 11:35:03', '1', '0', 14, 17, 1, 'assets/img/photo-camera-gray.svg'),
(686, 'Hot Madras', 'g', '245000', 'Hot Madras', 'Hot Madras', '2023-06-24 11:45:48', '1', '0', 14, 17, 1, 'assets/img/photo-camera-gray.svg'),
(687, 'Green Cardamon', 'SACHET', '19000', 'Green Cardamon', 'Green Cardamon', '2023-06-24 11:56:56', '1', '0', 14, 17, 1, 'assets/img/photo-camera-gray.svg'),
(688, 'Pimentao-Doce', 'boite', '274.21', 'Pimentao-Doce', 'Pimentao-Doce', '2023-06-24 12:03:58', '1', '0', 14, 17, 1, 'assets/img/photo-camera-gray.svg'),
(689, 'paprica', 'SACHET', '279000', 'paprica', 'paprica', '2023-06-24 12:07:06', '1', '0', 14, 17, 1, 'assets/img/photo-camera-gray.svg'),
(690, 'garam massala', 'Kg', '279000', 'garam massala', 'garam massala', '2023-06-24 12:13:31', '1', '0', 14, 17, 1, 'assets/img/photo-camera-gray.svg'),
(691, 'hot madras curry', 'Kg', '279000', 'hot madras curry', 'hot madras curry', '2023-06-24 12:16:24', '1', '0', 14, 17, 1, 'assets/img/photo-camera-gray.svg'),
(692, 'Madras curry', 'SACHET', '279000', 'Madras curry', 'Madras curry', '2023-06-24 12:20:43', '1', '0', 14, 17, 1, 'assets/img/photo-camera-gray.svg'),
(693, 'tumeric', 'Kg', '279000', 'tumeric', 'tumeric', '2023-06-24 12:23:38', '1', '0', 14, 17, 1, 'assets/img/photo-camera-gray.svg'),
(694, 'chilly power', 'Kg', '279000', 'chilly power', 'chilly power', '2023-06-24 12:25:33', '1', '0', 14, 17, 1, 'assets/img/photo-camera-gray.svg'),
(695, 'comin powder', 'Kg', NULL, 'comin powder', 'comin powder', '2023-06-24 12:28:05', '1', '0', 14, 17, 1, 'assets/img/photo-camera-gray.svg'),
(696, 'pimentao douce', 'Kg', NULL, 'pimentao douce', 'pimentao douce', '2023-06-24 13:11:38', '1', '0', 14, 17, 1, 'assets/img/photo-camera-gray.svg'),
(697, 'Location Citerne eau & Gaz-oil', 'Jour', NULL, 'Location Citerne eau & Gaz-oil', 'Location Citerne', '2023-06-27 12:39:07', '1', '0', 6, 9, 1, 'assets/img/photo-camera-gray.svg'),
(698, 'Location LV', 'Jour', NULL, 'Location LV', ' LV', '2023-06-27 12:39:43', '1', '0', 6, 9, 1, 'assets/img/photo-camera-gray.svg'),
(699, 'Viande de Mouton', 'KG', '215000', 'Viande de Mouton', 'Viande de Mouton', '2023-07-27 09:34:09', '1', '0', 1, 23, 1, 'assets/img/photo-camera-gray.svg'),
(700, 'Heineken', 'boite', '14000', 'Heineken', 'Heineken', '2023-08-15 10:37:39', '1', '0', 3, 23, 1, 'assets/img/photo-camera-gray.svg'),
(701, 'Guinness', 'bouteil', '12000', 'Guinness', 'Guinness', '2023-08-15 10:39:18', '1', '0', 3, 23, 1, 'assets/img/photo-camera-gray.svg'),
(702, 'JP chenet', 'bouteille', '100000', 'JP chenet', 'JP chenet', '2023-08-15 10:40:43', '1', '0', 3, 23, 1, 'assets/img/photo-camera-gray.svg'),
(703, 'Jacque Daniel', 'bouteille', '300000', 'Jacque Daniel', 'Jacque Daniel', '2023-08-15 10:42:05', '1', '0', 3, 23, 1, 'assets/img/photo-camera-gray.svg'),
(704, 'Châteaux', 'UNITE', NULL, 'Châteaux', 'Châteaux', '2023-08-15 10:42:56', '1', '0', 3, 23, 1, 'assets/img/photo-camera-gray.svg'),
(705, 'Châteaux de France', 'UNITE', NULL, 'Châteaux de France', 'Châteaux de France', '2023-08-15 11:16:52', '1', '0', 3, 23, 1, 'assets/img/photo-camera-gray.svg'),
(706, 'holandia', 'boite', '90000', 'holandia', 'holandia', '2023-08-19 14:23:14', '1', '0', 3, 23, 1, 'assets/img/photo-camera-gray.svg'),
(707, 'Champagne', 'boite', '300000', 'Champagne', 'Champagne', '2023-09-04 09:04:54', '1', '0', 3, 23, 1, 'assets/img/photo-camera-gray.svg'),
(708, 'Attièké', 'UNITE', '10000', 'Attièké', 'Attièké', '2023-09-05 10:23:05', '1', '0', 1, 23, 1, 'assets/img/photo-camera-gray.svg'),
(709, 'Sausse Bolognaise', 'boite', '396000', 'Sausse Bolognaise', 'Sausse Bolognaise', '2023-09-24 13:19:50', '1', '0', 1, 23, 1, 'assets/img/photo-camera-gray.svg'),
(710, 'Sausse Basalic', 'boite', '270000', 'Sausse Basalic', 'Sausse Basalic', '2023-09-24 13:20:56', '1', '0', 1, 23, 1, 'assets/img/photo-camera-gray.svg'),
(711, 'Tomate coulu', 'boite', '480000', 'Tomate coulu', 'Tomate coulu', '2023-09-24 13:21:37', '1', '0', 1, 23, 1, 'assets/img/photo-camera-gray.svg'),
(712, 'Tomate pizza', 'boite', '240000', 'Tomate pizza', 'Tomate pizza', '2023-09-24 13:22:20', '1', '0', 1, 23, 1, 'assets/img/photo-camera-gray.svg'),
(713, 'Semoul fin', 'boite', '120000', 'Semoul fin', 'Semoul fin', '2023-09-24 13:23:16', '1', '0', 1, 23, 1, 'assets/img/photo-camera-gray.svg'),
(714, 'Semoul moyenne', 'boite', '120000', 'Semoul moyenne', 'Semoul moyenne', '2023-09-24 13:23:59', '1', '0', 1, 23, 1, 'assets/img/photo-camera-gray.svg');
INSERT INTO `produits` (`id_cat`, `libelle_cat`, `unite_cat`, `pu_cat`, `description_cat`, `code_cat`, `create_at`, `active`, `consommable`, `groupe`, `user_id`, `source_produit`, `image_produit`) VALUES
(716, 'Panzani', 'UNITE', '222000', 'Panzani', 'Panzani', '2023-09-24 13:26:04', '1', '0', 1, 23, 1, 'assets/img/photo-camera-gray.svg'),
(718, 'Beurre jadidas', 'boite', NULL, 'Beurre jadidas', 'Beurre jadidas', '2023-09-24 13:30:14', '1', '0', 2, 23, 1, 'assets/img/photo-camera-gray.svg'),
(719, 'Lait promexe', 'boite', '120000', 'Lait promexe', 'Lait promexe', '2023-09-24 13:31:08', '1', '0', 1, 23, 1, 'assets/img/photo-camera-gray.svg'),
(720, 'Patte à sucre blanc', 'UNITE', '50000', 'Patte à sucre blanc', 'Patte à sucre blanc', '2023-09-24 13:31:59', '1', '0', 1, 23, 1, 'assets/img/photo-camera-gray.svg'),
(721, 'Patte à sucre bleue', 'UNITE', '50000', 'Patte à sucre bleue', 'Patte à sucre bleue', '2023-09-24 13:32:33', '1', '0', 1, 23, 1, 'assets/img/photo-camera-gray.svg'),
(722, 'Sucre noir', 'UNITE', '50000', 'Sucre noir', 'Sucre noir', '2023-09-24 13:33:02', '1', '0', 1, 23, 1, 'assets/img/photo-camera-gray.svg'),
(723, 'Arome vanile 1l patissiere', 'boite', '170000', 'Arome vanile 1l patissiere', 'Arome vanile 1l patissiere', '2023-09-24 13:34:14', '1', '0', 1, 23, 1, 'assets/img/photo-camera-gray.svg'),
(724, 'Patte à glace beur', 'KG', '650000', 'Patte à glace beur', 'Patte à glace beur', '2023-09-24 13:35:07', '1', '0', 1, 23, 1, 'assets/img/photo-camera-gray.svg'),
(725, 'Sucre rouge', 'UNITE', NULL, 'Sucre rouge', 'Sucre rouge', '2023-09-24 13:35:46', '1', '0', 2, 23, 1, 'assets/img/photo-camera-gray.svg'),
(726, 'Cacao en poudre gateaux', 'KG', '65000', 'Cacao en poudre gateaux', 'Cacao en poudre gateaux', '2023-09-24 13:37:30', '1', '0', 1, 23, 1, 'assets/img/photo-camera-gray.svg'),
(727, 'Guérite', 'Unite', NULL, 'Guérite', 'Guet', '2023-11-11 07:48:18', '1', '0', 1, 9, 1, 'assets/img/photo-camera-gray.svg'),
(728, 'Beurre President', 'plaquet', NULL, 'Beurre President', 'Beurre President', '2023-12-12 13:26:06', '1', '0', 1, 23, 1, 'assets/img/photo-camera-gray.svg'),
(729, 'Semoule Fumee', 'packet', '270000', 'Semoule Fumee', 'Semoule Fumee', '2023-12-12 13:27:14', '1', '0', 1, 23, 1, 'assets/img/photo-camera-gray.svg');

-- --------------------------------------------------------

--
-- Structure de la table `retenu_commande_salaire`
--

CREATE TABLE `retenu_commande_salaire` (
  `id` int(11) NOT NULL,
  `id_commande_salaire` int(11) NOT NULL,
  `id_taxe_contrat` int(11) NOT NULL,
  `montant` int(11) NOT NULL,
  `statut` enum('0','1') NOT NULL DEFAULT '1',
  `created_at` timestamp NOT NULL DEFAULT current_timestamp(),
  `user_id` int(11) NOT NULL
) ENGINE=InnoDB DEFAULT CHARSET=utf8mb3 COLLATE=utf8mb3_general_ci;

-- --------------------------------------------------------

--
-- Structure de la table `roles`
--

CREATE TABLE `roles` (
  `id_role` int(11) NOT NULL,
  `libelle_role` varchar(255) NOT NULL,
  `description` text DEFAULT NULL,
  `created_at` timestamp NOT NULL DEFAULT current_timestamp()
) ENGINE=InnoDB DEFAULT CHARSET=utf8mb3 COLLATE=utf8mb3_general_ci;

--
-- Déchargement des données de la table `roles`
--

INSERT INTO `roles` (`id_role`, `libelle_role`, `description`, `created_at`) VALUES
(1, 'Super User', 'Super User', '2022-05-17 12:10:09'),
(2, 'Comptable', 'Comptable', '2022-01-25 12:21:32'),
(3, 'Administrateur', 'Administrateur', '2022-01-25 12:16:58'),
(5, 'Gestionnaire de stock', 'Gestionnaire de stock', '2022-05-19 09:14:07'),
(6, 'Trésorier ', 'Charge de la bonne gestion de la trésorerie de l\'Entreprise. il gère les flux financiers', '2022-05-21 10:28:28'),
(7, 'Gestionnaire de site ', 'Gestionnaire de site', '2022-05-22 09:40:45'),
(8, 'Responsable Admin& Finance', 'Gere l\'administration, les ressources Humaines et les finances', '2022-05-27 18:07:17'),
(9, 'CUISINE', 'CUISINE', '2022-06-08 23:10:22'),
(10, 'Finance ', 'Responsable de la Facturation et suivi des Factures ', '2022-10-10 19:07:35'),
(11, 'invites', 'invites', '2023-07-01 17:38:17');

-- --------------------------------------------------------

--
-- Structure de la table `scannages`
--

CREATE TABLE `scannages` (
  `id_scannage` int(11) NOT NULL,
  `libelle_groupe` varchar(255) NOT NULL,
  `periode1_debut` varchar(255) NOT NULL,
  `periode1_fin` varchar(255) NOT NULL,
  `periode2_debut` varchar(255) NOT NULL,
  `periode2_fin` varchar(255) NOT NULL,
  `user_id` int(11) NOT NULL,
  `created_at` timestamp NOT NULL DEFAULT current_timestamp()
) ENGINE=InnoDB DEFAULT CHARSET=utf8mb3 COLLATE=utf8mb3_general_ci;

-- --------------------------------------------------------

--
-- Structure de la table `scanneurs`
--

CREATE TABLE `scanneurs` (
  `id_scanneur` int(11) NOT NULL,
  `id_scannage` int(11) NOT NULL,
  `id_user` int(11) NOT NULL,
  `user_id` int(11) NOT NULL,
  `statut` enum('0','1') NOT NULL DEFAULT '1',
  `created_at` timestamp NOT NULL DEFAULT current_timestamp()
) ENGINE=InnoDB DEFAULT CHARSET=utf8mb3 COLLATE=utf8mb3_general_ci;

-- --------------------------------------------------------

--
-- Structure de la table `services`
--

CREATE TABLE `services` (
  `id_service` int(11) NOT NULL,
  `libelle_service` varchar(255) NOT NULL,
  `description` text NOT NULL,
  `unite` varchar(255) NOT NULL DEFAULT 'unite',
  `user_id` int(11) NOT NULL,
  `statut` enum('0','1') NOT NULL DEFAULT '1',
  `created_at` timestamp NOT NULL DEFAULT current_timestamp()
) ENGINE=InnoDB DEFAULT CHARSET=utf8mb3 COLLATE=utf8mb3_general_ci;

--
-- Déchargement des données de la table `services`
--

INSERT INTO `services` (`id_service`, `libelle_service`, `description`, `unite`, `user_id`, `statut`, `created_at`) VALUES
(1, 'TOILE PLASTIQUE 8MX100M ', 'TOILE PLASTIQUE 8MX100M ', 'unite', 9, '1', '2024-04-04 23:35:03'),
(2, 'Land Cruiser Rent 1', 'locations de véhicule ', 'unite', 9, '1', '2024-04-07 23:57:48'),
(3, 'Prado Rent 2', 'Locations LV', 'unite', 9, '1', '2024-04-07 23:57:48'),
(4, 'Land Cruiser Rent 3', 'Location Véhicule', 'unite', 9, '1', '2024-04-07 23:57:48'),
(5, 'Locations Camions Citerne', 'Locations Camions Citerne', 'unite', 9, '1', '2024-04-07 23:57:48'),
(6, 'Locations de Citerne à eaux', 'Locations de Citerne à eaux', 'unite', 9, '1', '2024-04-07 23:57:48'),
(7, 'Location Camion Citerne 30 000l', 'Location Camion Citerne  d\'eau 30 000l', 'unite', 9, '1', '2024-04-07 23:57:48'),
(8, 'PANNEAU CLOTURE VERT 2,50X1,50CM 190 PILIER FIXATION  SERRAGE AVEC VIS; 570  FIXATION', 'PANNEAU CLOTURE VERT 2,50X1,50CM 190 PILIER FIXATION  SERRAGE AVEC VIS; 570  FIXATION', 'unite', 9, '1', '2024-04-07 23:57:48'),
(9, 'Barriere de Sécurité en Métal Peint ', 'Barriere de Sécurité en Métal Peint ', 'unite', 9, '1', '2024-04-07 23:57:48'),
(10, 'coude s diametre 110 quitté', 'coude s diametre 110 quitté', 'unite', 9, '1', '2024-04-07 23:57:48'),
(11, 'Mécanisme de WC Turc', 'Mécanisme de WC Turc', 'unite', 9, '1', '2024-04-07 23:57:48'),
(12, 'Sacha WC Turc', 'Sacha WC Turc', 'unite', 9, '1', '2024-04-07 23:57:48'),
(13, 'GRANITE10/20', 'GRANITE MATERIEL BLANST', 'unite', 9, '1', '2024-04-07 23:57:48'),
(14, 'Huile usagé', 'enlèvement et transport jusqu\'à l\'usine de traitement de 2000 litre d\'huile  usagé et de 3 fuit de 200l plaine de filtre à huile et de Gaz-soil.', 'unite', 9, '1', '2024-04-07 23:57:48'),
(15, 'Location Citerne d\'eau (11H)', 'Location Citerne d\'eau (11H)', 'unite', 9, '1', '2024-04-07 23:57:48'),
(16, 'Location citerne 11H', 'Location citerne 11H', 'unite', 9, '1', '2024-04-07 23:57:48'),
(17, 'Tole Bacs XL RENVERSEES 0.50 x1000', 'Tole Bacs XL RENSERSEES 0.50 x100', 'unite', 9, '1', '2024-04-07 23:57:48'),
(18, 'PLAQUE A CHAINE BLANCHE 11.40X0.80M', 'PLAQUE A CHAINE BLANCHE 11.40X0.80M', 'unite', 9, '1', '2024-04-07 23:57:48'),
(19, 'RESERVOIR WC COMPACT BLANC', 'RESERVOIR WC COMPACT BLANC', 'unite', 9, '1', '2024-04-07 23:57:48'),
(20, 'SIPHON DE SOL F.F. DN100', 'SIPHON DE SOL F.F. DN100', 'unite', 9, '1', '2024-04-07 23:57:48'),
(21, 'FLOTEUR TANK', 'FLOTEUR TANK', 'unite', 9, '1', '2024-04-07 23:57:48'),
(22, 'TUYAU PEHD PE 100 PN 10 110MM', 'TUYAU PEHD', 'unite', 9, '1', '2024-04-07 23:57:48'),
(23, 'Location Camion citerne d\'eau  (DD-01)', 'Location Camion Citerne d\'eau (DD-0D1)', 'unite', 9, '1', '2024-04-07 23:57:48'),
(24, 'Location Camion citerne d\'eau  (DD-03)', 'Location Camion Citerne d\'eau (DD-03)', 'unite', 9, '1', '2024-04-07 23:57:48'),
(25, 'Location Camion Citerne d\'eau (DD-04)', 'Location Camion Citerne d\'eau (DD-04)', 'unite', 9, '1', '2024-04-07 23:57:48'),
(26, 'Location Camion citerne d\'eau- DD-01 (moins que 16H)', 'Location Camion Citerne d\'eau-DD-01 (moins que 16H)', 'unite', 9, '1', '2024-04-07 23:57:48'),
(27, 'Location Camion citerne d\'eau  DD-03 (moins que 16H)', 'Location Camion Citerne d\'eau DD-03 (moins que 16H)', 'unite', 9, '1', '2024-04-07 23:57:48'),
(28, 'Location Camion Citerne d\'eau DD-04 (moins que 16H)', 'Location Camion Citerne d\'eaux DD-04 (moins que 16H)', 'unite', 9, '1', '2024-04-07 23:57:48'),
(29, 'SILICONE', 'SILICONE', 'unite', 9, '1', '2024-04-07 23:57:48'),
(30, 'SIKAFLEXE', 'SIKAFLEXE', 'unite', 9, '1', '2024-04-07 23:57:48'),
(31, 'SILICONE RTV NOIR', 'SILICONE RTV NOIR', 'unite', 9, '1', '2024-04-07 23:57:48'),
(32, 'SIKAFLEXE 256 NOIR 600ML', 'SIKAFLEX 256 NOIR 600ML', 'unite', 9, '1', '2024-04-07 23:57:48'),
(33, ' 375-4301- FILTRE A AIRE PRIMAIRE- ', '375-4301 FILTRE A AIRE PRIMAIRE', 'unite', 9, '1', '2024-04-07 23:57:48'),
(34, 'VEHICULE SANS CONDUCTEUR RENT2', 'VEHICULE SANS CONDUCTEUR RENT2', 'unite', 9, '1', '2024-04-07 23:57:48'),
(35, 'VEHICULE SANS CONDUCTEUR RENT3', 'VEHICULE SANS CONDUCTEUR RENT3', 'unite', 9, '1', '2024-04-07 23:57:48'),
(36, 'Location Camion Citerne d\'eau DD-07', 'Location Camion Citerne d\'eau DD-07', 'unite', 9, '1', '2024-04-07 23:57:48'),
(37, 'CAMION CITERNE A GAZ-SOIL DD-06', 'CAMION CITERNE A GAZ-SOIL DD-06', 'unite', 9, '1', '2024-04-07 23:57:48'),
(38, 'Sceau en Plastic', 'Sceau en Plastic', 'unite', 9, '1', '2024-04-07 23:57:48'),
(39, 'VIS AVEC ECROU M20 5CM', 'VIS AVEC ECROU M20 5CM', 'unite', 9, '1', '2024-04-07 23:57:48'),
(40, 'VIS AVEC ECROU M20 8CM', 'VIS AVEC ECROU M20 8CM', 'unite', 9, '1', '2024-04-07 23:57:48'),
(41, 'VIS AVEC AUTOPERCEUSE 2CM ', 'VIS AVEC AUTOPERCEUSE 2CM ', 'unite', 9, '1', '2024-04-07 23:57:48'),
(42, 'VIS AVEC AUTOPERCEUSE 7CM ', 'VIS AVEC AUTOPERCEUSE 2CM ', 'unite', 9, '1', '2024-04-07 23:57:48'),
(43, 'ELECTRODE SAFER NF 510P', 'ELECTRODE SAFER NF 510P', 'unite', 9, '1', '2024-04-07 23:57:48'),
(44, 'Carbon Block Filter Cartridge', 'Carbon Block Filter Cartridge', 'unite', 9, '1', '2024-04-07 23:57:48'),
(45, 'FILTRE A EAU', 'FILTRE A EAU', 'unite', 9, '1', '2024-04-07 23:57:48'),
(46, 'TUBE ROND  SS DN350-355.9X8', 'TUBE  SS DN350-355.9X8', 'unite', 9, '1', '2024-04-07 23:57:48'),
(47, 'TUBE FER ROND SANS SOUDURE 300X325 (12\")', 'TUBE FER ROND SANS SOUDURE 300X325 (12\")', 'unite', 9, '1', '2024-04-07 23:57:48'),
(48, 'GRAVIER', 'GRAVIER', 'unite', 9, '1', '2024-04-07 23:57:48'),
(49, 'GRAVIER 10/20MM', 'GRAVIER 10/20MM', 'unite', 9, '1', '2024-04-07 23:57:48'),
(50, 'Location Camion citerne d\'eau  (DD-07)', 'Location Camion citerne d\'eau (DD-07)', 'unite', 9, '1', '2024-04-07 23:57:48'),
(51, 'Location Camion citerne d\'eau  DD-07 (moins que 16H)', 'Location Camion citerne d\'eau DD-07 (moins que 16H)', 'unite', 9, '1', '2024-04-07 23:57:48'),
(52, 'BITUMEN APPRET KOSTER', 'Peinture de LV BITUMEN APPRET KOSTER', 'unite', 9, '1', '2024-04-07 23:57:48'),
(53, 'Siege LV5 ', 'Siege LV5 ', 'unite', 9, '1', '2024-04-07 23:57:48'),
(54, 'Siege LV6', 'Siege LV6', 'unite', 9, '1', '2024-04-07 23:57:48'),
(55, 'Siege LV12', 'Siege LV12', 'unite', 9, '1', '2024-04-07 23:57:48'),
(56, 'Armoire Electrique Epiro 110', 'Armoire Electrique Epiro 110', 'unite', 9, '1', '2024-04-07 23:57:48'),
(57, 'Armoire Electrique Epiro 111', 'Armoire Electrique Epiro 111', 'unite', 9, '1', '2024-04-07 23:57:48'),
(58, 'Couverture du Grand TOUR', 'Couverture du Grand TOUR', 'unite', 9, '1', '2024-04-07 23:57:48'),
(59, 'Couverture du Petit TOUR', 'Couverture du Petit TOUR', 'unite', 9, '1', '2024-04-07 23:57:48'),
(60, 'PNEUS', 'PNEUS', 'unite', 9, '1', '2024-04-07 23:57:48'),
(61, 'DISQUE A COUPE', 'DISQUE A COUPE', 'unite', 9, '1', '2024-04-07 23:57:48'),
(62, 'Machine BOSCH M 480 NET', 'Machine BOSCH M 480 NET', 'unite', 9, '1', '2024-04-07 23:57:48'),
(63, 'Machine à MELE', 'Machine à MELE', 'unite', 9, '1', '2024-04-07 23:57:48'),
(64, 'TUBE FACAR 60X40 1.5MM', 'TUBE FACAR 60X40 1.5MM', 'unite', 9, '1', '2024-04-07 23:57:48'),
(65, 'TUBE EN FER RECTANGULAIRE 100X50X3MM', 'TUBE EN FER RECTANGULAIRE 100X50X3MM', 'unite', 9, '1', '2024-04-07 23:57:48'),
(66, 'PROFIL HEB 200(POUTRE)', 'PROFIL HEB 200(POUTRE)', 'unite', 9, '1', '2024-04-07 23:57:48'),
(67, 'DISQUE DE LISSAGE 125MM G100', 'DISQUE DE LISSAGE 125MM G100', 'unite', 9, '1', '2024-04-07 23:57:48'),
(68, 'DISQUE DE LISSAGE 125MM G180', 'DISQUE DE LISSAGE 125MM G180', 'unite', 9, '1', '2024-04-07 23:57:48'),
(69, 'DISQUE DE LISSAGE 125MM G320', 'DISQUE DE LISSAGE 125MM G320', 'unite', 9, '1', '2024-04-07 23:57:48'),
(70, 'PNEU 12.5/80-20 AT-603 12PR BKT', 'PNEU 12.5/80-20 AT-603 12PR BKT', 'unite', 9, '1', '2024-04-07 23:57:48'),
(71, 'POLISSEUR GPO  14 CE', 'POLISSEUR GPO  14 CE', 'unite', 9, '1', '2024-04-07 23:57:48'),
(72, 'MELEUSE GWS28 220V', 'POLISSEUR GPO  14 CE', 'unite', 9, '1', '2024-04-07 23:57:48'),
(73, 'Perfo-Burineur( TORNA)', 'Perfo-Burineur( TORNA)', 'unite', 9, '1', '2024-04-07 23:57:48'),
(74, 'PLAQUE EN FERRE 2mx1mx10mm', 'PLAQUE EN FERRE 2mx1mx10mm', 'unite', 9, '1', '2024-04-07 23:57:48'),
(75, 'MARTEAU PERFORATEUR GBH 2-24 DFR', 'MARTEAU PERFORATEUR GBH 2-24 DFR', 'unite', 9, '1', '2024-04-07 23:57:48'),
(76, 'Réparation du Plafond de la Cabine Niveleuse 96', 'Réparation du Plafond de la Cabine Niveleuse 96', 'unite', 9, '1', '2024-04-07 23:57:48'),
(77, 'SAC DE CHIFFON ', 'SAC DE CHIFFON ', 'unite', 9, '1', '2024-04-07 23:57:48'),
(78, 'bitument Apprêt Icoster', 'bitument Apprêt Icoster', 'unite', 9, '1', '2024-04-07 23:57:48'),
(79, 'Land Cruiser LV11', 'Land Cruiser LV11', 'unite', 9, '1', '2024-04-07 23:57:48'),
(80, 'Land Cruiser LV12', 'Land Cruiseur LV12', 'unite', 9, '1', '2024-04-07 23:57:48'),
(81, 'Land Cruiser LV15', 'Land Cruiseur LV15', 'unite', 9, '1', '2024-04-07 23:57:48'),
(82, 'Rebobinage  Dynamo de pompe', 'Rebobinage Dynamo de pompe', 'unite', 9, '1', '2024-04-07 23:57:48'),
(83, 'Disque à mellé ', 'Disque à mellé', 'unite', 9, '1', '2024-04-07 23:57:48'),
(84, 'DISCO DE DESBASTE 7 180X6, 0X22,2MM(5 N) HEAVY', 'DISCO DE DESBASTE 7 180X6, 0X22,2MM(5 N) HEAVY', 'unite', 9, '1', '2024-04-07 23:57:48'),
(85, 'CADENAS', 'CADENAS', 'unite', 9, '1', '2024-04-07 23:57:48'),
(86, 'Tube Ondulé', 'Tube Ondulé', 'unite', 9, '1', '2024-04-07 23:57:48'),
(87, 'Tube Ondulé 63MM', 'Tube Ondulé 63MM', 'unite', 9, '1', '2024-04-07 23:57:48'),
(88, 'CONTREPLAQUE MARITIME 2000X1000X3MM', 'CONTREPLAQUE MARITIME 2000X1000X3MM', 'unite', 9, '1', '2024-04-07 23:57:48'),
(89, 'DISQUE A MEULER DUCTIFLEX 115X6X22MM', 'DISQUE A MEULER DUCTIFLEX 115X6X22MM', 'unite', 9, '1', '2024-04-07 23:57:48'),
(90, 'CHIFON DE DECHETS', 'CHIFON DE DECHETS', 'unite', 9, '1', '2024-04-07 23:57:48'),
(91, 'plaque de signalisation blasting 3mX3m', 'plaque de signalisation blasting 3mX3m', 'unite', 9, '1', '2024-04-07 23:57:48'),
(92, 'plaque de signalisation blasting 1,5mx1,5m', 'plaque de signalisation blasting 1,5mx1,5m', 'unite', 9, '1', '2024-04-07 23:57:48'),
(93, 'plaque de signalisation blasting Drilling Zone', 'plaque de signalisation blasting Drilling Zone', 'unite', 9, '1', '2024-04-07 23:57:48'),
(94, 'plaque de signalisation explosive matériel 1,5mx1,5m', 'plaque de signalisation explosive matériel 1,5mx1,5m', 'unite', 9, '1', '2024-04-07 23:57:48'),
(95, 'Machine à Lave & Séché linge  Automatique ', 'Machine à Lave & Séché linge  Automatique ', 'unite', 9, '1', '2024-04-07 23:57:48'),
(96, 'COSERVATION ET REPARATION D\'equipement', 'COSERVATION ET REPARATION D\'equipement', 'unite', 9, '1', '2024-04-07 23:57:48'),
(97, 'CONSERVATION ET REPARATION D\'EQUIPEMENT', 'CONSERVATION ET REPARATION D\'EQUIPEMENT', 'unite', 9, '1', '2024-04-07 23:57:48'),
(98, 'TUYAU EVACUATION PVC 140MM 6M', 'TUYAU EVACUATION PVC 140MM 6M', 'unite', 9, '1', '2024-04-07 23:57:48'),
(99, 'TUYAU PEAD 160MM PN16 Long 12Mts', 'TUYAU PEAD 160MM PN16 Long 12Mts', 'unite', 9, '1', '2024-04-07 23:57:48'),
(100, 'Location Véhicule Avec Conducteur  ', 'Location Véhicule Avec Conducteur  ', 'unite', 9, '1', '2024-04-07 23:57:48'),
(101, 'PLAQUE A CHAINE BLANCHE 11.40X1.00MM', 'PLAQUE A CHAINE BLANCHE 11.40X1.00MM', 'unite', 9, '1', '2024-04-07 23:57:48'),
(102, 'TUYAU PEAD PN16 A/BRIDE 6\'\'X12M', 'TUYAU PEAD PN16 A/BRIDE 6\'\'X12M', 'unite', 9, '1', '2024-04-07 23:57:48'),
(103, 'PROFIL HEB 100', 'PROFIL HEB 100', 'unite', 9, '1', '2024-04-07 23:57:48'),
(104, 'TUBE FER 80X60X4MM', 'TUBE FER 80X60X4MM', 'unite', 9, '1', '2024-04-07 23:57:48'),
(105, 'TUBE FER CARRE 50X50X3MM', 'TUBE FER CARRE 50X50X3MM', 'unite', 9, '1', '2024-04-07 23:57:48'),
(106, 'TUYAU PEHD DN160  PN16 PE100', 'TUYAU PEHD DN160  PN16 PE100', 'unite', 9, '1', '2024-04-07 23:57:48'),
(107, 'TUYAU PEAD PN16 A/BRIDE 6\"x12M', 'TUYAU PEAD PN16 A/BRIDE 6\"x12M', 'unite', 9, '1', '2024-04-07 23:57:48'),
(108, 'OUVRIER QUALIFIER', 'OUVRIER QUALIFIER NON QALIFIER', 'unite', 9, '1', '2024-04-07 23:57:48'),
(109, 'OUVRIER NON QUALIFIER', 'OUVRIER NON QUALIFIER', 'unite', 9, '1', '2024-04-07 23:57:48'),
(110, 'TRASPORT ET NOURRITURE DES OUVRIERS', 'TRASPORT ET NOURRITURE  DES OUVRIERS', 'unite', 9, '1', '2024-04-07 23:57:48'),
(111, 'TRANSPORTS DES OUVRIERS', 'TRANSPORTS DES OUVRIERS', 'unite', 9, '1', '2024-04-07 23:57:48'),
(112, 'NOURRITURE DES OUVRIERS', 'NOURRITURE DES OUVRIERS', 'unite', 9, '1', '2024-04-07 23:57:48'),
(113, 'LOCATION  VEHICULE AVEC CONDUCTEUR', 'LOCATION VEHICULE AVEC CONDUCTEUR', 'unite', 9, '1', '2024-04-07 23:57:48'),
(114, 'Réparation tôlerie et Remplacement de vitre', 'Réparation tôlerie et Remplacement de vitre', 'unite', 9, '1', '2024-04-07 23:57:48'),
(115, 'CADENAS 50MM', 'CADENAS 50MM', 'unite', 9, '1', '2024-04-07 23:57:48'),
(116, 'OCCASION  BUS GMC (SCHOOL BUS) bon etat', 'OCCASION  BUS GMC (SCHOOL BUS) bon etat', 'unite', 9, '1', '2024-04-07 23:57:48'),
(117, 'NOUVEAUX BUS GMC SORTIE D\'USINE (SCHOOL BUS)  ', 'NOUVEAUX BUS GMC SORTIE D\'USINE (SCHOOL BUS)  ', 'unite', 9, '1', '2024-04-07 23:57:48'),
(118, 'PERCEUSE', 'PERCEUSE', 'unite', 9, '1', '2024-04-07 23:57:48'),
(119, 'PERCEUSE IMPACT 24-2 220V 1100W 1.5-13MM', 'PERCEUSE IMPACT 24-2 220V 1100W 1.5-13MM', 'unite', 9, '1', '2024-04-07 23:57:48'),
(120, 'PHARE', 'PHARE', 'unite', 9, '1', '2024-04-07 23:57:48'),
(121, 'COUVERTURE', 'COUVERTURE', 'unite', 9, '1', '2024-04-07 23:57:48'),
(122, 'PLAQUE', 'PLAQUE', 'unite', 9, '1', '2024-04-07 23:57:48'),
(123, 'TUYAU PEAD PN 16 8\'\' 12 M', 'TUYAU PEAD PN 16 8\'\' 12 M', 'unite', 9, '1', '2024-04-07 23:57:48'),
(124, 'REDUCTEUR PVC 160X110MM PN16', 'REDUCTEUR PVC 160X110MM PN16', 'unite', 9, '1', '2024-04-07 23:57:48'),
(125, 'REDUCTEUR PVC 200X160MM PN16', 'REDUCTEUR PVC 200X160MM PN16', 'unite', 9, '1', '2024-04-07 23:57:48'),
(126, 'LOCATION BUS 30 PLACES', 'LOCATION BUS 30 PLACES', 'unite', 9, '1', '2024-04-07 23:57:48'),
(127, 'LOCATION ESCAVATEUR 32.4T POUR 8H DE TRAVAIL', 'LOCATION ESCAVATEUR 32.4T POUR 8H DE TRAVAIL', 'unite', 9, '1', '2024-04-07 23:57:48'),
(128, ' LOCATION TOMBEREAU 40T POUR 8H DE TRAVAIL', ' LOCATION TOMBEREAU POUR 8H DE TRAVAIL', 'unite', 9, '1', '2024-04-07 23:57:48'),
(129, '  DRAS ET COUVERTURE', 'DRAS ET COUVERTURE', 'unite', 9, '1', '2024-04-07 23:57:48'),
(130, 'CAMION CITERNE A GAZ-SOIL DD-06 DU 26/11/2023 AU 17/12/2023', 'CAMION CITERNE A GAZ-SOIL DD-06 DU 26/11/2023 AU 17/12/2023', 'unite', 9, '1', '2024-04-07 23:57:48'),
(131, 'LOCATION  VEHICULE AVEC CONDUCTEUR du 01/12/23 au 22/12/23', 'LOCATION VEHICULE AVEC CONDUCTEU\r\n\r\n\r\n\r\n\r\n\r\n\r\n\r\n\r\n\r\n\r\n\r\n\r\nLOCATION  VEHICULE AVEC CONDUCTEUR du 01/12/23 au 22/12/23\r\n', 'unite', 9, '1', '2024-04-07 23:57:48'),
(132, 'TUYAU PVC SV BLANC 110MM  6M', 'TUYAU PVC SV BLANC 110MM  6M', 'unite', 9, '1', '2024-04-07 23:57:48'),
(133, 'TUYAU PEAD PN16 8\" 12M', 'TUYAU PEAD PN16 8\" 12M', 'unite', 9, '1', '2024-04-07 23:57:48'),
(134, 'REDUCTEUR PVC 200X160MMPN16', 'REDUCTEUR PVC 200X160MMPN16', 'unite', 9, '1', '2024-04-07 23:57:48'),
(135, 'PLAQUE ACRYLIQUE 3000X2000X20MM', 'PLAQUE ACRYLIQUE 3000X2000X20MM', 'unite', 9, '1', '2024-04-07 23:57:48'),
(136, 'PLAQUE HARDOX 450 0.252x2.438x7.315M', 'PLAQUE HARDOX 450 0.252x2.438x7.315M', 'unite', 9, '1', '2024-04-07 23:57:48'),
(137, 'Cable 6.6 mm Souple', 'Cable 6.6 mm Souple', 'unite', 9, '1', '2024-04-07 23:57:48'),
(138, 'Cable 5.6 mm souple ', 'Cable 5.6 mm souple ', 'unite', 9, '1', '2024-04-07 23:57:48'),
(139, 'Cable 3.25 mm souple ', 'Cable 3.25 mm souple ', 'unite', 9, '1', '2024-04-07 23:57:48'),
(140, 'Cable 3.15 mm souple ', 'Cable 3.15 mm souple ', 'unite', 9, '1', '2024-04-07 23:57:48'),
(141, 'Cable 5.16 mm souple ', 'Cable 5.16 mm souple ', 'unite', 9, '1', '2024-04-07 23:57:48'),
(142, 'Prise étanche extérieur', 'Prise étanche extérieur', 'unite', 9, '1', '2024-04-07 23:57:48'),
(143, 'Prise étanche externe', 'Prise étanche externe', 'unite', 9, '1', '2024-04-07 23:57:48'),
(144, 'interrupteur étanche double', 'interrupteur étanche double', 'unite', 9, '1', '2024-04-07 23:57:48'),
(145, 'Disjoncteur double 10A petit.', 'Disjoncteur double 10A petit.', 'unite', 9, '1', '2024-04-07 23:57:48'),
(146, 'Disjoncteur double 16A petit.', 'Disjoncteur double 16A petit.', 'unite', 9, '1', '2024-04-07 23:57:48'),
(147, 'Disjoncteur double 32 A petit.', 'Disjoncteur double 32 A petit.', 'unite', 9, '1', '2024-04-07 23:57:48'),
(148, 'Cable 5.10 mm souple ', 'Cable 5.10 mm souple', 'unite', 9, '1', '2024-04-07 23:57:48'),
(149, 'Cable 5.4 mm souple ', 'Cable 5.4 mm souple ', 'unite', 9, '1', '2024-04-07 23:57:48'),
(150, 'Flotteur à eaux', 'Flotteur à eaux', 'unite', 9, '1', '2024-04-07 23:57:48'),
(151, 'Disjoncteur triphasé 63A', 'Disjoncteur triphasé 63A', 'unite', 9, '1', '2024-04-07 23:57:48'),
(152, 'Disjoncteur triphasé 80A', 'Disjoncteur triphasé 80A', 'unite', 9, '1', '2024-04-07 23:57:48'),
(153, 'Disjoncteur triphasé 120A', 'Disjoncteur triphasé 120A', 'unite', 9, '1', '2024-04-07 23:57:48'),
(154, 'Disjoncteur bipolaire40 A', 'Disjoncteur bipolaire40 A', 'unite', 9, '1', '2024-04-07 23:57:48'),
(155, 'Disjoncteur bipolaire 25 A', 'Disjoncteur bipolaire 25 A', 'unite', 9, '1', '2024-04-07 23:57:48'),
(156, 'Disjoncteur bipolaire 16 A', 'Disjoncteur bipolaire 16 A', 'unite', 9, '1', '2024-04-07 23:57:48'),
(157, 'Disjoncteur 50 W', 'Disjoncteur 50 W', 'unite', 9, '1', '2024-04-07 23:57:48'),
(158, 'Projecteur 100 W', 'Projecteur 100 W', 'unite', 9, '1', '2024-04-07 23:57:48'),
(159, 'interrupteur étanche externe', 'interrupteur étanche externe', 'unite', 9, '1', '2024-04-07 23:57:48'),
(160, 'Grillage 1.5m hauteur 23m, Longueur 2 mm épaisseur 23m(53 ro)*23m=1219m)', 'Grillage 1.5m hauteur 23m, Longueur 2 mm épaisseur 23m(53 ro)*23m=1219m)', 'unite', 9, '1', '2024-04-07 23:57:48'),
(161, 'Fil de fer barbelet point 180m(6 roul*180m=1080m)', 'Fil de fer barbelet point 180m(6 roul*180m=1080m)', 'unite', 9, '1', '2024-04-07 23:57:48'),
(162, 'Tube rond en fer 5 cm diam 2mm (5.8M*225bar=1305m)', 'Tube rond en fer 5 cm diam 2mm (5.8M*225bar=1305m)', 'unite', 9, '1', '2024-04-07 23:57:48'),
(163, 'Charbon gm', 'Charbon gm', 'unite', 9, '1', '2024-04-07 23:57:48'),
(164, 'Fil galvanise 3mm 600m*9roll=5400+100m', 'Fil galvanise 3mm 600m*9roll=5400+100m', 'unite', 9, '1', '2024-04-07 23:57:48'),
(165, 'Tube rond en fer 10cm diam 3mm (5.8m*52bar=301m)', 'Tube rond en fer 10cm diam 3mm (5.8m*52bar=301m)', 'unite', 9, '1', '2024-04-07 23:57:48'),
(166, 'Charbon pm', 'Charbon pm', 'unite', 9, '1', '2024-04-07 23:57:48'),
(167, 'Disque a beton 230', 'Disque a beton 230', 'unite', 9, '1', '2024-04-07 23:57:48'),
(168, ' Pipe 50-PPR', ' Pipe 50-PPR', 'unite', 9, '1', '2024-04-07 23:57:48'),
(169, 'Pipe 40- PPR', 'Pipe 40- PPR', 'unite', 9, '1', '2024-04-07 23:57:48'),
(170, 'Coude 110 (90) 100 (PN6) PCS', 'Coude 110 (90) 100 (PN6) PCS', 'unite', 9, '1', '2024-04-07 23:57:48'),
(171, 'Tee 110', 'Tee 110', 'unite', 9, '1', '2024-04-07 23:57:48'),
(172, 'Tee 63', 'Tee 63', 'unite', 9, '1', '2024-04-07 23:57:48'),
(173, 'Coude (90) 63', 'Coude (90) 63', 'unite', 9, '1', '2024-04-07 23:57:48'),
(174, '25 MM BALL VALVE PCS', '25 MM BALL VALVE PCS', 'unite', 9, '1', '2024-04-07 23:57:48'),
(175, 'TYX PRO 50', 'TYX PRO 50', 'unite', 9, '1', '2024-04-07 23:57:48'),
(176, 'TYX PRO 40', 'TYX PRO 40', 'unite', 9, '1', '2024-04-07 23:57:48'),
(177, 'TYX PPR 50', 'TYX PPR 50', 'unite', 9, '1', '2024-04-07 23:57:48'),
(178, 'TYX PPR 40', 'TYX PPR 40', 'unite', 9, '1', '2024-04-07 23:57:48'),
(179, 'TYX PPR 32', 'TYX PPR 32', 'unite', 9, '1', '2024-04-07 23:57:48'),
(180, 'TYX PPR 25', 'TYX PPR 25', 'unite', 9, '1', '2024-04-07 23:57:48'),
(181, 'SHATTAF', 'SHATTAF', 'unite', 9, '1', '2024-04-07 23:57:48'),
(182, 'ROBINET LAVOBO EAU FROIDE', 'ROBINET LAVOBO EAU FROIDE', 'unite', 9, '1', '2024-04-07 23:57:48'),
(183, 'ROBINET PUISAGE 15', 'ROBINET PUISAGE 15', 'unite', 9, '1', '2024-04-07 23:57:48'),
(184, 'ROBINET PUISAGE 25', 'ROBINET PUISAGE 25', 'unite', 9, '1', '2024-04-07 23:57:48'),
(185, 'RED GALVA 32/25', 'RED GALVA 32/25', 'unite', 9, '1', '2024-04-07 23:57:48'),
(186, 'RED GALVA 25/15', 'RED GALVA 25/15', 'unite', 9, '1', '2024-04-07 23:57:48'),
(187, 'RED GALVA 15/12', 'RED GALVA 15/12', 'unite', 9, '1', '2024-04-07 23:57:48'),
(188, 'COUDE TARRODE PPR 25', 'COUDE TARRODE PPR 25', 'unite', 9, '1', '2024-04-07 23:57:48'),
(189, 'COUDE TARRODE PPR 15', 'COUDE TARRODE PPR 15', 'unite', 9, '1', '2024-04-07 23:57:48'),
(190, 'COUDE TARRODE PPR 32', 'COUDE TARRODE PPR 32', 'unite', 9, '1', '2024-04-07 23:57:48'),
(191, 'VANNE D\'RRET GALVA 25', 'VANNE D\'RRET GALVA 25', 'unite', 9, '1', '2024-04-07 23:57:48'),
(192, 'BON DE SOI 100', 'BON DE SOI 100', 'unite', 9, '1', '2024-04-07 23:57:48'),
(193, 'ROBINET LAVABO EAU FROIDE', 'ROBINET LAVABO EAU FROIDE', 'unite', 9, '1', '2024-04-07 23:57:48'),
(194, 'VANNE D\'RRET GALVA 32', 'VANNE D\'RRET GALVA 32', 'unite', 9, '1', '2024-04-07 23:57:48'),
(195, 'PLAQUE ACRYLIQUE 2500x1250x5MM', 'PLAQUE ACRYLIQUE', 'unite', 9, '1', '2024-04-07 23:57:48'),
(196, 'FEUILLE ACRYLIQUE 1,20 X 2,40 X5MM', 'FEUILLE ACRYLIQUE 1,20 X 2,40 X 5MM', 'unite', 9, '1', '2024-04-07 23:57:48'),
(197, 'G TUYAU PEHD DN225 PN 16', 'G TUYAU PEHD DN225 PN 16 EPS 20.5MM D225', 'unite', 9, '1', '2024-04-07 23:57:48'),
(198, 'G COLLIER AVEC BRIDPEHD DN225 SDR11PN16', 'SDR11 PN16-AVEC BRIGE DIA EXT 225mm', 'unite', 9, '1', '2024-04-07 23:57:48'),
(199, 'G REDUCTION LONGUE SDR11 PN16 225/200', 'G REDUCTION LONGUE SDR11 PN16 225/200', 'unite', 9, '1', '2024-04-07 23:57:48'),
(200, 'G COLIER AVEC BRID PEHD DN200 SOR11 PN16', 'G COLIER AVEC BRID PEHD DN200 SOR11 PN16', 'unite', 9, '1', '2024-04-07 23:57:48'),
(201, 'G REDUCTION LONGUE SDR11 PN16 225/160', 'G REDUCTION LONGUE SDR11 PN16 225/160 ', 'unite', 9, '1', '2024-04-07 23:57:48'),
(202, 'G REDUCTION LONGUE SDR11 PN16 225/180', 'G REDUCTION LONGUE SDR11', 'unite', 9, '1', '2024-04-07 23:57:48'),
(203, 'PLAQUE HARDOX 450.0252.\"x2.438X7.315M', 'PLAQUE HARDOX 450.0252.\"x2.438X7.315M', 'unite', 9, '1', '2024-04-07 23:57:48'),
(204, 'CITERNE D\'EAUX MAN EN LOCATION', 'CITERNE D\'EAUX MAN EN LOCATION', 'unite', 9, '1', '2024-04-07 23:57:48'),
(205, 'CHIFFON DE DECHETS 2eme COULEUR', 'CHIFFON DE DECHETS ', 'unite', 9, '1', '2024-04-07 23:57:48'),
(206, 'CHIFFON DE DECHETS 2eme COULEUR 25KG', 'CHIFFON DE DECHETS ', 'unite', 9, '1', '2024-04-07 23:57:48'),
(207, 'ETRIER ANALOGIQUE', 'ETRIER ANALOGIQUE', 'unite', 9, '1', '2024-04-07 23:57:48'),
(208, 'Commande 150m3 Livrer 159 Manque 9m3', 'Commande 150m3 Livrer 159', 'unite', 9, '1', '2024-04-07 23:57:48'),
(209, 'CHIFFON DE DECHET S\"2\" COULEUR 25KG', 'CHIFFON DE DECHET S\"2\" COULEUR 25KG', 'unite', 9, '1', '2024-04-07 23:57:48'),
(210, 'GRAISSE LAVE-MAINS 5KG', 'GRAISSE LAVE-MAINS', 'unite', 9, '1', '2024-04-07 23:57:48'),
(211, 'MARTEAU EN BRONZE 10KG', 'MARTEAU EN BRONZE', 'unite', 9, '1', '2024-04-07 23:57:48'),
(212, 'CONDENSEUR', 'CONDENSEUR', 'unite', 9, '1', '2024-04-07 23:57:48'),
(213, 'ROULEAU A PEINDRE ANTI- ECLA 9CM', 'ROULEAU A PEINDRE', 'unite', 9, '1', '2024-04-07 23:57:48'),
(214, 'ROULEAU A PEINDRE ANTI- ECLA 15CM', 'ROULEAU A PEINDRE 15CM', 'unite', 9, '1', '2024-04-07 23:57:48'),
(215, 'PEINCEAU N° 1', 'PEINCEAU N° 1', 'unite', 9, '1', '2024-04-07 23:57:48'),
(216, 'PINCEAU N° 3', 'PINCEAU N° 3', 'unite', 9, '1', '2024-04-07 23:57:48'),
(217, 'G  PINCEAU ROND N° 1', 'G  PINCEAU ROND N° 1', 'unite', 9, '1', '2024-04-07 23:57:48'),
(218, 'G  PINCEAU ROND N° 2', 'G  PINCEAU ROND N° 2', 'unite', 9, '1', '2024-04-07 23:57:48'),
(219, 'PINCEAU 1\'\'', 'PINCEAU 1\'\'', 'unite', 9, '1', '2024-04-07 23:57:48'),
(220, 'PINCEAU 3\'\'', 'PINCEAU 3\'\'', 'unite', 9, '1', '2024-04-07 23:57:48'),
(221, 'BOULON MGX30', 'BOULON MGX30', 'unite', 9, '1', '2024-04-07 23:57:48'),
(222, 'ECROU 8.8 M5', 'ECROU 8.8 M5', 'unite', 9, '1', '2024-04-07 23:57:48'),
(223, 'BOULON M8X40', 'BOULON M8X40', 'unite', 9, '1', '2024-04-07 23:57:48'),
(224, 'ECROU 8.8 M8', 'ECROU 8.8 M8', 'unite', 9, '1', '2024-04-07 23:57:48'),
(225, 'BOULON HEXAGONAL M10X40X100', 'BOULON HEXAGONAL M10X40X100', 'unite', 9, '1', '2024-04-07 23:57:48'),
(226, 'ECROU HEXAGONAL CL5 M10', 'ECROU HEXAGONAL CL5 M10', 'unite', 9, '1', '2024-04-07 23:57:48'),
(227, 'ROUDELLE DIN12S M10', 'ROUDELLE DIN12S M10', 'unite', 9, '1', '2024-04-07 23:57:48'),
(228, 'VIS HEXAGONAL MA 993 88M12X40', 'VIS HEXAGONAL MA 993 88M12X40', 'unite', 9, '1', '2024-04-07 23:57:48'),
(229, 'ECROU ACIER M12', 'ECROU ACIER M12', 'unite', 9, '1', '2024-04-07 23:57:48'),
(230, 'ROUDELLE PLATE M12', 'ROUDELLE PLATE M12', 'unite', 9, '1', '2024-04-07 23:57:48'),
(231, 'JEU FORET HSSCO', 'JEU FORET HSSCO', 'unite', 9, '1', '2024-04-07 23:57:48'),
(232, 'BOUTEILLE D\'EAU RECHARGE 18,9L', 'BOUTEILLE D\'EAU 18,9L', 'unite', 9, '1', '2024-04-07 23:57:48'),
(233, 'LAMPE 12V H4  60/50W', 'LAMPE 12V H4  60/50W', 'unite', 9, '1', '2024-04-07 23:57:48'),
(234, 'LAMPE 24V  H4  75/70W', 'LAMPE 24V  H4  75/70W', 'unite', 9, '1', '2024-04-07 23:57:48'),
(235, 'LAMPE H3 12V  60W', 'LAMPE H3 12V  60W', 'unite', 9, '1', '2024-04-07 23:57:48'),
(236, 'LAMPE 12V  P21/5W', 'LAMPE 12V  P21/5W', 'unite', 9, '1', '2024-04-07 23:57:48'),
(237, 'LAMPE 24V  21/5W', 'LAMPE 24V  21/5W', 'unite', 9, '1', '2024-04-07 23:57:48'),
(238, 'LAMPE 12V  21W', 'LAMPE 12V  21W', 'unite', 9, '1', '2024-04-07 23:57:48'),
(239, 'LAMPE 24V  H3  24V   60W', 'LAMPE 24V  H3  24V   60W', 'unite', 9, '1', '2024-04-07 23:57:48'),
(240, 'LAMPE H3  24V  60W', 'LAMPE H3  24V  60W', 'unite', 9, '1', '2024-04-07 23:57:48'),
(241, 'LAMPE 24V  21W', 'LAMPE 24V  21W', 'unite', 9, '1', '2024-04-07 23:57:48'),
(242, 'CONDENSATEUR 17UF 550V 50HZ', 'CONDENSATEUR', 'unite', 9, '1', '2024-04-07 23:57:48'),
(243, 'FILTRE A AIR PRIMAIR ', 'FILTRE A AIR PRIMAIR', 'unite', 9, '1', '2024-04-07 23:57:48'),
(244, 'FILTRE A  CARBURANT SECONDAIRE', 'FILTRE A  CARBURANT SECONDAIRE', 'unite', 9, '1', '2024-04-07 23:57:48'),
(245, 'FILTRE SEPARATUER D\'EAU', 'FILTRE SEPARATUER D\'EAU', 'unite', 9, '1', '2024-04-07 23:57:48'),
(246, 'REJOINT', 'REJOINT', 'unite', 9, '1', '2024-04-07 23:57:48'),
(247, 'FILTRE A EAUX', 'FILTRE A EAUX', 'unite', 9, '1', '2024-04-07 23:57:48'),
(248, 'FILTRE A HUILE MOTEUR', 'FILTRE A HUILE MOTEUR', 'unite', 9, '1', '2024-04-07 23:57:48'),
(249, 'FILTRE A AIR SECONDAIR', 'FILTRE A AIR SECONDAIR', 'unite', 9, '1', '2024-04-07 23:57:48'),
(250, 'COUVERCLE ARRIER DU FILTRE A AIR ', 'COUVERCLE ARRIER DU FILTRE A AIR ', 'unite', 9, '1', '2024-04-07 23:57:48'),
(251, 'FILTRE RETOUR HUIL', 'FILTRE RETOUR HUIL', 'unite', 9, '1', '2024-04-07 23:57:48'),
(252, 'FILTRE A AIR', 'FILTRE A AIR', 'unite', 9, '1', '2024-04-07 23:57:48'),
(253, 'FILTRE SECHEUR D\'AIR', 'FILTRE SECHEUR D\'AIR', 'unite', 9, '1', '2024-04-07 23:57:48'),
(254, 'DILUANT SYNTHETIQUE 5L', 'DILUANT SYNTHETIQUE 5L', 'unite', 9, '1', '2024-04-07 23:57:48'),
(255, 'CIMENT NYATI 32.5R (CIMIV) 50KG', 'CIMENT NYATI 32.5R (CIMIV) 50KG', 'unite', 9, '1', '2024-04-07 23:57:48'),
(256, 'MARTEAU EN BRONZE 6KG', 'MARTEAU EN BRONZE', 'unite', 9, '1', '2024-04-07 23:57:48'),
(257, 'Tableau Blanc 1800X1200MM', 'Tableau Blanc 1800X1200MM', 'unite', 9, '1', '2024-04-07 23:57:48'),
(258, 'TABLAU BLANC 90X120CM', 'TABLAU BLANC 90X120CM', 'unite', 9, '1', '2024-04-07 23:57:48'),
(259, 'SEPARATEURS ALPHABETIQUE A Z 20UN', 'SEPARATEURS ALPHABETIQUE A Z 20UN', 'unite', 9, '1', '2024-04-07 23:57:48'),
(260, 'CAHIER A SPIRALE LIGNE A4', 'CAHIER A SPIRALE LIGNE A4', 'unite', 9, '1', '2024-04-07 23:57:48'),
(261, 'G  GOMME', 'G  GOMME', 'unite', 9, '1', '2024-04-07 23:57:48'),
(262, 'MARQUEUR FLUORESCENT BLEU', 'MARQUEUR FLUORESCENT BLEU', 'unite', 9, '1', '2024-04-07 23:57:48'),
(263, 'TAILLE-CRAYON', 'TAILLE-CRAYON', 'unite', 9, '1', '2024-04-07 23:57:48'),
(264, 'REGLE 30 CM', 'REGLE 30 CM', 'unite', 9, '1', '2024-04-07 23:57:48'),
(265, 'PERFORATRICE', 'PERFORATRICE', 'unite', 9, '1', '2024-04-07 23:57:48'),
(266, 'MARQUEUR PERMANANT NOIR', 'MARQUEUR PERMANANT NOIR', 'unite', 9, '1', '2024-04-07 23:57:48'),
(267, 'DEGRAFEUR', 'DEGRAFEUR', 'unite', 9, '1', '2024-04-07 23:57:48'),
(268, 'POCHETTES DE LAMINATION A4', 'POCHETTES DE LAMINATION A4', 'unite', 9, '1', '2024-04-07 23:57:48'),
(269, 'POCHETTE A LAMINER A3', 'POCHETTE A LAMINER A3', 'unite', 9, '1', '2024-04-07 23:57:48'),
(270, 'CORRECTEUR LIQUDE 20GR', 'CORRECTEUR LIQUDE 20GR', 'unite', 9, '1', '2024-04-07 23:57:48'),
(271, 'MARQUER TABLAU BLANC ROUGE', 'MARQUER TABLAU BLANC ROUGE', 'unite', 9, '1', '2024-04-07 23:57:48'),
(272, 'ETIQUETTE ADHESIVE BLANCHE A4 PAQUET 25', 'ETIQUETTE ADHESIVE BLANCHE A4 PAQUET 25', 'unite', 9, '1', '2024-04-07 23:57:48'),
(273, 'G  DOSSIER PLASTIQUE AVEC RESSORT A4', 'G  DOSSIER PLASTIQUE AVEC RESSORT A4', 'unite', 9, '1', '2024-04-07 23:57:48'),
(274, 'TABLEAU BLANC  1800X1200MM', 'TABLEAU BLANC  ', 'unite', 9, '1', '2024-04-07 23:57:48'),
(275, 'TABLEAU BLANC  90X120CM', 'TABLEAU BLANC', 'unite', 9, '1', '2024-04-07 23:57:48'),
(276, 'SÉPARATEURS ALPHABÉTIQUES A Z 20UNA Z 20UN', 'SÉPARATEURS ALPHABÉTIQUES', 'unite', 9, '1', '2024-04-07 23:57:48'),
(277, 'CAHIER À SPIRALE', 'CAHIER À SPIRALE', 'unite', 9, '1', '2024-04-07 23:57:48'),
(278, 'STYLO BLEU ', 'STYLO BLEU ', 'unite', 9, '1', '2024-04-07 23:57:48'),
(279, 'REGLE 30CM', 'REGLE 30CM', 'unite', 9, '1', '2024-04-07 23:57:48'),
(280, 'MARQUEUR PERMANENT NOIR', 'MARQUEUR \r\nPERMANENT NOIR', 'unite', 9, '1', '2024-04-07 23:57:48'),
(281, 'CLASSEUR BANTEX  BLEU 70MM', 'CLASSEUR BANTEX  BLEU 70MM', 'unite', 9, '1', '2024-04-07 23:57:48'),
(282, 'POCHETTES DE  LAMINATION A4', 'POCHETTES DE  LAMINATION A4', 'unite', 9, '1', '2024-04-07 23:57:48'),
(283, 'POCHETTE À LAMINER A', 'POCHETTE À LAMINER A', 'unite', 9, '1', '2024-04-07 23:57:48'),
(284, 'POCHETTE À  LAMINER A3', 'POCHETTE À  LAMINER A3', 'unite', 9, '1', '2024-04-07 23:57:48'),
(285, 'CORRECTEUR LIQUIDE 20GR', 'CORRECTEUR LIQUIDE 20GR', 'unite', 9, '1', '2024-04-07 23:57:48'),
(286, 'MARQUEUR TABLEAU BLANC ROUGE', 'MARQUEUR TABLEAU ', 'unite', 9, '1', '2024-04-07 23:57:48'),
(287, 'ETIQUETTE UN ADHESIVE BLANCHE A4 PAQUET 25', 'ETIQUETTE UN ADHESIVE BLANCHE A4 PAQUET 25', 'unite', 9, '1', '2024-04-07 23:57:48'),
(288, 'G DOSSIER PLASTIQUES AVEC RESORT A4', 'G DOSSIER PLASTIQUES', 'unite', 9, '1', '2024-04-07 23:57:48'),
(289, 'ELECTRODES E 7018 4MM', 'ELECTRODES E 7018 ', 'unite', 9, '1', '2024-04-07 23:57:48'),
(290, 'INTERRRUPTEUR SCHNEIDER', 'INTERRRUPTEUR ', 'unite', 9, '1', '2024-04-07 23:57:48'),
(291, 'JEU TERMINAUX ', 'JEU TERMINAUX ', 'unite', 9, '1', '2024-04-07 23:57:48'),
(292, 'G PINCE A BORNES DE SERRAGE', 'G PINCE A BORNES', 'unite', 9, '1', '2024-04-07 23:57:48'),
(293, 'HOUSSES SIEGE UNIV VEHICULE /TOYOTA HILUX ET LAND CRUISER', 'HOUSSES SIEGE UNIV VEHICULE/TOYOTA HILUX ET LAND CRUISER', 'unite', 9, '1', '2024-04-07 23:57:48'),
(294, 'HOUSSES SIEGE UNIV VEHICULES / TOYOTA HIACE', 'HOUSSES SIEGE UNIV VEHICULES / TOYOTA HIACE', 'unite', 9, '1', '2024-04-07 23:57:48'),
(295, 'PEICE DE MASSSE 500 AMP', 'PEICE DE MASSSE 500 AMP', 'unite', 9, '1', '2024-04-07 23:57:48'),
(296, 'PEINCE DE MASSE 500 AMP', 'PEINCE DE MASSE 500 AMP', 'unite', 9, '1', '2024-04-07 23:57:48'),
(297, 'PEINCE PORTE-ELECTRODE  600 AMP', 'PEINCE PORTE-ELECTRODE  600 AMP', 'unite', 9, '1', '2024-04-07 23:57:48'),
(298, 'POUDRE DECARGEANT 200G', 'POUDRE DECARGEANT 200G', 'unite', 9, '1', '2024-04-07 23:57:48'),
(299, 'TIGE DE SOUDAGE LAITON 2MM', 'TIGE DE SOUDAGE LAITON 2MM', 'unite', 9, '1', '2024-04-07 23:57:48'),
(300, 'Tube Ondulé 32mm', 'Tube Ondulé', 'unite', 9, '1', '2024-04-07 23:57:48'),
(301, 'KIT GRAISSAGE ', 'KIT GRAISSAGE ', 'unite', 9, '1', '2024-04-07 23:57:48'),
(302, 'INJECTEUR GRAISSE POMME 10KG', 'INJECTEUR GRAISSE POMME', 'unite', 9, '1', '2024-04-07 23:57:48'),
(303, 'COUDE 90° SOUDABLE 1\'\'', 'COUDE 90° SOUDABLE 1\'\'', 'unite', 9, '1', '2024-04-07 23:57:48'),
(304, 'POUBELLE PLASTIQUE JAUNE', 'POUBELLE PLASTIQUE JAUNE', 'unite', 9, '1', '2024-04-07 23:57:48'),
(305, 'POUBELLE  PLASTISQUE GRIS / ROUGE ', 'POUBELLE PLASTIQUE  GRIS / ROUGE', 'unite', 9, '1', '2024-04-07 23:57:48'),
(306, 'POUBELLE PLASTIQUE BLEU', 'POUBELLE PLASTIQUE BLEU', 'unite', 9, '1', '2024-04-07 23:57:48'),
(307, 'G Prise males 16A  4P', 'G Prise males 16A  4P', 'unite', 9, '1', '2024-04-07 23:57:48'),
(308, 'G Prise males 32 A 4P', 'G Prise males 32 A 4P', 'unite', 9, '1', '2024-04-07 23:57:48'),
(309, 'G Connecteur barres pour câblés 4.5mm', 'G Connecteur barres pour câblés 4.5mm', 'unite', 9, '1', '2024-04-07 23:57:48'),
(310, 'G Connecteur barres pour câblés 3.5mm', 'G Connecteur barres pour câblés 3.5mm', 'unite', 9, '1', '2024-04-07 23:57:48'),
(311, 'MEULLEUSE 230MM', 'MEULLEUSE 230MM', 'unite', 9, '1', '2024-04-07 23:57:48'),
(312, 'DISQUE A COUPE DIAMONT 230MM', 'DISQUE A COUPE DIAMONT 230M', 'unite', 9, '1', '2024-04-07 23:57:48'),
(313, 'DISQUE BROYAGE 230MM', 'DISQUE BROYAGE 230MM', 'unite', 9, '1', '2024-04-07 23:57:48'),
(314, 'MEULEUSE PETIT 115 MM', 'MEULEUSE PETIT 115 MM', 'unite', 9, '1', '2024-04-07 23:57:48'),
(315, 'DISQUE  COUPE  115 MM', 'DISQUE  COUPE  115 MM', 'unite', 9, '1', '2024-04-07 23:57:48'),
(316, 'TOURNEVIS ELECT MANDRIN DE 16M', 'TOURNEVIS ELECT MANDRIN DE 16M', 'unite', 9, '1', '2024-04-07 23:57:48'),
(317, 'TOURNEVIS ELECT A PERCISSION 1500W', 'TOURNEVIS ELECT A PERCISSION 1500W', 'unite', 9, '1', '2024-04-07 23:57:48'),
(318, 'JEUTS DE FORET A BETON 16MM', 'JEUTS DE FORET A BETON 16MM', 'unite', 9, '1', '2024-04-07 23:57:48'),
(319, 'ELECTRODE 6013. 3;25MM', 'ELECTRODE 6013. 3;25MM', 'unite', 9, '1', '2024-04-07 23:57:48'),
(320, 'ELECTRODE 7018 3.2MM', 'ELECTRODE 7018 3.2MM', 'unite', 9, '1', '2024-04-07 23:57:48'),
(321, 'ELECTRODE 7018 2.5MM', 'ELECTRODE 7018 2.5MM', 'unite', 9, '1', '2024-04-07 23:57:48'),
(322, 'G JEU DE CLE A DOUILLE 6MM', 'G JEU DE CLE A DOUILLE 6MM', 'unite', 9, '1', '2024-04-07 23:57:48'),
(323, 'G JEU DE CLE A DOUILLE 36MM-90MM', 'G JEU DE CLE A DOUILLE 36MM-90MM', 'unite', 9, '1', '2024-04-07 23:57:48'),
(324, 'JEU CLE 6-32MM', 'JEU CLE 6-32MM', 'unite', 9, '1', '2024-04-07 23:57:48'),
(325, 'G JEU DE CLE 36MM-70', 'G JEU DE CLE 36MM-70', 'unite', 9, '1', '2024-04-07 23:57:48'),
(326, 'JEU DE CLE OUVERTE6-32MM', 'JEU DE CLE OUVERTE6-32MM', 'unite', 9, '1', '2024-04-07 23:57:48'),
(327, 'G JEU DE CLE POUR LUNETTE 36MM-70MM', 'G JEU DE CLE POUR LUNETTE 36MM-70MM', 'unite', 9, '1', '2024-04-07 23:57:48'),
(328, 'JEU DE CLE EN ETOIL 6MM - 32MM', 'JEU DE CLE EN ETOIL 6MM - 32MM', 'unite', 9, '1', '2024-04-07 23:57:48'),
(329, 'JEU DE CLE MIXTES 6-32MM', 'JEU DE CLE MIXTES 6-32MM', 'unite', 9, '1', '2024-04-07 23:57:48'),
(330, 'G JEU DE CLE EXAGONALES 6-16MM', 'G JEU DE CLE EXAGONALES 6-16MM', 'unite', 9, '1', '2024-04-07 23:57:48'),
(331, 'VIS AVEC ECROU GALV M16X200', 'VIS AVEC ECROU GALV M16X200', 'unite', 9, '1', '2024-04-07 23:57:48'),
(332, 'RONDELLE GALVANISE M16 CLASS 8.8', 'RONDELLE GALVANISE M16 CLASS 8.8', 'unite', 9, '1', '2024-04-07 23:57:48'),
(333, 'Clé complet', 'Clé complet', 'unite', 9, '1', '2024-04-07 23:57:48'),
(334, 'Pince circlip  interne droit', 'Pince circlip  interne droit', 'unite', 9, '1', '2024-04-07 23:57:48'),
(335, 'Peince coupé droite', 'pince  coupe droite', 'unite', 9, '1', '2024-04-07 23:57:48'),
(336, 'Pince Universelle', 'Pince Universelle', 'unite', 9, '1', '2024-04-07 23:57:48'),
(337, 'Pince à Pression droite', 'Pince à Pression droite', 'unite', 9, '1', '2024-04-07 23:57:48'),
(338, 'Scie à Couper fer', 'Scie à Couper fer', 'unite', 9, '1', '2024-04-07 23:57:48'),
(339, 'lame scie métal ', 'lame scie métal ', 'unite', 9, '1', '2024-04-07 23:57:48'),
(340, 'G Clé anglais 6\"', 'G Clé anglais 6\"', 'unite', 9, '1', '2024-04-07 23:57:48'),
(341, 'G clé anglais 9\"', 'G clé anglais 9\"', 'unite', 9, '1', '2024-04-07 23:57:48'),
(342, 'G Clé anglais 12\"', 'G Clé anglais 12\"', 'unite', 9, '1', '2024-04-07 23:57:48'),
(343, 'Marteau panne ronde', 'Marteau panne ronde', 'unite', 9, '1', '2024-04-07 23:57:48'),
(344, 'Marteau panne ronde 1 kg', 'Marteau panne ronde 1 kg', 'unite', 9, '1', '2024-04-07 23:57:48'),
(345, 'Marteau forgeron 5kg', 'Marteau forgeron 5kg', 'unite', 9, '1', '2024-04-07 23:57:48'),
(346, 'Marteau forgeron 1kg', 'Marteau forgeron 1kg', 'unite', 9, '1', '2024-04-07 23:57:48'),
(347, 'Machine soudage 500AMP', 'Machine soudage 500AMP', 'unite', 9, '1', '2024-04-07 23:57:48'),
(348, 'G de foret à Béton 16mm', 'G de foret à Béton 16mm', 'unite', 9, '1', '2024-04-07 23:57:48'),
(349, 'Jeu  clé 6-32mm', 'Jeu  clé 6-32mm', 'unite', 9, '1', '2024-04-07 23:57:48'),
(350, 'Jeu clé Etoile plates 12 pièces', 'Jeu clé Etoile plates 12 pièces', 'unite', 9, '1', '2024-04-07 23:57:48'),
(351, 'Jeu Tournevis', 'Jeu Tournevis', 'unite', 9, '1', '2024-04-07 23:57:48'),
(352, 'Lames Scies Bimétal HSBB12186', 'Lames Scies Bimétal HSBB12186', 'unite', 9, '1', '2024-04-07 23:57:48'),
(353, 'Toile Plastique 8MX100M', 'Toile Plastique 8MX100M', 'unite', 9, '1', '2024-04-07 23:57:48'),
(354, 'G PRISE MALES 500 A 4P', 'G PRISE MALES 500 A 4P', 'unite', 9, '1', '2024-04-07 23:57:48'),
(355, 'IMPERMEABLE NILON A/LOGO ME - M', 'IMPERMEABLE NILON A/LOGO ME - M', 'unite', 9, '1', '2024-04-07 23:57:48'),
(356, 'IMPERMEABLE NILON A/LOGO ME - L', 'IMPERMEABLE NILON A/LOGO ME - L', 'unite', 9, '1', '2024-04-07 23:57:48'),
(357, 'IMPERMEABLE NILON A/LOGO ME - XL', 'IMPERMEABLE NILON A/LOGO ME - XL', 'unite', 9, '1', '2024-04-07 23:57:48'),
(358, 'G IMPERMEABLE NILON A/LOGO ME - XXL', 'G IMPERMEABLE NILON A/LOGO ME - XXL', 'unite', 9, '1', '2024-04-07 23:57:48'),
(359, 'G IMPERMEABLE NILON A/LOGO ME - 3XL', 'G IMPERMEABLE NILON A/LOGO ME - 3XL', 'unite', 9, '1', '2024-04-07 23:57:48'),
(360, 'G MACHINE A FILTAGE RIDGID', 'G MACHINE A FILTAGE RIDGID', 'unite', 13, '1', '2024-04-08 14:14:58'),
(361, 'BROSSE ACIER ', 'BROSSE ACIER ', 'unite', 13, '1', '2024-04-08 14:14:58'),
(362, 'G SUPPORT METALIQUE', 'G SUPPORT METALIQUE', 'unite', 13, '1', '2024-04-08 14:14:58'),
(363, 'G SUPPORT METALIQUE 1\' 3/4', 'G SUPPORT METALIQUE 1\' 3/4', 'unite', 13, '1', '2024-04-08 14:14:58'),
(364, 'G SUPPORT METALIQUE 2\'\'', 'G SUPPORT METALIQUE 2\'\'', 'unite', 13, '1', '2024-04-08 14:14:58'),
(365, 'G TUYAU GALVANISE 2\'\'', 'G TUYAU GALVANISE 2\'\'', 'unite', 13, '1', '2024-04-08 14:14:58'),
(366, 'G TUYAU GALVANISE 3/4', 'G TUYAU GALVANISE 3/4', 'unite', 13, '1', '2024-04-08 14:14:58'),
(367, 'G COUDE  GALVANISE 2\'\'', 'G COUDE  GALVANISE 2\'\'', 'unite', 13, '1', '2024-04-08 14:14:58'),
(368, 'G COUDE GALVANISE FF 1\'\'', 'G COUDE GALVANISE FF 1\'\'', 'unite', 13, '1', '2024-04-08 14:14:58'),
(369, 'G COUDE GALVANISE 3/4', 'G COUDE GALVANISE 3/4', 'unite', 13, '1', '2024-04-08 14:14:58'),
(370, 'G REDUCTEUR GALVANISE 2\'\'/1\'\'', 'G REDUCTEUR GALVANISE 2\'\'/1\'\'', 'unite', 13, '1', '2024-04-08 14:14:58'),
(371, 'G REDUCTEUR GALVANISE 1\'\' 3/4', 'G REDUCTEUR GALVANISE 2\'\'/1\'\'', 'unite', 13, '1', '2024-04-08 14:14:58'),
(372, 'G TE GALVANISE 2\'\' - 1\'\'', 'G TE GALVANISE 2\'\' - 1\'\'', 'unite', 13, '1', '2024-04-08 14:14:58'),
(373, 'G TE GALVANISE 2\'\' - 3/4', 'G TE GALVANISE 2\'\' - 3/4', 'unite', 13, '1', '2024-04-08 14:14:58'),
(374, 'G REDUCTEUR GALVANISE 3/4- 1/2 ', 'G REDUCTEUR GALVANISE 3/4- 1/2 ', 'unite', 13, '1', '2024-04-08 14:14:58'),
(375, 'G VANNES  EN ACIER INOX Y DABLE 3/4', 'G VANNES  EN ACIER INOX Y DABLE 3/4', 'unite', 13, '1', '2024-04-08 14:14:58'),
(376, 'G VANNES  EN ACIER INOX Y DABLE 1/2', 'G VANNES  EN ACIER INOX Y DABLE 1/2', 'unite', 13, '1', '2024-04-08 14:14:58'),
(377, 'G RACCORD EN LAITON TUYAUX 3/4-19mm', 'G RACCORD EN LAITON TUYAUX 3/4-19mm', 'unite', 13, '1', '2024-04-08 14:14:58'),
(378, 'G RACCORD EN LAITON TUYAUX 1/2 - 13mm', 'G RACCORD EN LAITON TUYAUX 1/2 - 13mm', 'unite', 13, '1', '2024-04-08 14:14:58'),
(379, 'G RACCORD TUYAU D\'AIR FEMELLE  3/4 FILET', 'G RACCORD TUYAU D\'AIR FEMELLE  3/4 FILET', 'unite', 13, '1', '2024-04-08 14:14:58'),
(380, 'G RACCORD RAPIDE 1/2 RFF ks4 g/2', 'G RACCORD RAPIDE 1/2 RFF ks4 g/2', 'unite', 13, '1', '2024-04-08 14:14:58'),
(381, 'G RACCORD TUYAU D\'AIR 3/4 POUR 3/4 FLEXI', 'G RACCORD TUYAU D\'AIR 3/4 POUR 3/4 FLEXI', 'unite', 13, '1', '2024-04-08 14:14:58'),
(382, 'G RACCORD GALVANISE MAL/MAL', 'G RACCORD GALVANISE MAL/MAL', 'unite', 13, '1', '2024-04-08 14:14:58'),
(383, 'G RACCORD GALVANISE 1/2 MAL/MAL', 'G RACCORD GALVANISE 1/2 MAL/MAL', 'unite', 13, '1', '2024-04-08 14:14:58'),
(384, 'G RACCORD GALVANISE FEMELLE 2\'\'', 'G RACCORD GALVANISE FEMELLE 2\'\'', 'unite', 13, '1', '2024-04-08 14:14:58'),
(385, 'G ROULEAUX TEFLON 15mT', 'G ROULEAUX TEFLON 15mT', 'unite', 13, '1', '2024-04-08 14:14:58'),
(386, 'G RACCORD GALVANISE FEMELLE 1\'\' 3/4; 1/2', 'G RACCORD GALVANISE FEMELLE 1\'\' 3/4; 1/2', 'unite', 13, '1', '2024-04-08 14:14:58'),
(387, 'G TUYAU GALVANISE 1\'\'', 'G TUYAU GALVANISE 1\'\'', 'unite', 13, '1', '2024-04-08 14:14:58'),
(388, 'RUBANT ISOLANT ROUGE', 'RUBANT ISOLANT ROUGE', 'unite', 37, '1', '2024-04-28 20:35:30'),
(389, 'RUBAN', '', 'unite', 37, '1', '2024-04-28 20:36:08'),
(390, 'RUBANT ISOLANT VERT 19MM 20M', 'RUBANT ISOLANT VERT', 'unite', 37, '1', '2024-04-28 20:37:54'),
(391, 'RUBANT ISOLANT BLEU', 'RUBANT ISOLANT', 'unite', 37, '1', '2024-04-28 20:39:13'),
(392, 'RU', '', 'unite', 37, '1', '2024-04-28 20:39:43'),
(393, 'RUBANT ISOLANT JAUNE', 'RUBANT ISOLANT JAUNE', 'unite', 37, '1', '2024-04-28 20:40:33'),
(394, 'G PRINCE EN PLASTIQUE SERIE 5', 'G PRINCE EN PLASTIQUE', 'unite', 37, '1', '2024-04-28 20:43:01'),
(395, 'G', '', 'unite', 37, '1', '2024-04-28 20:44:00'),
(396, 'G PRINCE EN PLASTIQUE SERIE 5 VERTE', 'G PRINCE EN PLASTIQUE SERIE 5 VERTE', 'unite', 37, '1', '2024-04-28 20:45:51'),
(397, 'G PRINCE EN PLASTIQUE SERIE 5 ROUGE  ', 'G PRINCE EN PLASTIQUE SERIE 5 ROUGE  ', 'unite', 37, '1', '2024-05-02 15:25:50'),
(398, 'G PINCE EN PLASTIQUE SERIE 5 VERTE', 'G PINCE EN PLASTIQUE SERIE 5 VERTE', 'unite', 37, '1', '2024-05-02 15:27:01'),
(399, 'G PINCE EN PLASTIQUE SERIE 5 BLEU', 'G PINCE EN PLASTIQUE SERIE 5 BLEU', 'unite', 37, '1', '2024-05-02 15:27:36'),
(400, 'G PRINCE EN PLASTIQUE SERIE 5 JAUNE', 'G PINCE EN PLASTIQUE SERIE 5 JAUNE', 'unite', 37, '1', '2024-05-02 15:30:17'),
(401, 'G PINCE EN PLASTIQUE SERIE 5 JAUNE', 'G PINCE EN PLASTIQUE SERIE 5 JAUNE', 'unite', 37, '1', '2024-05-02 15:32:42'),
(402, 'PLAQUE ACRILYQUE 2000X1250X4MM', 'PLAQUE ACRILYQUE 2000X1250X4MM', 'unite', 37, '1', '2024-05-10 12:59:18'),
(403, 'PLAQUE ACRILYQUE 2000X1250X6MM', 'PLAQUE ACRILYQUE 2000X1250X6MM', 'unite', 37, '1', '2024-05-10 12:59:36'),
(404, 'Forage avec Pompe Manuel', '', 'unite', 37, '1', '2024-05-10 14:32:50'),
(405, 'Scie Circulaire BOSH 235mm', 'Scie Circulaire BOSH 235mm', 'unite', 37, '1', '2024-05-10 14:47:19'),
(406, 'Scie Circulaire BOSH 185mm', 'Scie Circulaire BOSH 185mm', 'unite', 37, '1', '2024-05-10 14:48:03'),
(407, 'G Tuyau PVC (Noir) rouleau 100MT  D 25', 'G Tuyau PVC (Noir) rouleau 100MT', 'unite', 37, '1', '2024-05-14 12:56:51'),
(408, 'G Tuyau PVC (Noir) rouleau 100MT  D 32', 'G Tuyau PVC (Noir) rouleau 100MT', 'unite', 37, '1', '2024-05-14 12:57:14'),
(409, 'Union Femelle 1\'\'', 'Union Femelle 1\'\'', 'unite', 37, '1', '2024-05-14 13:01:12'),
(410, 'CADENA', '', 'unite', 37, '1', '2024-05-14 13:39:17'),
(411, 'CADENA 40MM', 'CADENA 40MM', 'unite', 37, '1', '2024-05-14 13:39:46'),
(412, 'CADENA 60MM', 'CADENA 60MM', 'unite', 37, '1', '2024-05-14 13:41:11'),
(413, 'CADENA 75MM', 'CADENA 75MM', 'unite', 37, '1', '2024-05-14 13:41:27'),
(414, 'CLE A FILTRE', 'CLE A FILTRE', 'unite', 37, '1', '2024-05-14 13:42:25'),
(415, 'Prestation de Service', 'Prestation de Service', 'unite', 37, '1', '2024-06-03 21:30:39'),
(416, 'SUPPORT EXTINCTEURS', 'SUPPORT EXTINCTEURS', 'unite', 37, '1', '2024-06-07 11:50:19'),
(417, 'RUBAN ADHESIF POUR EMBALLAGE 50MM 50M', 'RUBAN ADHESIF ', 'unite', 13, '1', '2024-06-10 22:29:03'),
(418, 'PINCE UNIVERSELLE ISOLE1000V', 'PINCE UNIVERSELLE ISOLE1000V', 'unite', 13, '1', '2024-06-10 22:29:03'),
(419, 'PINCE COUPE 160MM 1000V', 'PINCE COUPE 160MM 1000V', 'unite', 13, '1', '2024-06-10 22:29:03'),
(420, 'PINCE ISOLEE 1000V', 'PINCE ISOLEE 1000V', 'unite', 13, '1', '2024-06-10 22:29:03'),
(421, 'PINCE BEC COURBE 8\'\' ISOLEE ELEC 1000V', ' PINCE BEC COURBE 8\'', 'unite', 13, '1', '2024-06-10 22:29:03'),
(422, 'CISEAUX DROIT', 'CISEAUX DROIT', 'unite', 13, '1', '2024-06-10 22:29:03'),
(423, 'PINCE PRESS BORNES AVEC KIT MATRICE', 'PINCE PRESS BORNES AVEC KIT MATRICE', 'unite', 13, '1', '2024-06-10 22:29:03'),
(424, 'PEINCE VERROUILLAGE BETA 1052-240', 'PEINCE VERROUILLAGE BETA 1052-240', 'unite', 13, '1', '2024-06-10 22:29:03'),
(425, 'PINCE A BALAYAGE ELECTRIQUE ISOLEE 160MM', 'PINCE A BALAYAGE ELECTRIQUE ISOLEE 160MM', 'unite', 13, '1', '2024-06-10 22:29:03'),
(426, 'COUTEAU ELECTRICIEN BETA-1777BM', 'COUTEAU ELECTRICIEN BETA-1777BM', 'unite', 13, '1', '2024-06-10 22:29:03'),
(427, 'ENSEMBLE DE TOURNEVISE DE PRESSION 30PCS', 'ENSEMBLE DE TOURNEVISE DE PRESSION 30PCS', 'unite', 13, '1', '2024-06-10 22:29:03'),
(428, 'ENSEMBLE DE CLES MIXTES RATCHET', 'ENSEMBLE DE CLES MIXTES RATCHET', 'unite', 13, '1', '2024-06-10 22:29:03'),
(429, 'METRE RUBAN 5M FTANLEX', 'METRE RUBAN 5M FTANLEX', 'unite', 13, '1', '2024-06-10 22:29:03'),
(430, 'VISSEUSE BATTERIE TSR', 'VISSEUSE BATTERIE TSR', 'unite', 13, '1', '2024-06-10 22:29:03'),
(431, 'JEU ENSEMBLE TOURNEVIS 31UN', 'JEU ENSEMBLE TOURNEVIS 31UN', 'unite', 13, '1', '2024-06-10 22:29:03'),
(432, 'JEU CLE ALLEN CHROME 96C-AS/SC9', 'JEU CLE ALLEN CHROME 96C-AS/SC9', 'unite', 13, '1', '2024-06-10 22:29:03'),
(433, 'FER A SOUDURE PORTATIF RYOBI', 'FER A SOUDURE PORTATIF RYOBI', 'unite', 13, '1', '2024-06-10 22:29:03'),
(434, 'MEULLEUSE 230 BOSCH GWS22-230JHP', 'MEULLEUSE 230 BOSCH GWS22-230JHP', 'unite', 13, '1', '2024-06-10 22:29:03'),
(435, 'VIS AUTOPERCENTE 6.3X63MM', 'VIS AUTOPERCENTE 6.3X63MM', 'unite', 13, '1', '2024-06-10 22:29:03'),
(436, 'VIS AUTOPERCEUSE M5. 5X60', 'VIS AUTOPERCENTE 6.3X63MM', 'unite', 13, '1', '2024-06-10 22:29:03'),
(437, 'RUBAN ISOLANT A/COLE MARRON', 'RUBAN ISOLANT A/COLE MARRON', 'unite', 13, '1', '2024-06-10 22:29:03'),
(438, 'RUBAN ISOLANT COLLE VERT - JAUNE', 'RUBAN ISOLANT COLLE VERT - JAUNE', 'unite', 13, '1', '2024-06-10 22:29:03'),
(439, 'RUBAN ISOLANT GRIS 19MM', 'RUBAN ISOLANT GRIS 19MM', 'unite', 13, '1', '2024-06-10 22:29:03'),
(440, 'RUBAN ISOLANT A/COLE NOIR', 'RUBAN ISOLANT A/COLE NOIR', 'unite', 13, '1', '2024-06-10 22:29:03'),
(441, 'RUBAN ISOLANT COLLE NOIR 19MM', 'RUBAN ISOLANT COLLE NOIR 19MM', 'unite', 13, '1', '2024-06-10 22:29:03'),
(442, 'ISOLAN VULGANISE', 'ISOLAN VULGANISE', 'unite', 13, '1', '2024-06-10 22:29:03'),
(443, 'RUBAN SCOTCH SUPER 33+(3M)', 'RUBAN SCOTCH SUPER 33+(3M)', 'unite', 13, '1', '2024-06-10 22:29:03'),
(444, 'SABLE 0/4', 'SABLE 0/4', 'unite', 37, '1', '2024-06-24 05:26:21'),
(445, 'PLAQUETTE DE COUPE EN ACIER', 'PLAQUETTE DE COUPE EN ACIER', 'unite', 37, '1', '2024-06-28 10:40:49'),
(446, 'G BARRE DE FER 30X3MM', 'G BARRE DE FER 30X3MM', 'unite', 37, '1', '2024-06-28 12:30:01'),
(447, 'G BARRE DE FER 50X3MM', 'G BARRE DE FER 50X3MM', 'unite', 37, '1', '2024-06-28 12:33:45'),
(448, 'BACHE 3X4M', 'BACHE 3X4M', 'unite', 37, '1', '2024-07-02 18:41:19'),
(449, 'BACHE 6X10M', 'BACHE 6X10M', 'unite', 37, '1', '2024-07-02 18:41:49'),
(450, 'PINCE FIXATION', 'PINCE FIXATION', 'unite', 37, '1', '2024-07-02 18:59:18'),
(451, 'Baguette Arc-Air Carbon 8mm', 'Baguette Arc-Air Carbon 8mm', 'unite', 37, '1', '2024-07-04 10:41:08'),
(452, 'Lifting Strap (Ceinture de levage) 3Tone 3m', 'Lifting Strap (Ceinture de levage) 3Tone 3m', 'unite', 37, '1', '2024-07-04 10:43:10'),
(453, 'Lifting Strap (Ceinture de levage) 5Tone 5m', 'Lifting Strap (Ceinture de levage) 5Tone 5m', 'unite', 37, '1', '2024-07-04 10:43:44'),
(454, 'Lifting Strap (Ceinture de levage) 10Tone 5m', 'Lifting Strap (Ceinture de levage) 10Tone 5m', 'unite', 37, '1', '2024-07-04 10:44:05'),
(455, 'Lampe Travail Led Courte portée 150W', 'Lampe Travail Led Courte portée 150W', 'unite', 37, '1', '2024-07-05 12:20:15'),
(456, 'Lampe Travail Led Longue portée 200W', 'Lampe Travail Led Longue portée 200W', 'unite', 37, '1', '2024-07-05 12:20:45'),
(457, 'Barre Led 12V', 'Barre Led 12V', 'unite', 37, '1', '2024-07-05 12:21:54'),
(458, 'Porte un battant L90 H2m10', '', 'unite', 37, '1', '2024-07-08 18:06:59'),
(459, 'Porte couloir L90 H2/10', '', 'unite', 37, '1', '2024-07-08 18:49:27'),
(460, 'BATTERY NF 150 WET', '', 'unite', 37, '1', '2024-07-09 10:34:54'),
(461, 'LAMPE 12V H4 60/55W', '', 'unite', 37, '1', '2024-07-09 12:37:09'),
(462, 'LAMPE 12V 5W 1P', '', 'unite', 37, '1', '2024-07-09 12:38:21'),
(463, 'AMPOULE 12V 21W', '', 'unite', 37, '1', '2024-07-09 12:38:44'),
(464, 'EXTINCTEUR ABC 6 KG', '', 'unite', 37, '1', '2024-07-09 23:33:39'),
(465, 'EXTINCTEUR POUDRE ABC 9 KG', '', 'unite', 37, '1', '2024-07-09 23:33:49'),
(466, 'BATTERY NF 150 WET VARTA', '', 'unite', 37, '1', '2024-07-11 16:06:28'),
(467, 'GAINE EN PLASTIQUE NOIR 4M', '', 'unite', 37, '1', '2024-07-12 16:17:07'),
(468, 'COUVERTURE JEU (HOUSSE DE PROTECTION)', 'COUVERTURE JEU (HOUSSE DE PROTECTION)', 'unite', 37, '1', '2024-07-14 18:49:22'),
(469, 'PNEU 280/75R22.5 168A8 TL NHS', '', 'unite', 37, '1', '2024-07-17 08:51:50'),
(470, 'PNEU 20.5R25 L41 PTX PETLAS', '', 'unite', 37, '1', '2024-07-17 08:52:02'),
(471, 'MACHINE A FILETAGE RIGID REF 12/24.5', '', 'unite', 37, '1', '2024-08-01 14:02:47'),
(472, 'RACCORD RAPIDE 1/2 REF KS4 G1/2 IP/20', '', 'unite', 37, '1', '2024-08-01 14:03:48'),
(473, 'DISQUE BOIS BOSCH', '', 'unite', 37, '1', '2024-08-01 14:25:55'),
(474, 'LAME DE SCIE A ARC 24', '', 'unite', 37, '1', '2024-08-01 14:26:27'),
(475, 'LAME DE SCIE A ARC 24=610MM', '', 'unite', 37, '1', '2024-08-01 14:28:12'),
(476, 'JEU TARAUDS ET FILIERES 6–20MM', '', 'unite', 37, '1', '2024-08-01 14:29:28'),
(477, 'REGULATEUR ACETYLENE', '', 'unite', 37, '1', '2024-08-01 14:30:39'),
(478, 'TORCHE COUPANTE 500MM 90º', '', 'unite', 37, '1', '2024-08-01 14:31:16'),
(479, 'VANNE ANTI RETOUR ACETYLENE', '', 'unite', 37, '1', '2024-08-01 14:31:39'),
(480, 'G TIGE  FILETEE 10MM–2MT', '', 'unite', 37, '1', '2024-08-01 14:37:55'),
(481, 'JEU EMBOUTS TOURNEVIS 31 UN', '', 'unite', 37, '1', '2024-08-01 16:14:14'),
(482, 'GUIDE P/FIL 0.6 1.0MM BLUE 5M', '', 'unite', 37, '1', '2024-08-01 16:14:33'),
(483, 'RESERVOIR D\'EAU VERTICAL 10 000L', '', 'unite', 37, '1', '2024-08-05 10:33:07'),
(484, 'BATTERY VARTA 12V 180AH 1000A POSITIVE GAUCHE', '', 'unite', 37, '1', '2024-08-09 12:21:55'),
(485, 'BATTERY VARTA 12V 100A ', '', 'unite', 37, '1', '2024-08-09 12:22:15'),
(486, 'RUBAN REFLECHISSANT ROUGE', '', 'unite', 37, '1', '2024-08-12 09:37:43'),
(487, 'RUBAN REFLECHISSANT JAUNE', '', 'unite', 37, '1', '2024-08-12 09:37:58'),
(488, 'RUBAN REFLECHISSANT BLANC', '', 'unite', 37, '1', '2024-08-12 09:38:21'),
(489, 'BANDE RUBAN RETRORREFLETIVE ROUGE/BLANC', '', 'unite', 37, '1', '2024-08-12 09:38:38'),
(490, 'JOINTS EN SILICONE WURTH 250', '', 'unite', 37, '1', '2024-08-12 09:39:00');
INSERT INTO `services` (`id_service`, `libelle_service`, `description`, `unite`, `user_id`, `statut`, `created_at`) VALUES
(491, 'SILICONE HAUTE TEMPERATURE', '', 'unite', 37, '1', '2024-08-12 09:39:14'),
(492, 'ROULEAU RUBAN SIGNAL 150MMx100M ROUGE', '', 'unite', 37, '1', '2024-08-12 09:39:39'),
(493, 'ROULEAU RUBAN SIGNAL 150MMx100M JAUNE', '', 'unite', 37, '1', '2024-08-12 09:39:57'),
(494, 'ROULEAU RUBAN ROUGE 1.24Mx50M', '', 'unite', 37, '1', '2024-08-12 09:40:15'),
(495, 'ROULEAU D\'ETIQUETTES ', '', 'unite', 37, '1', '2024-08-12 09:40:27'),
(496, 'ELECTRODE 7018 4MM', '', 'unite', 37, '1', '2024-08-12 15:35:31'),
(497, 'G ELECTRODE 7018 4MM ', '', 'unite', 37, '1', '2024-08-12 15:36:07'),
(498, 'ELECTRODE 6013 2.5X350MM GEKALOTUS', '', 'unite', 37, '1', '2024-08-12 15:36:59'),
(499, 'ELECTRODE 6013 3.25MM', '', 'unite', 37, '1', '2024-08-12 15:37:36'),
(500, 'ELECTRODE SUPER 6013 4MM', '', 'unite', 37, '1', '2024-08-12 15:37:57'),
(501, 'G ELECTRODE CARBONAIR 8MM', '', 'unite', 37, '1', '2024-08-12 15:38:28'),
(502, 'PNEU 29.5R25 E3/L3 MA01+MAGNA', '', 'unite', 37, '1', '2024-08-13 20:25:20'),
(503, 'PNEU 29.5R25 XLD D1 L5', '', 'unite', 37, '1', '2024-08-13 20:25:53'),
(504, 'PNEU 155/70R13 75T EH226 EVERGREEN', '', 'unite', 37, '1', '2024-08-13 20:26:28'),
(505, 'PNEU TRIANGLE 7.50R16 LT -14PR TR558', '', 'unite', 37, '1', '2024-08-13 20:27:07'),
(506, 'PNEU 195/80R15 AT2 DUNLOP', '', 'unite', 37, '1', '2024-08-13 20:27:24'),
(507, 'PNEU 185/60R14 V82 STREET', '', 'unite', 37, '1', '2024-08-13 20:27:41'),
(508, 'PNEU 265/70R16', '', 'unite', 37, '1', '2024-08-13 20:28:24'),
(509, 'PNEU 265/65R17 112T TL LTX FORCE MI', '', 'unite', 37, '1', '2024-08-13 20:29:17'),
(510, 'BATTERY 12V 180AH 1000A POSITIVE GAUCHE(marque VARTA))', '', 'unite', 37, '1', '2024-08-14 08:25:18'),
(511, 'BATTERY VARTA 12V 100A POSITIVE GAUCHE', '', 'unite', 37, '1', '2024-08-14 08:26:22'),
(512, 'ENSEMBLE CLE DOUILLE DCM10001', '', 'unite', 37, '1', '2024-08-20 16:13:56'),
(513, 'TERROMETRE NUMERIQUE 3/4 COMPTE 4000', '', 'unite', 37, '1', '2024-08-20 16:14:32'),
(514, 'GAS CASSETTE', '', 'unite', 37, '1', '2024-08-20 16:15:00'),
(515, 'CAMPING GAZ', '', 'unite', 37, '1', '2024-08-21 11:53:39'),
(516, 'RUBAN REFLECHISSANT ROUGE 50MM 50M', '', 'unite', 37, '1', '2024-08-22 09:52:30'),
(517, 'BANDE REFLECHISSANTE JAUNE 3M 55MMx50M', '', 'unite', 37, '1', '2024-08-22 09:53:32'),
(518, 'PNEU 265/65R17 117/114Q MT754 MAXXIS', '', 'unite', 37, '1', '2024-08-22 10:55:28'),
(519, 'PNEU 235/85R16MT/A KM3 RWL 120Q', '', 'unite', 37, '1', '2024-08-22 10:56:44'),
(520, 'PNEU 17.5R25XHA2 L3 TL 176A2', '', 'unite', 37, '1', '2024-08-22 10:58:20'),
(521, 'PNEU 12.00R20 XZL 154/149K', '', 'unite', 37, '1', '2024-08-22 10:59:20'),
(522, 'PNEU 23.1-26-10PR PWR GRIP', '', 'unite', 37, '1', '2024-08-22 11:00:22'),
(523, 'PNEU 315/80R22.5 XWHDZ TL 156/150KVG MI', '', 'unite', 37, '1', '2024-08-22 11:01:48'),
(524, 'PNEU 385/65R22.5 XWORKS HLZ TL 164J V', '', 'unite', 37, '1', '2024-08-22 11:02:59'),
(525, 'PNEU 295/80R22.5 152/148M 18PR', '', 'unite', 37, '1', '2024-08-22 11:03:46'),
(526, 'PNEU 20.5R25 PTXRD31 L-3/E-3', '', 'unite', 37, '1', '2024-08-22 11:04:34'),
(527, 'REALISATION DE CAMP SENIOR FORAGE SANS POMPE', '', 'unite', 37, '1', '2024-08-23 11:12:31'),
(528, 'ROULEAU DE PEINTURE ROTATIF 178MM', '', 'unite', 37, '1', '2024-08-23 12:48:25'),
(529, 'ROULEAU DE PEINTURE EMAIL 100MM', '', 'unite', 37, '1', '2024-08-23 12:48:54'),
(530, 'RUBAN ADHESIF CONDUITE GRIS 2X50M', '', 'unite', 37, '1', '2024-08-23 12:49:55'),
(531, 'MAIN D\'OEUVRE', '', 'unite', 37, '1', '2024-08-29 11:37:12'),
(532, 'BATTERIE 12V 100AH POSITIVE LEFT', '', 'unite', 37, '1', '2024-08-29 20:37:12'),
(533, 'BATTERIE VARTA 12V 200AH ', '', 'unite', 37, '1', '2024-08-29 20:38:25'),
(534, 'BATTERIE VARTA 12V 100A POSITIVE RIGHT', '', 'unite', 37, '1', '2024-08-29 20:39:30'),
(535, 'SILICONE ALCOLINE BLANC 300ML', '', 'unite', 37, '1', '2024-08-29 21:18:42'),
(536, 'FILTRE SEPARATEUR DIESEL', '', 'unite', 37, '1', '2024-08-29 21:19:15'),
(537, 'PNEU 18.4-26 R4 TUBLESS', '', 'unite', 37, '1', '2024-08-31 12:56:58'),
(538, 'BATTERIE 12V 74AH E11 VARTA', '', 'unite', 37, '1', '2024-09-04 12:17:21'),
(539, 'POCHETTE PLASTIQUE NOIRE 3,6X100M 250MIC', '', 'unite', 37, '1', '2024-09-04 14:22:31'),
(540, 'Lumière Giroled Verte', 'Lumière Giroled Verte', 'unite', 37, '1', '2024-09-14 16:12:26'),
(541, 'BOJITA VIRAX', '', 'unite', 37, '1', '2024-09-16 13:16:45'),
(542, 'BATTERIE 12V 100AH POSITIVE GAUCHE MARQUE VARTA', '', 'unite', 37, '1', '2024-10-03 09:56:05'),
(543, 'BATTERIE 12V 200AH MARQUE VARTA', '', 'unite', 37, '1', '2024-10-03 09:56:26'),
(544, 'BATTERIE 12V 100A ', '', 'unite', 37, '1', '2024-10-03 09:56:40'),
(545, 'GRAVIER 10/20MM AVEC TRANSPORT', '', 'unite', 37, '1', '2024-10-08 17:30:56'),
(546, 'EXTINCTEURS 9KG ABC', '', 'unite', 37, '1', '2024-10-08 17:47:59'),
(547, 'SILICONE COLLE & JOINT TRANSPARENT', '', 'unite', 37, '1', '2024-10-10 13:34:13'),
(548, 'BATTERIE POSITIVE DROITE 12V 45A', '', 'unite', 37, '1', '2024-10-15 14:57:24'),
(549, 'BATTERIE VARTA POSITIVE DROITE 12V 45A', '', 'unite', 37, '1', '2024-10-15 15:01:07'),
(550, 'GAINE EN PLASTIQUE 3/6M', '', 'unite', 37, '1', '2024-10-29 09:50:21'),
(551, 'CAMERA PNEU 17.5R25', '', 'unite', 37, '1', '2024-10-29 13:47:32'),
(552, 'LAMPE 24V H7 70W', '', 'unite', 37, '1', '2024-10-30 12:22:02'),
(553, 'EXTINCTEURS ABC 6KG', '', 'unite', 37, '1', '2024-10-30 13:12:22'),
(554, 'TUYAU DE DOUCHE LUX 1.5M 1456301CR', '', 'unite', 37, '1', '2024-11-12 15:29:00'),
(555, 'TELEPHONE DE DOUCHE ', '', 'unite', 37, '1', '2024-11-12 15:29:27'),
(556, 'ROBINET MONOCOMMANDE B AQUA DOUCHE', '', 'unite', 37, '1', '2024-11-12 15:30:12'),
(557, 'LIAISON BARRE SWAY', '', 'unite', 37, '1', '2024-11-22 11:48:40'),
(558, 'BRAS COUPLE DOUILLE', '', 'unite', 37, '1', '2024-11-22 11:48:50'),
(559, 'BAGUE SUPPORT DIFF ARRIÈRE ', '', 'unite', 37, '1', '2024-11-22 11:49:02'),
(560, 'MOYEU H300', '', 'unite', 37, '1', '2024-11-22 11:49:17'),
(561, 'DISQUE FREIN H300 AVANT', '', 'unite', 37, '1', '2024-11-22 11:49:28'),
(562, 'AMORTISSEUR 4WD H300 ARRIÈRE', '', 'unite', 37, '1', '2024-11-22 11:49:49'),
(563, 'ROULEMENT A ROULEAUX CONIQUES', '', 'unite', 37, '1', '2024-11-22 11:50:14'),
(564, 'ROULEMENT MOYEU ROUE EXTERIEUR', '', 'unite', 37, '1', '2024-11-22 11:50:33'),
(565, 'JOINT MOYEU INTERIEUR', '', 'unite', 37, '1', '2024-11-22 11:50:45'),
(566, 'ENSEMBLE DOUILLES CULBUTEUR', '', 'unite', 37, '1', '2024-11-22 11:51:02'),
(567, 'BAGUE BRAS COMMANDE', '', 'unite', 37, '1', '2024-11-22 11:51:12'),
(568, 'BOUT ROUTE', '', 'unite', 37, '1', '2024-11-22 12:58:20'),
(569, 'ROULEMENT CENTRAL D\'ESPACEMENT', '', 'unite', 37, '1', '2024-11-22 12:58:33'),
(570, 'BRAS COMMANDE INFERIEUR H300 LHF', '', 'unite', 37, '1', '2024-11-22 12:58:47'),
(571, 'BRAS COMMANDE INFERIEUR H300 RHF', '', 'unite', 37, '1', '2024-11-22 12:59:02'),
(572, 'BOULON ASSY REGLAGE CARROSSAGE AVANT', '', 'unite', 37, '1', '2024-11-22 12:59:13'),
(573, 'ENSEMBLE BOULONS REGLAGE ARRIERE', '', 'unite', 37, '1', '2024-11-22 12:59:31'),
(574, 'PHOTOCELLULE', '', 'unite', 37, '1', '2024-11-22 16:28:30'),
(575, 'ELEMENT', '', 'unite', 37, '1', '2024-11-29 09:03:45'),
(576, 'PRÉFILTRE A CARBURANT', '', 'unite', 37, '1', '2024-11-29 09:04:12'),
(577, 'FILTRE A CARBURANT', '', 'unite', 37, '1', '2024-11-29 09:04:28'),
(578, 'PRE FILTRE A CARBURANT', '', 'unite', 37, '1', '2024-11-29 09:05:01'),
(579, 'FILTRE SEPARATEUR', '', 'unite', 37, '1', '2024-11-29 09:05:19'),
(580, 'ELEMENT P551210', '', 'unite', 37, '1', '2024-11-29 15:37:34'),
(581, 'FILTRE A CARBURANT P550937', '', 'unite', 37, '1', '2024-11-29 15:38:28'),
(582, 'FILTRE A CARBURANT P553200', '', 'unite', 37, '1', '2024-11-29 15:39:29'),
(583, 'PRE FILTRE A CARBURANT P551864', '', 'unite', 37, '1', '2024-11-29 15:40:30'),
(584, 'FILTRE A AIR XV770882', '', 'unite', 37, '1', '2024-11-29 15:45:04'),
(585, 'ELEMENT 07063 51210', '', 'unite', 37, '1', '2024-12-02 11:13:00'),
(586, 'PREFILTRE A CARBURANT 600 319 5410', '', 'unite', 37, '1', '2024-12-02 11:13:54'),
(587, 'FILTRE A CARBURANT 600 319 4540', '', 'unite', 37, '1', '2024-12-02 11:17:19'),
(588, 'FILTRE A CARBURANT 600 319 4500', '', 'unite', 37, '1', '2024-12-02 11:17:53'),
(589, 'PRE FILTRE A CARBURANT 600 319 3610', '', 'unite', 37, '1', '2024-12-02 11:18:28'),
(590, 'FILTRE SEPARATEUR 600 319 5612', '', 'unite', 37, '1', '2024-12-02 11:19:27'),
(591, 'FILTRE A AIR 600 185 5100', '', 'unite', 37, '1', '2024-12-02 11:19:59'),
(592, '32/925968 FILTRE SEPARATEUR D\'EAU', '', 'unite', 37, '1', '2024-12-05 13:51:26'),
(593, '32/925905 FILTRE TRANSMISSION HYDRAULIQUE', '', 'unite', 37, '1', '2024-12-05 13:52:14'),
(594, '30801011204 FILTRE AIR ', '', 'unite', 37, '1', '2024-12-05 14:00:57'),
(595, '330560553 FILTRE L\'HUILE', '', 'unite', 37, '1', '2024-12-05 14:01:25'),
(596, '330560552 FILTRE CARBURANT', '', 'unite', 37, '1', '2024-12-05 14:01:51'),
(597, 'TUBE ACIER CARRE40X403MM5.8M', '\r\nTUBE ACIER CARRE40X403MM5.8M', 'unite', 37, '1', '2024-12-24 12:41:40'),
(598, 'TUBE RECTANGULAIRE FER 80X60X3MM', 'TUBE RECTANGULAIRE FER 80X60X3MM', 'unite', 37, '1', '2024-12-24 12:42:29'),
(599, 'TUBE ROND FER 30X3MM', 'TUBE ROND FER 30X3MM', 'unite', 37, '1', '2024-12-24 12:43:29'),
(600, 'TUBE ROND FER 40X3MM', 'TUBE ROND FER 40X3MM', 'unite', 37, '1', '2024-12-24 12:43:56'),
(601, 'PROFIL FER  H 100X50 7MM', '', 'unite', 37, '1', '2024-12-24 12:44:45'),
(602, 'CORNIERE FER 20X20X3MM', 'CORNIERE FER 20X20X3MM', 'unite', 37, '1', '2024-12-24 12:45:50'),
(603, 'CORNIERE DE FER 30X30X3MM', 'CORNIERE DE FER 30X30X3MM\r\n', 'unite', 37, '1', '2024-12-24 12:46:18'),
(604, 'CORNIERE DE FER 50X50X3MM', 'CORNIERE DE FER 50X50X3MM\r\n', 'unite', 37, '1', '2024-12-24 12:46:44'),
(605, 'TOLE PLANE ACIER NOIRE 2000X1000X3MM', 'TOLE PLANE ACIER NOIRE', 'unite', 37, '1', '2024-12-24 12:47:36'),
(606, 'TOLE PLANE ACIER NOIRE 2000X1000X5MM', 'TOLE PLANE ACIER NOIRE', 'unite', 37, '1', '2024-12-24 12:48:14'),
(607, 'PROOFIL ACIER U 100X50MM', 'PROOFIL ACIER U 100X50MM', 'unite', 37, '1', '2024-12-24 12:48:52'),
(608, 'POUTRE DE FER HEB 152', 'PROOFIL ACIER U 100X50MM', 'unite', 37, '1', '2024-12-24 12:49:27'),
(609, 'BATTERIE VARTA 12V 95AH DROITE POSITIVE', '', 'unite', 37, '1', '2024-12-26 10:14:25'),
(610, 'TUBE ACIER CARRÉ 40X40X3MM 6M', '', 'unite', 37, '1', '2024-12-26 13:16:40'),
(611, 'TUBE EN FER RECTANGULAIRE 80X60X3MM ', '', 'unite', 37, '1', '2024-12-26 13:16:58'),
(612, 'ANGLE FER 80X80X6X6000MM', '', 'unite', 37, '1', '2024-12-26 13:17:38'),
(613, 'PLAQUE FER 2440X1220X5MM', '', 'unite', 37, '1', '2024-12-26 13:17:54'),
(614, 'PLAQUE DE FER 2440X1220X3MM', '', 'unite', 37, '1', '2024-12-26 13:18:15'),
(615, 'EXTINTOR PO ABC 9KG', '', 'unite', 37, '1', '2025-01-07 09:02:59'),
(616, 'GRAVIER 5/15 NP EN 13242.2005', '', 'unite', 37, '1', '2025-01-08 11:34:23'),
(617, 'SABLE AREAO 0/5', '', 'unite', 37, '1', '2025-01-08 11:39:26'),
(618, 'BARRE DE FER 100X10MM', '', 'unite', 37, '1', '2025-01-08 12:31:06'),
(619, 'ADHESIF PARE-BRISE', '', 'unite', 37, '1', '2025-01-11 10:42:47'),
(620, 'BATERIE VARTA 12V 80AH + GAUCHE', 'BATERIE VARTA 12V 80AH + GAUCHE', 'unite', 37, '1', '2025-01-20 12:56:47'),
(621, 'BATERIE VARTA 12V 80AH + DROITE', 'BATERIE VARTA 12V 80AH + DROITE', 'unite', 37, '1', '2025-01-20 12:57:08'),
(622, 'BATERIE VARTA 12V  145-155AH + DROITE', 'BATERIE VARTA 12V  145-155AH + DROITE', 'unite', 37, '1', '2025-01-20 12:57:42'),
(623, 'BATERIE VARTA 12V 180AH + DROITE', 'BATERIE VARTA 12V 180AH + DROITE', 'unite', 37, '1', '2025-01-20 12:58:17'),
(624, 'BATERIE VARTA 12V 120AH + DROITE', 'BATERIE VARTA 12V 120AH + DROITE', 'unite', 37, '1', '2025-01-20 12:58:42'),
(625, 'BATERIE VARTA 12V 200AH + DROITE', 'BATERIE VARTA 12V 200AH + DROITE', 'unite', 37, '1', '2025-01-20 12:59:11'),
(626, 'BATERIE VARTA 12V 180AH + GAUCHE', 'BATERIE VARTA 12V 200AH + DROITE', 'unite', 37, '1', '2025-01-20 12:59:36'),
(627, 'BATERIE VARTA 12V 100AH + GAUCHE', 'BATERIE VARTA 12V 100AH + GAUCHE', 'unite', 37, '1', '2025-01-20 13:00:01'),
(628, 'BATERIE VARTA 12V 100AH + DROITE', 'BATERIE VARTA 12V 100AH + DROITE', 'unite', 37, '1', '2025-01-20 13:00:25'),
(629, 'BATTERIE VARTA 12V 180AH ', '', 'unite', 37, '1', '2025-01-22 09:39:02'),
(630, 'BACHE 5x4m', '', 'unite', 37, '1', '2025-01-22 09:39:34'),
(631, 'LAMPE H3 12V 60W', 'LAMPE H3 12V 60W', 'unite', 37, '1', '2025-01-28 16:22:00'),
(632, 'LAMPE 12VP21/5W', 'LAMPE 12VP21/5W', 'unite', 37, '1', '2025-01-28 16:22:54'),
(633, 'LAMPE 12V 21W', 'LAMPE 12V 21W', 'unite', 37, '1', '2025-01-28 16:24:27'),
(634, 'LAMPE 24V H4 75/70W', 'LAMPE 24V H4 75/70W', 'unite', 37, '1', '2025-01-28 16:25:32'),
(635, 'LAMPE H3 24V 60W', 'LAMPE H3 24V 60W', 'unite', 37, '1', '2025-01-28 16:26:43'),
(636, 'LAMPE 24V 21/5W', 'LAMPE 24V 21/5W', 'unite', 37, '1', '2025-01-28 16:27:26'),
(637, 'LAMPE 24V 21W', 'LAMPE 24V 21W', 'unite', 37, '1', '2025-01-28 16:28:24'),
(638, 'LAMPE 24V 5W', 'LAMPE 24V 5W', 'unite', 37, '1', '2025-01-29 12:06:17'),
(639, 'LAMPE TUBULAIRE  24V/15W', 'LAMPE TUBULAIRE  24V/15W', 'unite', 37, '1', '2025-01-29 12:07:45'),
(640, '150 mm dia HDPE  (PE 100 PN16 AS4130', '150 mm dia HDPE  (PE 100 PN16 AS4130', 'unite', 37, '1', '2025-03-01 15:13:44'),
(641, '100 mm dia UPVC  Pipe Class 34 (in accordance with ; ISO161/1;DIN19534; BS 4660; BS 5481)', 'UPVC  Pipe Class 5.8 Mtr', 'unite', 37, '1', '2025-03-01 15:22:20'),
(642, 'Compteur de Carburant ', 'Compteur de Carburant ', 'unite', 37, '1', '2025-04-04 02:08:57'),
(643, 'G Rail 22Kg/m longueur 8.5m', 'G Rail 22Kg/m longueur 8.5m', 'unite', 37, '1', '2025-04-04 02:15:21'),
(644, 'BATTERIE 12V 45AH SILEX', 'BATTERIE 12V 45AH SILEX', 'unite', 37, '1', '2025-04-13 23:24:31'),
(645, 'BATTERIE 12V 200AH SILEX', 'BATTERIE 12V 200AH SILEX', 'unite', 37, '1', '2025-04-13 23:24:56'),
(646, 'Hardox  500 1000x2500x8mm', 'Hardox  500 1000x2500x8mm', 'unite', 37, '1', '2025-04-23 20:03:31'),
(647, 'Hardox  500 2500x1200x10mm', 'Hardox  500 2500x1200x10mm', 'unite', 37, '1', '2025-04-23 20:05:15'),
(648, 'Hardox  500 2440x1220x20mm', 'Hardox  500 2440x1220x20mm', 'unite', 37, '1', '2025-04-23 20:06:13'),
(649, 'Hardox  450 2500x1200x50mm', 'Hardox  450 2500x1200x50mm', 'unite', 37, '1', '2025-04-24 08:41:48'),
(650, 'ESSUIE GLACE', '', 'unite', 37, '1', '2025-04-24 13:41:37'),
(651, 'ENROULEUR BOYAU RARS,50x1-1/2', '', 'unite', 37, '1', '2025-05-06 12:49:57'),
(652, 'LAMPE H3 12V 55W', '', 'unite', 37, '1', '2025-05-13 13:27:45'),
(653, 'P553500 FILTRE A CARBURANT ', '', 'unite', 37, '1', '2025-05-15 10:52:06'),
(654, 'BATTERIE VARTA POSITIVE DROITE 12V 90AMP', '', 'unite', 37, '1', '2025-05-15 15:59:22'),
(655, 'BATTERY 12V 180AH 1000A POSITIVE GAUCHE', '', 'unite', 37, '1', '2025-05-15 16:00:27'),
(656, 'BATTERIE 12V 70AH POSITIVE DROITE', '', 'unite', 37, '1', '2025-05-15 16:01:42'),
(657, 'BATTERIE 12V 90AMP POSITIVE GAUCHE', '', 'unite', 37, '1', '2025-05-15 17:35:47'),
(658, 'BATTERIE 12V 80AH F17 VARTA POSITIVE GAUCHE', '', 'unite', 37, '1', '2025-05-15 18:00:53'),
(659, 'BATTERIE 12V 65AH 530A', '', 'unite', 37, '1', '2025-05-15 18:02:52'),
(660, 'BATTERIE UN POSITIVE DROITE 12V 45A', '', 'unite', 37, '1', '2025-05-15 18:03:21'),
(661, 'BATTERIE 12V 120AH POSITIVE GAUCHE', '', 'unite', 37, '1', '2025-05-15 18:04:27'),
(662, 'TUBE EN CAOUTCHOUC CARBURANT D=4MM', '', 'unite', 37, '1', '2025-06-04 09:59:39'),
(663, 'TUBE EN CAOUTCHOUC CARBURANT D=5MM', '', 'unite', 37, '1', '2025-06-04 09:59:50'),
(664, 'TUBE EN CAOUTCHOUC CARBURANT D=6MM', '', 'unite', 37, '1', '2025-06-04 09:59:59'),
(665, 'FILTRE A CARBURANT F600-311-3550', '', 'unite', 37, '1', '2025-06-04 16:38:43'),
(666, 'FILTRE A L\'HUILE F600-211-1341', '', 'unite', 37, '1', '2025-06-04 16:39:04'),
(667, 'JEU DE FILTRE A AIR F600-185-6100', '', 'unite', 37, '1', '2025-06-04 16:39:23'),
(668, 'FUEL SEPARATOR FILTER', '', 'unite', 37, '1', '2025-06-05 15:48:21'),
(669, 'FUEL FILTER', '', 'unite', 37, '1', '2025-06-05 15:48:37'),
(670, 'Lampe 12H3', 'Lampe 12H3', 'unite', 37, '1', '2025-06-11 16:05:51'),
(671, 'Lampe 24V 70W H3', 'Lampe 24V 70W H3', 'unite', 37, '1', '2025-06-11 16:13:28'),
(672, 'Lampe 12V H7 100W', 'Lampe 12V H7 100W', 'unite', 37, '1', '2025-06-11 16:16:10'),
(673, 'Lampe 12V H1 55W', 'Lampe 12V H1 55W', 'unite', 37, '1', '2025-06-11 16:17:21'),
(674, 'Lampe 12V 16W E4 2EL', 'Lampe 12V 16W E4 2EL', 'unite', 37, '1', '2025-06-11 16:18:29'),
(675, 'ruban reflective ', '', 'unite', 37, '1', '2025-06-13 07:56:06'),
(676, 'G Plug For Lamp H4', 'G Plug For Lamp H4', 'unite', 37, '1', '2025-06-14 13:40:07'),
(677, 'GRAVIER 10/20MM AVEC FRAIS TRANSPORT', '', 'unite', 37, '1', '2025-10-28 13:07:33'),
(678, 'BACHE.', '', 'unite', 37, '1', '2025-11-12 11:27:32'),
(679, 'BATTERY 12V 74AH E11 VARTA', 'Unité', 'unite', 37, '1', '2025-12-01 12:13:55');

-- --------------------------------------------------------

--
-- Structure de la table `service_contrat_site`
--

CREATE TABLE `service_contrat_site` (
  `id_service_contrat` int(11) NOT NULL,
  `id_contrat_site` int(11) NOT NULL,
  `id_service` int(11) NOT NULL,
  `montant` int(11) NOT NULL,
  `statut` enum('0','1') NOT NULL DEFAULT '1',
  `user_id` int(11) NOT NULL,
  `created_at` timestamp NOT NULL DEFAULT current_timestamp()
) ENGINE=InnoDB DEFAULT CHARSET=utf8mb3 COLLATE=utf8mb3_general_ci;

-- --------------------------------------------------------

--
-- Structure de la table `service_devis`
--

CREATE TABLE `service_devis` (
  `id_service_devis` int(11) NOT NULL,
  `id_devis` int(11) NOT NULL,
  `id_service` int(11) NOT NULL,
  `montant` int(11) NOT NULL,
  `qty` int(11) NOT NULL DEFAULT 1,
  `total` varchar(255) NOT NULL,
  `statut` enum('0','1') NOT NULL DEFAULT '1',
  `user_id` int(11) NOT NULL,
  `created_at` timestamp NOT NULL DEFAULT current_timestamp()
) ENGINE=InnoDB DEFAULT CHARSET=utf8mb3 COLLATE=utf8mb3_general_ci;

--
-- Déchargement des données de la table `service_devis`
--

INSERT INTO `service_devis` (`id_service_devis`, `id_devis`, `id_service`, `montant`, `qty`, `total`, `statut`, `user_id`, `created_at`) VALUES
(1, 1, 1, 1925000, 2, '3850000', '1', 37, '2024-04-05 14:27:29'),
(2, 2, 360, 15985000, 1, '15985000', '1', 37, '2024-04-08 20:01:15'),
(3, 2, 361, 50000, 20, '1000000', '1', 37, '2024-04-08 20:01:52'),
(4, 2, 364, 58000, 20, '1160000', '1', 37, '2024-04-08 20:02:34'),
(5, 2, 363, 63000, 30, '1890000', '1', 37, '2024-04-08 20:02:57'),
(6, 2, 365, 690000, 46, '31740000', '1', 37, '2024-04-08 20:03:48'),
(7, 2, 387, 685000, 20, '13700000', '1', 37, '2024-04-08 20:05:27'),
(8, 2, 366, 675000, 30, '20250000', '1', 37, '2024-04-08 20:06:12'),
(9, 2, 367, 43000, 12, '516000', '1', 37, '2024-04-08 20:06:46'),
(10, 2, 368, 48000, 20, '960000', '1', 37, '2024-04-08 20:07:17'),
(11, 2, 369, 45000, 30, '1350000', '1', 37, '2024-04-08 20:08:02'),
(12, 2, 370, 60000, 12, '720000', '1', 37, '2024-04-08 20:08:30'),
(13, 2, 371, 58000, 20, '1160000', '1', 37, '2024-04-08 20:08:58'),
(14, 2, 372, 63000, 20, '1260000', '1', 37, '2024-04-08 20:09:53'),
(15, 2, 373, 60000, 20, '1200000', '1', 37, '2024-04-08 20:10:34'),
(16, 2, 374, 62000, 20, '1240000', '1', 37, '2024-04-08 20:11:02'),
(17, 2, 375, 55000, 20, '1100000', '1', 37, '2024-04-08 20:12:02'),
(18, 2, 376, 60000, 20, '1200000', '1', 37, '2024-04-08 20:12:28'),
(19, 2, 377, 560000, 20, '11200000', '1', 37, '2024-04-08 20:13:04'),
(20, 2, 378, 520000, 20, '10400000', '1', 37, '2024-04-08 20:13:33'),
(21, 2, 380, 85000, 20, '1700000', '1', 37, '2024-04-08 20:14:04'),
(22, 2, 379, 75000, 50, '3750000', '1', 37, '2024-04-08 20:14:34'),
(24, 2, 382, 73000, 30, '2190000', '1', 37, '2024-04-08 20:16:20'),
(29, 2, 383, 55000, 20, '1100000', '1', 37, '2024-04-08 20:22:00'),
(30, 2, 385, 35000, 100, '3500000', '1', 37, '2024-04-08 20:22:20'),
(31, 2, 384, 55000, 12, '660000', '1', 37, '2024-04-08 20:22:52'),
(32, 2, 386, 50000, 30, '1500000', '1', 37, '2024-04-08 20:23:59'),
(34, 2, 381, 230000, 50, '11500000', '1', 37, '2024-04-08 20:27:35'),
(35, 3, 355, 197000, 200, '39400000', '1', 37, '2024-04-08 20:32:38'),
(36, 3, 356, 197000, 300, '59100000', '1', 37, '2024-04-08 20:33:00'),
(37, 3, 357, 198000, 400, '79200000', '1', 37, '2024-04-08 20:33:25'),
(38, 3, 358, 200000, 400, '80000000', '1', 37, '2024-04-08 20:38:16'),
(39, 3, 359, 200000, 400, '80000000', '1', 37, '2024-04-08 20:38:55'),
(40, 4, 301, 1250000, 2, '2500000', '1', 37, '2024-04-12 11:49:28'),
(41, 5, 302, 2250000, 3, '6750000', '1', 37, '2024-04-12 11:54:04'),
(42, 6, 195, 17500000, 4, '70000000', '1', 37, '2024-04-28 19:33:20'),
(43, 7, 388, 32000, 25, '800000', '1', 37, '2024-05-02 15:13:07'),
(44, 7, 390, 32000, 25, '800000', '1', 37, '2024-05-02 15:13:43'),
(45, 7, 393, 32000, 25, '800000', '1', 37, '2024-05-02 15:14:16'),
(46, 7, 396, 53000, 25, '1325000', '1', 37, '2024-05-02 15:18:34'),
(47, 7, 397, 52000, 25, '1300000', '1', 37, '2024-05-02 15:28:31'),
(48, 7, 399, 52000, 25, '1300000', '1', 37, '2024-05-02 15:29:13'),
(49, 7, 401, 52000, 25, '1300000', '1', 37, '2024-05-02 15:33:28'),
(50, 8, 402, 16500000, 10, '165000000', '1', 37, '2024-05-10 13:03:29'),
(51, 8, 403, 17550000, 10, '175500000', '1', 37, '2024-05-10 13:04:12'),
(52, 9, 404, 64800000, 1, '64800000', '1', 37, '2024-05-10 14:34:14'),
(53, 10, 405, 5160000, 2, '10320000', '1', 37, '2024-05-10 14:51:45'),
(54, 10, 406, 4800000, 1, '4800000', '1', 37, '2024-05-10 14:52:21'),
(55, 11, 407, 745000, 3, '2235000', '1', 37, '2024-05-14 13:25:44'),
(56, 11, 408, 1050000, 3, '3150000', '1', 37, '2024-05-14 13:26:54'),
(57, 11, 409, 85000, 6, '510000', '1', 37, '2024-05-14 13:27:40'),
(58, 12, 411, 45000, 10, '450000', '1', 37, '2024-05-14 13:43:58'),
(59, 12, 412, 65000, 10, '650000', '1', 37, '2024-05-14 13:44:24'),
(60, 12, 413, 90000, 10, '900000', '1', 37, '2024-05-14 13:44:48'),
(61, 13, 132, 570000, 300, '171000000', '1', 37, '2024-06-06 21:24:23'),
(62, 14, 416, 215000, 140, '30100000', '1', 37, '2024-06-07 11:55:41'),
(63, 15, 444, 465000, 20, '9300000', '1', 37, '2024-06-24 05:27:12'),
(64, 16, 445, 300000, 25, '7500000', '1', 37, '2024-06-28 10:44:22'),
(65, 17, 446, 150000, 60, '9000000', '1', 37, '2024-06-28 12:39:14'),
(66, 17, 447, 330000, 60, '19800000', '1', 37, '2024-06-28 12:39:58'),
(67, 18, 448, 850000, 10, '8500000', '1', 37, '2024-07-02 18:45:42'),
(68, 18, 449, 2500000, 10, '25000000', '1', 37, '2024-07-02 18:46:13'),
(73, 21, 451, 545000, 4, '2180000', '1', 37, '2024-07-04 10:51:22'),
(77, 22, 452, 1320000, 2, '2640000', '1', 13, '2024-07-04 12:35:46'),
(78, 22, 454, 5915000, 2, '11830000', '1', 13, '2024-07-04 12:38:35'),
(79, 19, 450, 4650000, 4, '18600000', '1', 37, '2024-07-05 10:36:30'),
(80, 19, 291, 2541000, 4, '10164000', '1', 37, '2024-07-05 10:38:17'),
(81, 23, 455, 425000, 50, '21250000', '1', 37, '2024-07-05 12:24:40'),
(82, 23, 456, 935000, 50, '46750000', '1', 37, '2024-07-05 12:25:07'),
(83, 23, 457, 230000, 10, '2300000', '1', 37, '2024-07-05 12:25:23'),
(84, 24, 233, 26500, 100, '2650000', '1', 37, '2024-07-06 14:41:10'),
(85, 24, 236, 26000, 100, '2600000', '1', 37, '2024-07-06 14:44:27'),
(87, 25, 458, 800000, 6, '4800000', '1', 37, '2024-07-08 18:38:36'),
(88, 26, 459, 1000000, 6, '6000000', '1', 37, '2024-07-08 18:52:15'),
(92, 30, 461, 27000, 100, '2700000', '1', 37, '2024-07-09 13:03:59'),
(93, 30, 236, 25000, 100, '2500000', '1', 37, '2024-07-09 13:07:06'),
(94, 30, 462, 18500, 100, '1850000', '1', 37, '2024-07-09 13:14:54'),
(95, 30, 463, 15000, 100, '1500000', '1', 37, '2024-07-09 13:17:25'),
(96, 31, 464, 850000, 70, '59500000', '1', 37, '2024-07-09 23:35:19'),
(97, 31, 465, 1300000, 70, '91000000', '1', 37, '2024-07-09 23:36:02'),
(98, 27, 466, 1500000, 20, '30000000', '1', 37, '2024-07-11 16:08:07'),
(99, 32, 467, 85000, 384, '32640000', '1', 37, '2024-07-12 16:30:55'),
(100, 33, 468, 1180000, 45, '53100000', '1', 37, '2024-07-14 18:50:44'),
(103, 34, 469, 3700000, 12, '44400000', '1', 37, '2024-07-19 01:09:14'),
(104, 35, 470, 25600000, 6, '153600000', '1', 37, '2024-07-19 01:13:47'),
(105, 36, 233, 27000, 10, '270000', '1', 37, '2024-08-01 10:54:05'),
(106, 37, 233, 27000, 5, '135000', '1', 37, '2024-08-01 12:00:25'),
(107, 38, 29, 150000, 24, '3600000', '1', 37, '2024-08-01 12:31:22'),
(108, 39, 471, 16350000, 1, '16350000', '1', 37, '2024-08-01 14:05:11'),
(109, 39, 472, 350000, 20, '7000000', '1', 37, '2024-08-01 14:06:15'),
(110, 40, 473, 500000, 6, '3000000', '1', 37, '2024-08-01 14:33:46'),
(111, 40, 475, 75000, 4, '300000', '1', 37, '2024-08-01 14:34:37'),
(112, 40, 476, 4180000, 1, '4180000', '1', 37, '2024-08-01 14:35:36'),
(113, 40, 477, 790000, 3, '2370000', '1', 37, '2024-08-01 14:36:57'),
(114, 40, 480, 42000, 10, '420000', '1', 37, '2024-08-01 14:39:00'),
(115, 40, 478, 3350000, 2, '6700000', '1', 37, '2024-08-01 14:40:08'),
(116, 40, 479, 205000, 2, '410000', '1', 37, '2024-08-01 14:41:10'),
(117, 41, 430, 5600000, 3, '16800000', '1', 37, '2024-08-01 16:13:22'),
(118, 41, 481, 280000, 10, '2800000', '1', 37, '2024-08-01 16:15:20'),
(119, 41, 443, 88000, 30, '2640000', '1', 37, '2024-08-01 16:16:14'),
(120, 41, 482, 380000, 2, '760000', '1', 37, '2024-08-01 16:16:49'),
(121, 42, 483, 37825000, 2, '75650000', '1', 37, '2024-08-05 10:34:00'),
(122, 43, 233, 27000, 30, '810000', '1', 37, '2024-08-07 12:34:13'),
(123, 44, 443, 88000, 30, '2640000', '1', 37, '2024-08-07 12:38:44'),
(124, 44, 482, 380000, 2, '760000', '1', 37, '2024-08-07 12:39:41'),
(125, 45, 430, 5600000, 3, '16800000', '1', 37, '2024-08-08 21:04:36'),
(126, 45, 482, 380000, 2, '760000', '1', 37, '2024-08-08 21:05:06'),
(129, 47, 492, 180000, 30, '5400000', '1', 37, '2024-08-12 09:46:30'),
(130, 47, 493, 180000, 20, '3600000', '1', 37, '2024-08-12 09:47:13'),
(131, 47, 494, 175000, 150, '26250000', '1', 37, '2024-08-12 09:48:21'),
(132, 47, 495, 880000, 10, '8800000', '1', 37, '2024-08-12 09:50:04'),
(133, 48, 486, 635000, 30, '19050000', '1', 37, '2024-08-12 09:53:36'),
(134, 48, 487, 635000, 30, '19050000', '1', 37, '2024-08-12 09:54:09'),
(135, 48, 488, 635000, 100, '63500000', '1', 37, '2024-08-12 09:54:54'),
(136, 48, 489, 220000, 150, '33000000', '1', 37, '2024-08-12 09:55:56'),
(137, 49, 490, 214000, 24, '5136000', '1', 37, '2024-08-12 09:59:22'),
(138, 49, 491, 240000, 24, '5760000', '1', 37, '2024-08-12 10:00:10'),
(139, 50, 320, 205000, 80, '16400000', '1', 37, '2024-08-12 15:40:43'),
(140, 50, 496, 205000, 140, '28700000', '1', 37, '2024-08-12 15:41:48'),
(141, 50, 497, 165000, 80, '13200000', '1', 37, '2024-08-12 15:44:52'),
(144, 50, 498, 205000, 100, '20500000', '1', 37, '2024-08-12 15:50:46'),
(145, 50, 499, 270000, 120, '32400000', '1', 37, '2024-08-12 15:52:05'),
(146, 50, 500, 270000, 120, '32400000', '1', 37, '2024-08-12 15:53:23'),
(147, 50, 501, 270000, 20, '5400000', '1', 37, '2024-08-12 15:54:14'),
(148, 46, 484, 2300000, 30, '69000000', '1', 37, '2024-08-12 17:44:10'),
(149, 46, 485, 1700000, 20, '34000000', '1', 37, '2024-08-12 17:44:46'),
(150, 51, 502, 53350000, 30, '1600500000', '1', 37, '2024-08-13 20:35:24'),
(151, 51, 503, 61000000, 30, '1830000000', '1', 37, '2024-08-13 20:36:29'),
(152, 52, 504, 3600000, 14, '50400000', '1', 37, '2024-08-13 20:53:54'),
(153, 52, 505, 5750000, 10, '57500000', '1', 37, '2024-08-13 20:54:25'),
(154, 52, 506, 4100000, 5, '20500000', '1', 37, '2024-08-13 20:55:16'),
(155, 52, 507, 3700000, 3, '11100000', '1', 37, '2024-08-13 20:56:07'),
(156, 52, 508, 5500000, 20, '110000000', '1', 37, '2024-08-13 20:56:47'),
(157, 52, 509, 4000000, 4, '16000000', '1', 37, '2024-08-13 20:57:24'),
(158, 53, 70, 12600000, 2, '25200000', '1', 37, '2024-08-13 21:04:00'),
(159, 54, 484, 2550000, 30, '76500000', '1', 37, '2024-08-14 08:24:24'),
(160, 54, 511, 1600000, 20, '32000000', '1', 37, '2024-08-14 08:26:57'),
(161, 55, 512, 3315000, 10, '33150000', '1', 37, '2024-08-20 16:19:56'),
(162, 55, 513, 13000000, 1, '13000000', '1', 37, '2024-08-20 16:20:51'),
(165, 55, 515, 45000, 10, '450000', '1', 37, '2024-08-21 11:54:46'),
(166, 55, 482, 800000, 2, '1600000', '1', 37, '2024-08-21 11:55:05'),
(167, 56, 70, 12600000, 4, '50400000', '1', 37, '2024-08-21 15:57:58'),
(168, 57, 516, 685000, 8, '5480000', '1', 37, '2024-08-22 09:59:49'),
(169, 57, 517, 685000, 8, '5480000', '1', 37, '2024-08-22 10:00:26'),
(170, 58, 518, 2550000, 80, '204000000', '1', 37, '2024-08-22 11:07:24'),
(171, 58, 519, 2550000, 80, '204000000', '1', 37, '2024-08-22 11:08:21'),
(172, 58, 520, 50000000, 4, '200000000', '1', 37, '2024-08-22 11:09:47'),
(173, 58, 521, 6120000, 60, '367200000', '1', 37, '2024-08-22 11:11:11'),
(174, 58, 522, 37000000, 2, '74000000', '1', 37, '2024-08-22 11:13:05'),
(175, 58, 523, 4100000, 20, '82000000', '1', 37, '2024-08-22 11:14:43'),
(176, 58, 524, 4300000, 4, '17200000', '1', 37, '2024-08-22 11:16:06'),
(177, 58, 525, 4300000, 2, '8600000', '1', 37, '2024-08-22 11:17:33'),
(178, 58, 526, 37100000, 6, '222600000', '1', 37, '2024-08-22 11:18:43'),
(181, 60, 528, 36000, 30, '1080000', '1', 37, '2024-08-23 12:51:14'),
(182, 60, 529, 30000, 30, '900000', '1', 37, '2024-08-23 12:52:05'),
(183, 60, 530, 595000, 100, '59500000', '1', 37, '2024-08-23 12:53:18'),
(184, 59, 527, 50000000, 2, '100000000', '1', 37, '2024-08-29 11:37:48'),
(185, 59, 531, 10000000, 2, '20000000', '1', 37, '2024-08-29 11:38:10'),
(189, 61, 532, 1600000, 18, '28800000', '1', 37, '2024-08-29 21:13:20'),
(190, 61, 533, 3200000, 14, '44800000', '1', 37, '2024-08-29 21:14:08'),
(191, 61, 534, 1700000, 40, '68000000', '1', 37, '2024-08-29 21:14:44'),
(192, 62, 535, 70000, 50, '3500000', '1', 37, '2024-08-29 21:23:33'),
(193, 63, 536, 120000, 15, '1800000', '1', 37, '2024-08-29 21:29:46'),
(194, 64, 537, 15360000, 2, '30720000', '1', 37, '2024-08-31 12:58:27'),
(204, 65, 518, 2550000, 80, '204000000', '1', 37, '2024-09-03 10:16:22'),
(205, 65, 519, 2550000, 80, '204000000', '1', 37, '2024-09-03 10:17:59'),
(206, 65, 520, 19400000, 4, '77600000', '1', 37, '2024-09-03 10:19:25'),
(207, 65, 521, 4420000, 60, '265200000', '1', 37, '2024-09-03 10:21:03'),
(208, 65, 522, 17500000, 2, '35000000', '1', 37, '2024-09-03 10:22:08'),
(209, 65, 523, 4100000, 20, '82000000', '1', 37, '2024-09-03 10:23:13'),
(210, 65, 524, 4300000, 4, '17200000', '1', 37, '2024-09-03 10:24:12'),
(212, 65, 525, 3650000, 2, '7300000', '1', 37, '2024-09-03 10:27:36'),
(213, 65, 526, 23400000, 6, '140400000', '1', 37, '2024-09-03 10:28:52'),
(214, 66, 538, 1600000, 6, '9600000', '1', 37, '2024-09-04 12:17:59'),
(215, 67, 539, 2100000, 3, '6300000', '1', 37, '2024-09-04 14:23:29'),
(216, 68, 470, 25600000, 18, '460800000', '1', 37, '2024-09-11 10:45:52'),
(217, 69, 540, 800000, 25, '20000000', '1', 37, '2024-09-14 16:13:14'),
(218, 70, 465, 1580000, 40, '63200000', '1', 37, '2024-09-14 17:57:40'),
(219, 71, 29, 210000, 48, '10080000', '1', 37, '2024-09-17 10:34:33'),
(220, 73, 510, 2450000, 30, '73500000', '1', 37, '2024-09-26 09:11:35'),
(221, 74, 542, 1780000, 18, '32040000', '1', 37, '2024-10-03 09:57:47'),
(222, 74, 543, 3270000, 14, '45780000', '1', 37, '2024-10-03 09:58:26'),
(223, 74, 544, 1800000, 40, '72000000', '1', 37, '2024-10-03 09:59:02'),
(224, 75, 255, 125000, 100, '12500000', '1', 37, '2024-10-08 16:36:11'),
(228, 76, 545, 605000, 10, '6050000', '1', 37, '2024-10-08 17:53:53'),
(229, 77, 444, 500000, 10, '5000000', '1', 37, '2024-10-08 17:55:52'),
(230, 78, 546, 756000, 50, '37800000', '1', 37, '2024-10-09 08:30:15'),
(232, 79, 547, 386500, 48, '18552000', '1', 37, '2024-10-11 15:53:38'),
(233, 80, 549, 1000000, 20, '20000000', '1', 37, '2024-10-15 15:06:22'),
(234, 81, 29, 210000, 20, '4200000', '1', 37, '2024-10-15 15:10:08'),
(235, 82, 232, 90000, 30, '2700000', '1', 37, '2024-10-17 13:11:22'),
(236, 83, 467, 75000, 2000, '150000000', '1', 37, '2024-10-22 15:42:39'),
(237, 84, 467, 85000, 2000, '170000000', '1', 37, '2024-10-22 20:27:49'),
(239, 86, 551, 17800000, 30, '534000000', '1', 37, '2024-10-29 13:50:30'),
(241, 88, 464, 560000, 20, '11200000', '1', 37, '2024-10-30 13:13:14'),
(242, 89, 240, 52000, 50, '2600000', '1', 37, '2024-10-30 15:12:52'),
(244, 85, 550, 31000, 1000, '31000000', '1', 37, '2024-10-30 16:08:09'),
(245, 87, 552, 112000, 100, '11200000', '1', 37, '2024-10-30 16:31:25'),
(246, 90, 554, 60000, 40, '2400000', '1', 37, '2024-11-12 15:36:26'),
(247, 90, 555, 150000, 40, '6000000', '1', 37, '2024-11-12 15:37:16'),
(248, 90, 556, 485000, 15, '7275000', '1', 37, '2024-11-12 15:37:51'),
(249, 91, 557, 950000, 6, '5700000', '1', 37, '2024-11-22 11:51:53'),
(250, 91, 558, 1000000, 6, '6000000', '1', 37, '2024-11-22 11:52:16'),
(251, 91, 559, 900000, 3, '2700000', '1', 37, '2024-11-22 11:52:40'),
(252, 91, 560, 1480000, 6, '8880000', '1', 37, '2024-11-22 11:53:07'),
(253, 91, 561, 1610000, 6, '9660000', '1', 37, '2024-11-22 11:53:34'),
(254, 91, 562, 1400000, 8, '11200000', '1', 37, '2024-11-22 11:54:03'),
(255, 91, 563, 1020000, 6, '6120000', '1', 37, '2024-11-22 11:54:40'),
(256, 91, 564, 1600000, 6, '9600000', '1', 37, '2024-11-22 11:55:24'),
(257, 91, 565, 760000, 6, '4560000', '1', 37, '2024-11-22 11:55:58'),
(258, 91, 566, 767000, 6, '4602000', '1', 37, '2024-11-22 11:56:31'),
(259, 91, 567, 740000, 6, '4440000', '1', 37, '2024-11-22 11:57:00'),
(260, 91, 573, 780000, 6, '4680000', '1', 37, '2024-11-22 13:02:37'),
(261, 91, 570, 1870000, 4, '7480000', '1', 37, '2024-11-22 13:03:12'),
(262, 91, 571, 1890000, 4, '7560000', '1', 37, '2024-11-22 13:03:30'),
(263, 91, 572, 540000, 6, '3240000', '1', 37, '2024-11-22 13:03:55'),
(264, 91, 569, 2060000, 6, '12360000', '1', 37, '2024-11-22 13:04:25'),
(265, 91, 568, 720000, 8, '5760000', '1', 37, '2024-11-22 13:05:17'),
(266, 92, 574, 750000, 10, '7500000', '1', 37, '2024-11-22 16:29:20'),
(274, 93, 575, 3000000, 6, '18000000', '1', 37, '2024-11-29 09:36:17'),
(275, 93, 576, 2250000, 20, '45000000', '1', 37, '2024-11-29 09:37:34'),
(276, 93, 577, 1800000, 20, '36000000', '1', 37, '2024-11-29 09:38:49'),
(277, 93, 577, 2000000, 10, '20000000', '1', 37, '2024-11-29 09:39:38'),
(278, 93, 576, 1500000, 10, '15000000', '1', 37, '2024-11-29 09:40:45'),
(279, 93, 579, 1500000, 12, '18000000', '1', 37, '2024-11-29 09:41:44'),
(280, 93, 252, 4000000, 12, '48000000', '1', 37, '2024-11-29 09:42:20'),
(296, 94, 580, 1800000, 6, '10800000', '1', 37, '2024-12-02 12:26:39'),
(297, 94, 585, 2200000, 6, '13200000', '1', 37, '2024-12-02 12:27:53'),
(298, 94, 578, 2100000, 20, '42000000', '1', 37, '2024-12-02 12:28:31'),
(299, 94, 586, 2600000, 20, '52000000', '1', 37, '2024-12-02 12:29:34'),
(300, 94, 582, 1350000, 20, '27000000', '1', 37, '2024-12-02 12:30:54'),
(301, 94, 587, 2100000, 20, '42000000', '1', 37, '2024-12-02 12:32:03'),
(302, 94, 582, 1090000, 10, '10900000', '1', 37, '2024-12-02 12:33:10'),
(303, 94, 582, 1900000, 10, '19000000', '1', 37, '2024-12-02 12:34:38'),
(304, 94, 583, 1400000, 10, '14000000', '1', 37, '2024-12-02 12:35:50'),
(305, 94, 589, 1500000, 10, '15000000', '1', 37, '2024-12-02 12:36:24'),
(306, 94, 579, 2300000, 12, '27600000', '1', 37, '2024-12-02 12:37:12'),
(307, 94, 590, 2350000, 12, '28200000', '1', 37, '2024-12-02 12:38:07'),
(308, 94, 584, 2400000, 12, '28800000', '1', 37, '2024-12-02 12:39:07'),
(309, 94, 591, 1980000, 12, '23760000', '1', 37, '2024-12-02 12:39:42'),
(310, 95, 30, 285000, 20, '5700000', '1', 37, '2024-12-05 08:30:38'),
(311, 96, 592, 1850000, 20, '37000000', '1', 37, '2024-12-05 13:53:38'),
(312, 96, 593, 1750000, 15, '26250000', '1', 37, '2024-12-05 13:54:12'),
(313, 97, 594, 1875000, 20, '37500000', '1', 37, '2024-12-05 14:02:50'),
(314, 97, 595, 540000, 30, '16200000', '1', 37, '2024-12-05 14:03:32'),
(315, 97, 596, 555000, 40, '22200000', '1', 37, '2024-12-05 14:04:13'),
(316, 98, 444, 500000, 10, '5000000', '1', 37, '2024-12-12 00:10:48'),
(317, 99, 597, 275000, 40, '11000000', '1', 37, '2024-12-24 12:51:18'),
(318, 99, 598, 88000, 240, '21120000', '1', 37, '2024-12-24 12:51:59'),
(319, 99, 599, 65000, 240, '15600000', '1', 37, '2024-12-24 12:52:43'),
(320, 99, 600, 80000, 240, '19200000', '1', 37, '2024-12-24 12:53:21'),
(321, 99, 601, 1415000, 20, '28300000', '1', 37, '2024-12-24 12:54:18'),
(322, 99, 602, 170000, 40, '6800000', '1', 37, '2024-12-24 12:55:18'),
(323, 99, 603, 185000, 40, '7400000', '1', 37, '2024-12-24 12:57:22'),
(324, 99, 604, 395000, 40, '15800000', '1', 37, '2024-12-24 12:58:12'),
(325, 99, 605, 1140000, 20, '22800000', '1', 37, '2024-12-24 12:59:17'),
(326, 99, 606, 1545000, 20, '30900000', '1', 37, '2024-12-24 12:59:59'),
(327, 99, 607, 245000, 120, '29400000', '1', 37, '2024-12-24 13:03:47'),
(328, 99, 608, 6730000, 20, '134600000', '1', 37, '2024-12-24 13:04:31'),
(330, 100, 485, 1375000, 15, '20625000', '1', 37, '2024-12-26 08:33:11'),
(334, 100, 543, 3350000, 10, '33500000', '1', 37, '2024-12-26 08:45:48'),
(335, 100, 484, 2765000, 15, '41475000', '1', 37, '2024-12-26 08:47:17'),
(336, 101, 609, 1335000, 15, '20025000', '1', 37, '2024-12-26 10:16:49'),
(337, 101, 543, 3100000, 10, '31000000', '1', 37, '2024-12-26 10:17:22'),
(338, 101, 484, 2690000, 15, '40350000', '1', 37, '2024-12-26 10:18:46'),
(339, 102, 610, 1275000, 40, '51000000', '1', 37, '2024-12-26 13:19:17'),
(340, 102, 611, 806500, 40, '32260000', '1', 37, '2024-12-26 13:20:02'),
(341, 102, 599, 588500, 40, '23540000', '1', 37, '2024-12-26 13:20:57'),
(342, 102, 600, 610500, 40, '24420000', '1', 37, '2024-12-26 13:21:34'),
(343, 102, 612, 1590500, 24, '38172000', '1', 37, '2024-12-26 13:22:15'),
(344, 102, 613, 3998000, 15, '59970000', '1', 37, '2024-12-26 13:22:50'),
(347, 102, 614, 2428000, 15, '36420000', '1', 37, '2024-12-26 13:26:39'),
(348, 103, 49, 432500, 1000, '432500000', '1', 37, '2025-01-08 11:35:09'),
(349, 103, 616, 432500, 1000, '432500000', '1', 37, '2025-01-08 11:35:28'),
(350, 104, 617, 450000, 1000, '450000000', '1', 37, '2025-01-08 11:40:09'),
(351, 105, 618, 1000000, 12, '12000000', '1', 37, '2025-01-08 12:31:40'),
(352, 106, 538, 1600000, 20, '32000000', '1', 37, '2025-01-09 12:45:12'),
(358, 108, 630, 1790000, 40, '71600000', '1', 37, '2025-01-22 09:40:36'),
(359, 109, 629, 2610000, 20, '52200000', '1', 37, '2025-01-22 09:43:39'),
(360, 110, 233, 50600, 100, '5060000', '1', 37, '2025-01-28 16:35:18'),
(361, 110, 235, 63500, 50, '3175000', '1', 37, '2025-01-28 16:35:56'),
(362, 110, 236, 25000, 200, '5000000', '1', 37, '2025-01-28 16:36:44'),
(363, 110, 238, 25500, 200, '5100000', '1', 37, '2025-01-28 16:37:28'),
(364, 110, 234, 34000, 200, '6800000', '1', 37, '2025-01-28 16:38:23'),
(365, 110, 240, 48500, 100, '4850000', '1', 37, '2025-01-28 16:43:02'),
(366, 110, 237, 39500, 200, '7900000', '1', 37, '2025-01-28 16:44:18'),
(367, 110, 241, 21000, 200, '4200000', '1', 37, '2025-01-28 16:45:21'),
(368, 111, 638, 47500, 100, '4750000', '1', 37, '2025-01-29 12:10:59'),
(369, 111, 639, 65000, 50, '3250000', '1', 37, '2025-01-29 12:11:30'),
(370, 107, 620, 3100000, 20, '62000000', '1', 37, '2025-02-14 10:10:30'),
(371, 107, 621, 3100000, 20, '62000000', '1', 37, '2025-02-14 10:11:04'),
(372, 107, 622, 3550000, 20, '71000000', '1', 37, '2025-02-14 10:11:56'),
(373, 107, 624, 3410000, 12, '40920000', '1', 37, '2025-02-14 10:12:34'),
(374, 107, 623, 4300000, 20, '86000000', '1', 37, '2025-02-14 10:13:34'),
(375, 112, 640, 342500, 5000, '1712500000', '1', 37, '2025-03-01 15:16:03'),
(376, 112, 641, 70000, 5000, '350000000', '1', 37, '2025-03-01 15:23:42'),
(377, 113, 444, 470000, 10, '4700000', '1', 37, '2025-03-07 16:19:53'),
(378, 114, 642, 15100000, 4, '60400000', '1', 37, '2025-04-04 02:10:44'),
(379, 115, 643, 2300000, 38, '87400000', '1', 37, '2025-04-04 02:17:26'),
(383, 116, 547, 400000, 48, '19200000', '1', 37, '2025-04-08 14:32:31'),
(387, 117, 644, 700000, 40, '28000000', '1', 37, '2025-04-14 19:58:27'),
(388, 117, 484, 2600000, 35, '91000000', '1', 37, '2025-04-14 20:05:14'),
(389, 117, 645, 2150000, 20, '43000000', '1', 37, '2025-04-14 20:22:47'),
(390, 118, 646, 7200000, 10, '72000000', '1', 37, '2025-04-24 08:52:16'),
(391, 118, 647, 13500000, 10, '135000000', '1', 37, '2025-04-24 08:54:53'),
(394, 118, 648, 34000000, 20, '680000000', '1', 37, '2025-04-24 09:05:47'),
(396, 118, 649, 91500000, 10, '915000000', '1', 37, '2025-04-24 09:09:15'),
(397, 119, 650, 730000, 5, '3650000', '1', 37, '2025-04-24 13:43:51'),
(399, 120, 651, 20000000, 4, '80000000', '1', 37, '2025-05-06 13:13:22'),
(400, 121, 653, 2500000, 15, '37500000', '1', 37, '2025-05-15 10:56:42'),
(401, 122, 548, 1350000, 45, '60750000', '1', 37, '2025-05-15 18:08:25'),
(402, 122, 655, 2500000, 60, '150000000', '1', 37, '2025-05-15 18:09:00'),
(403, 122, 656, 820000, 30, '24600000', '1', 37, '2025-05-15 18:09:30'),
(404, 122, 657, 1100000, 30, '33000000', '1', 37, '2025-05-15 18:10:54'),
(405, 122, 645, 1730000, 30, '51900000', '1', 37, '2025-05-15 18:12:17'),
(406, 122, 658, 1300000, 60, '78000000', '1', 37, '2025-05-15 18:12:55'),
(407, 122, 659, 800000, 60, '48000000', '1', 37, '2025-05-15 18:13:56'),
(408, 122, 548, 610000, 60, '36600000', '1', 37, '2025-05-15 18:15:21'),
(409, 122, 661, 2400000, 30, '72000000', '1', 37, '2025-05-15 18:16:39'),
(410, 123, 662, 123500, 100, '12350000', '1', 37, '2025-06-04 10:01:41'),
(411, 123, 663, 140000, 100, '14000000', '1', 37, '2025-06-04 10:02:18'),
(412, 123, 664, 156500, 100, '15650000', '1', 37, '2025-06-04 10:03:10'),
(413, 124, 665, 2030000, 20, '40600000', '1', 37, '2025-06-04 16:41:57'),
(414, 124, 666, 3010000, 20, '60200000', '1', 37, '2025-06-04 16:42:28'),
(417, 124, 667, 4700000, 9, '42300000', '1', 37, '2025-06-04 16:44:20'),
(418, 125, 668, 6000000, 3, '18000000', '1', 37, '2025-06-05 15:49:49'),
(419, 125, 669, 1490000, 3, '4470000', '1', 37, '2025-06-05 15:50:16'),
(420, 126, 671, 95000, 50, '4750000', '1', 37, '2025-06-11 16:43:47'),
(421, 126, 670, 102000, 50, '5100000', '1', 37, '2025-06-11 16:45:50'),
(422, 126, 672, 155000, 30, '4650000', '1', 37, '2025-06-11 16:48:21'),
(423, 126, 673, 130000, 30, '3900000', '1', 37, '2025-06-11 16:51:16'),
(424, 126, 674, 200000, 20, '4000000', '1', 37, '2025-06-11 16:52:46'),
(426, 128, 675, 479000, 72, '34488000', '1', 37, '2025-06-13 07:59:06'),
(427, 129, 676, 115000, 40, '4600000', '1', 37, '2025-06-14 13:41:41'),
(428, 130, 677, 900000, 20, '18000000', '1', 37, '2025-10-28 13:08:27'),
(430, 131, 32, 1200000, 15, '18000000', '1', 37, '2025-11-03 14:41:24'),
(431, 132, 29, 220000, 30, '6600000', '1', 37, '2025-11-05 10:18:51'),
(432, 133, 678, 8200000, 1, '8200000', '1', 37, '2025-11-12 11:28:43');

-- --------------------------------------------------------

--
-- Structure de la table `service_facture`
--

CREATE TABLE `service_facture` (
  `id_service_facture` int(11) NOT NULL,
  `id_facture` int(11) NOT NULL,
  `id_service` int(11) NOT NULL,
  `description_contenu` text DEFAULT NULL,
  `montant` int(11) NOT NULL,
  `qty` int(11) NOT NULL DEFAULT 1,
  `total` varchar(255) NOT NULL,
  `statut` enum('0','1') NOT NULL DEFAULT '1',
  `user_id` int(11) NOT NULL,
  `created_at` timestamp NOT NULL DEFAULT current_timestamp()
) ENGINE=InnoDB DEFAULT CHARSET=utf8mb3 COLLATE=utf8mb3_general_ci;

--
-- Déchargement des données de la table `service_facture`
--

INSERT INTO `service_facture` (`id_service_facture`, `id_facture`, `id_service`, `description_contenu`, `montant`, `qty`, `total`, `statut`, `user_id`, `created_at`) VALUES
(1, 1, 301, '', 1250000, 2, '2500000', '1', 37, '2024-04-26 11:30:45'),
(2, 2, 302, '', 2250000, 3, '6750000', '1', 37, '2024-04-26 11:38:50'),
(3, 3, 415, '', 25000000, 1, '25000000', '1', 37, '2024-06-03 21:31:13'),
(4, 4, 195, '', 17500000, 4, '70000000', '1', 37, '2024-06-04 18:43:44'),
(5, 5, 1, '', 1925000, 2, '3850000', '1', 37, '2024-07-04 13:36:57'),
(6, 6, 444, '', 465000, 20, '9300000', '1', 37, '2024-07-08 12:56:46'),
(7, 7, 450, '', 5150000, 4, '20600000', '1', 37, '2024-07-17 23:03:26'),
(8, 7, 291, '', 2950000, 4, '11800000', '1', 37, '2024-07-17 23:04:02'),
(9, 8, 233, '', 27000, 30, '810000', '1', 37, '2024-08-21 17:30:09'),
(10, 9, 470, '', 25600000, 6, '153600000', '1', 37, '2024-08-21 17:50:12'),
(11, 10, 473, '', 500000, 6, '3000000', '1', 37, '2024-08-31 10:53:36'),
(12, 10, 475, '', 75000, 4, '300000', '1', 37, '2024-08-31 10:54:00'),
(13, 10, 476, '', 4180000, 1, '4180000', '1', 37, '2024-08-31 10:54:35'),
(14, 10, 477, '', 790000, 3, '2370000', '1', 37, '2024-08-31 10:55:01'),
(15, 10, 480, '', 42000, 10, '420000', '1', 37, '2024-08-31 10:55:57'),
(16, 10, 478, '', 3350000, 2, '6700000', '1', 37, '2024-08-31 10:56:21'),
(17, 10, 479, '', 205000, 2, '410000', '1', 37, '2024-08-31 10:56:53'),
(18, 11, 512, '', 3315000, 10, '33150000', '1', 37, '2024-09-16 13:14:46'),
(19, 11, 513, '', 13000000, 1, '13000000', '1', 37, '2024-09-16 13:15:31'),
(20, 11, 541, '', 45000, 10, '450000', '1', 37, '2024-09-16 13:17:23'),
(21, 11, 482, '', 800000, 2, '1600000', '1', 37, '2024-09-16 13:17:50'),
(23, 13, 445, '', 300000, 25, '7500000', '1', 37, '2024-09-23 16:29:40'),
(24, 15, 459, '', 1000000, 6, '6000000', '1', 37, '2024-10-21 11:02:15'),
(25, 16, 444, '', 500000, 10, '5000000', '1', 37, '2024-10-22 13:42:46'),
(26, 17, 545, '', 605000, 10, '6050000', '1', 37, '2024-10-27 11:22:18'),
(27, 18, 552, '', 112000, 100, '11200000', '1', 37, '2024-11-12 13:06:41'),
(28, 19, 574, '', 750000, 10, '7500000', '1', 37, '2025-01-03 10:08:13'),
(29, 20, 615, '', 756000, 50, '37800000', '1', 37, '2025-01-07 09:04:55'),
(30, 21, 619, '', 285000, 20, '5700000', '1', 37, '2025-01-11 10:43:23'),
(31, 22, 444, '', 500000, 10, '5000000', '1', 37, '2025-01-11 10:50:00'),
(33, 24, 550, '', 31000, 1000, '31000000', '1', 37, '2025-02-26 09:20:33'),
(34, 25, 629, '', 2610000, 20, '52200000', '1', 37, '2025-03-05 10:19:09'),
(35, 26, 444, '', 400000, 10, '4000000', '1', 37, '2025-03-06 15:21:56'),
(36, 27, 236, '', 25000, 200, '5000000', '1', 37, '2025-03-18 22:18:30'),
(37, 27, 634, '', 34000, 200, '6800000', '1', 37, '2025-03-18 22:19:21'),
(38, 27, 636, '', 39500, 200, '7900000', '1', 37, '2025-03-18 22:20:09'),
(39, 27, 637, '', 21000, 200, '4200000', '1', 37, '2025-03-18 22:20:40'),
(40, 28, 644, '', 700000, 40, '28000000', '1', 37, '2025-05-02 14:06:32'),
(41, 28, 484, '', 2600000, 35, '91000000', '1', 37, '2025-05-02 14:07:33'),
(42, 28, 645, '', 2150000, 20, '43000000', '1', 37, '2025-05-02 14:08:35'),
(43, 29, 233, '', 50600, 100, '5060000', '1', 37, '2025-05-13 13:25:23'),
(44, 29, 652, '', 63500, 50, '3175000', '1', 37, '2025-05-13 13:28:28'),
(46, 29, 635, '', 48500, 100, '4850000', '1', 37, '2025-05-13 13:38:10'),
(47, 29, 633, '', 25500, 200, '5100000', '1', 37, '2025-05-13 13:39:51'),
(48, 31, 32, '', 1200000, 15, '18000000', '1', 37, '2025-11-24 11:53:09'),
(49, 32, 545, '', 765000, 20, '15300000', '1', 37, '2025-11-24 11:57:01');

-- --------------------------------------------------------

--
-- Structure de la table `sites`
--

CREATE TABLE `sites` (
  `id_site` int(11) NOT NULL,
  `code_site` varchar(255) NOT NULL,
  `libelle_site` varchar(255) NOT NULL,
  `id_client` int(11) NOT NULL DEFAULT 0,
  `id_user` int(11) NOT NULL,
  `solde` varchar(255) NOT NULL,
  `adresse` text NOT NULL,
  `siege` enum('0','1') NOT NULL DEFAULT '0',
  `description` text NOT NULL,
  `statut` enum('0','1','2') NOT NULL,
  `date_debut` varchar(255) NOT NULL,
  `date_fin` varchar(255) NOT NULL,
  `user_id` int(11) NOT NULL,
  `created_at` timestamp NOT NULL DEFAULT current_timestamp(),
  `poubelle` enum('0','1') NOT NULL DEFAULT '0' COMMENT '1 poubelle'
) ENGINE=InnoDB DEFAULT CHARSET=utf8mb3 COLLATE=utf8mb3_general_ci;

--
-- Déchargement des données de la table `sites`
--

INSERT INTO `sites` (`id_site`, `code_site`, `libelle_site`, `id_client`, `id_user`, `solde`, `adresse`, `siege`, `description`, `statut`, `date_debut`, `date_fin`, `user_id`, `created_at`, `poubelle`) VALUES
(1, 'SITE2-0000', 'BEYLLA/SIMANDOU', 2, 9, '', 'BEYLLA/SIMANDOU', '0', 'CLIENT', '1', '2024-04-04', '2034-04-04', 9, '2024-04-04 23:37:27', '0'),
(2, 'SITE1-0001', 'MOTA-ENGIL GUINEE MANDIANA SARL.U', 1, 9, '', 'Mandiana/Loila', '0', 'Projet Minier ', '1', '2024-04-01', '2035-12-31', 37, '2024-04-28 19:31:32', '0');

-- --------------------------------------------------------

--
-- Structure de la table `tables`
--

CREATE TABLE `tables` (
  `id_tab` int(11) NOT NULL,
  `libelle_tab` varchar(255) NOT NULL,
  `code_client` varchar(255) DEFAULT NULL,
  `photo` text DEFAULT NULL,
  `statut_tab` enum('0','1') NOT NULL DEFAULT '1',
  `user_id` int(11) NOT NULL,
  `created_at` timestamp NOT NULL DEFAULT current_timestamp(),
  `telephone_client` varchar(255) NOT NULL,
  `profession_client` varchar(255) NOT NULL,
  `genre_client` enum('N','H','M') NOT NULL DEFAULT 'N'
) ENGINE=InnoDB DEFAULT CHARSET=utf8mb3 COLLATE=utf8mb3_general_ci;

-- --------------------------------------------------------

--
-- Structure de la table `taches_contrats`
--

CREATE TABLE `taches_contrats` (
  `id_tac` int(11) NOT NULL,
  `id_contrat` int(11) NOT NULL,
  `id_site` int(11) NOT NULL,
  `libelle_tac` varchar(255) NOT NULL,
  `description_tac` longtext NOT NULL,
  `nombre_jours` double NOT NULL,
  `pourcentage` double NOT NULL,
  `statut` enum('0','1','2') NOT NULL DEFAULT '0' COMMENT '0 non commence, 1 commencer et  2 terminer',
  `user_id` int(11) NOT NULL,
  `created_at` timestamp NOT NULL DEFAULT current_timestamp(),
  `date_debut` datetime DEFAULT NULL,
  `date_fin` datetime DEFAULT NULL
) ENGINE=InnoDB DEFAULT CHARSET=utf8mb3 COLLATE=utf8mb3_general_ci;

-- --------------------------------------------------------

--
-- Structure de la table `taxes`
--

CREATE TABLE `taxes` (
  `id_taxe` int(11) NOT NULL,
  `libelle` varchar(255) NOT NULL,
  `description` text DEFAULT NULL,
  `montant_taxe` varchar(255) NOT NULL,
  `statut` enum('0','1') NOT NULL DEFAULT '1',
  `user_id` int(11) NOT NULL,
  `created_at` timestamp NOT NULL DEFAULT current_timestamp()
) ENGINE=InnoDB DEFAULT CHARSET=utf8mb3 COLLATE=utf8mb3_general_ci;

--
-- Déchargement des données de la table `taxes`
--

INSERT INTO `taxes` (`id_taxe`, `libelle`, `description`, `montant_taxe`, `statut`, `user_id`, `created_at`) VALUES
(1, 'CNSS', '', '100000', '1', 9, '2022-06-05 17:40:12'),
(2, 'Mise à Pied', 'Punition  ', '50000', '1', 9, '2022-06-06 20:55:34'),
(3, 'RTS', 'RTS Taxe Impôt', '150000', '1', 9, '2022-06-06 20:56:28'),
(4, 'Absence ', 'Absence ', '60000', '1', 9, '2022-06-06 20:57:04'),
(5, 'Pénalité ', 'Pénalité ', '200000', '1', 9, '2022-06-25 17:01:37'),
(6, 'Rebroussement de Prêt ', '', '200000', '0', 9, '2022-06-25 17:07:41'),
(7, 'Cotisation social ', 'Cotisation social ', '110000', '1', 9, '2022-06-25 17:25:03'),
(8, 'Absence (Malade)', 'Absence (Malade)', '130000', '1', 9, '2022-09-06 09:09:31'),
(9, 'Conge Technique ', 'Conge Technique ', '500000', '1', 9, '2023-06-24 19:20:11');

-- --------------------------------------------------------

--
-- Structure de la table `taxe_contrat`
--

CREATE TABLE `taxe_contrat` (
  `id_taxe_contrat` int(11) NOT NULL,
  `id_contrat` int(11) NOT NULL,
  `id_taxe` int(11) NOT NULL,
  `montant` int(11) NOT NULL,
  `statut` enum('0','1') NOT NULL DEFAULT '1',
  `user_id` int(11) NOT NULL,
  `created_at` timestamp NOT NULL DEFAULT current_timestamp()
) ENGINE=InnoDB DEFAULT CHARSET=utf8mb3 COLLATE=utf8mb3_general_ci;

-- --------------------------------------------------------

--
-- Structure de la table `transfert_stock`
--

CREATE TABLE `transfert_stock` (
  `id_tra` int(11) NOT NULL,
  `code_tra` varchar(255) NOT NULL,
  `id_cat` int(11) NOT NULL,
  `id_ck_s` int(11) NOT NULL,
  `id_ck_d` int(11) NOT NULL,
  `user_id` int(11) NOT NULL,
  `date` varchar(255) NOT NULL,
  `initial` varchar(255) NOT NULL,
  `qt` varchar(255) NOT NULL,
  `reste` varchar(255) NOT NULL,
  `debut` varchar(255) NOT NULL,
  `final` varchar(255) NOT NULL,
  `fichier` text DEFAULT NULL,
  `created_at` datetime NOT NULL DEFAULT current_timestamp()
) ENGINE=InnoDB DEFAULT CHARSET=utf8mb3 COLLATE=utf8mb3_general_ci;

-- --------------------------------------------------------

--
-- Structure de la table `type_contrat`
--

CREATE TABLE `type_contrat` (
  `id` int(11) NOT NULL,
  `libelle` varchar(255) NOT NULL,
  `description` text DEFAULT NULL,
  `mot_cle` varchar(255) NOT NULL DEFAULT '0',
  `active` enum('0','1') NOT NULL DEFAULT '1',
  `demi_mois` enum('0','1') NOT NULL DEFAULT '0'
) ENGINE=InnoDB DEFAULT CHARSET=utf8mb3 COLLATE=utf8mb3_general_ci;

--
-- Déchargement des données de la table `type_contrat`
--

INSERT INTO `type_contrat` (`id`, `libelle`, `description`, `mot_cle`, `active`, `demi_mois`) VALUES
(3, 'Journalier', 'Jours', '+1 days', '1', '0'),
(4, 'hebdomendaire', 'SEMAINE', '+7 days', '1', '0'),
(5, 'Mensuel', 'MOIS', '+1 months', '1', '0'),
(6, 'Trismestriel', 'Trimestre', '+3 months', '1', '0'),
(7, 'Semestriel', 'Semestre', '+4 months', '1', '0'),
(8, 'Annuel', 'Annee', '+12 months', '1', '0'),
(9, 'Unique', 'Date', '0', '1', '0'),
(10, 'Demi Mois', 'Contrat payable chaque 15 jours', '+15 days', '1', '1');

-- --------------------------------------------------------

--
-- Structure de la table `type_document`
--

CREATE TABLE `type_document` (
  `id_type` int(11) NOT NULL,
  `libelle_doc` varchar(255) NOT NULL,
  `description_doc` text DEFAULT NULL,
  `statut` enum('0','1') NOT NULL DEFAULT '1',
  `created_at` timestamp NOT NULL DEFAULT current_timestamp(),
  `user_id` int(11) NOT NULL
) ENGINE=InnoDB DEFAULT CHARSET=utf8mb3 COLLATE=utf8mb3_general_ci;

--
-- Déchargement des données de la table `type_document`
--

INSERT INTO `type_document` (`id_type`, `libelle_doc`, `description_doc`, `statut`, `created_at`, `user_id`) VALUES
(1, 'Non catégorisé', 'Non catégorisé', '1', '2023-03-13 14:44:06', 13),
(2, 'Documents Juridiques', 'Ex: Contrat ou clause', '1', '2023-03-13 14:47:30', 13);

-- --------------------------------------------------------

--
-- Structure de la table `user_site`
--

CREATE TABLE `user_site` (
  `id_user_site` int(11) NOT NULL,
  `id_user` int(11) NOT NULL,
  `id_site` int(11) NOT NULL,
  `user_id` int(11) NOT NULL,
  `statut` enum('0','1') NOT NULL DEFAULT '1',
  `created_at` timestamp NOT NULL DEFAULT current_timestamp()
) ENGINE=InnoDB DEFAULT CHARSET=utf8mb3 COLLATE=utf8mb3_general_ci;

--
-- Index pour les tables déchargées
--

--
-- Index pour la table `achats_sms`
--
ALTER TABLE `achats_sms`
  ADD PRIMARY KEY (`id_achat`);

--
-- Index pour la table `activites`
--
ALTER TABLE `activites`
  ADD PRIMARY KEY (`id`);

--
-- Index pour la table `autres_permissions`
--
ALTER TABLE `autres_permissions`
  ADD PRIMARY KEY (`id_autre_p`);

--
-- Index pour la table `clients`
--
ALTER TABLE `clients`
  ADD PRIMARY KEY (`id_client`);

--
-- Index pour la table `commandes`
--
ALTER TABLE `commandes`
  ADD PRIMARY KEY (`id_commande`);

--
-- Index pour la table `commande_salaires`
--
ALTER TABLE `commande_salaires`
  ADD PRIMARY KEY (`id_com`);

--
-- Index pour la table `comptes`
--
ALTER TABLE `comptes`
  ADD PRIMARY KEY (`id_co`);

--
-- Index pour la table `comptes_depense`
--
ALTER TABLE `comptes_depense`
  ADD PRIMARY KEY (`id_motif`);

--
-- Index pour la table `conges`
--
ALTER TABLE `conges`
  ADD PRIMARY KEY (`id_conge`);

--
-- Index pour la table `connexions`
--
ALTER TABLE `connexions`
  ADD PRIMARY KEY (`id_con`);

--
-- Index pour la table `contenue_stocks`
--
ALTER TABLE `contenue_stocks`
  ADD PRIMARY KEY (`id_ck`);

--
-- Index pour la table `contenu_commandes`
--
ALTER TABLE `contenu_commandes`
  ADD PRIMARY KEY (`id_cc`);

--
-- Index pour la table `contenu_factures`
--
ALTER TABLE `contenu_factures`
  ADD PRIMARY KEY (`id_contenu`);

--
-- Index pour la table `contrat_personnel`
--
ALTER TABLE `contrat_personnel`
  ADD PRIMARY KEY (`id_con`);

--
-- Index pour la table `contrat_site`
--
ALTER TABLE `contrat_site`
  ADD PRIMARY KEY (`id_con`);

--
-- Index pour la table `creances`
--
ALTER TABLE `creances`
  ADD PRIMARY KEY (`id_creance`);

--
-- Index pour la table `credits`
--
ALTER TABLE `credits`
  ADD PRIMARY KEY (`id_cre`);

--
-- Index pour la table `debits`
--
ALTER TABLE `debits`
  ADD PRIMARY KEY (`id_deb`);

--
-- Index pour la table `departements`
--
ALTER TABLE `departements`
  ADD PRIMARY KEY (`id_dptm`);

--
-- Index pour la table `devis`
--
ALTER TABLE `devis`
  ADD PRIMARY KEY (`id_devis`);

--
-- Index pour la table `emailling`
--
ALTER TABLE `emailling`
  ADD PRIMARY KEY (`id_mail`);

--
-- Index pour la table `envoi_sms`
--
ALTER TABLE `envoi_sms`
  ADD PRIMARY KEY (`id_env`);

--
-- Index pour la table `factures`
--
ALTER TABLE `factures`
  ADD PRIMARY KEY (`id_facture`);

--
-- Index pour la table `fichiers_contrat`
--
ALTER TABLE `fichiers_contrat`
  ADD PRIMARY KEY (`id_f`);

--
-- Index pour la table `fichiers_tache`
--
ALTER TABLE `fichiers_tache`
  ADD PRIMARY KEY (`id_f`);

--
-- Index pour la table `fournisseurs`
--
ALTER TABLE `fournisseurs`
  ADD PRIMARY KEY (`id`);

--
-- Index pour la table `fournisseurs_produits`
--
ALTER TABLE `fournisseurs_produits`
  ADD PRIMARY KEY (`id`);

--
-- Index pour la table `groupe_produits`
--
ALTER TABLE `groupe_produits`
  ADD PRIMARY KEY (`id_groupe`);

--
-- Index pour la table `groupe_stocks`
--
ALTER TABLE `groupe_stocks`
  ADD PRIMARY KEY (`id_groupe`);

--
-- Index pour la table `historique_commandes`
--
ALTER TABLE `historique_commandes`
  ADD PRIMARY KEY (`id_h_c`);

--
-- Index pour la table `historique_paiement`
--
ALTER TABLE `historique_paiement`
  ADD PRIMARY KEY (`id_h_paie`);

--
-- Index pour la table `historique_stock`
--
ALTER TABLE `historique_stock`
  ADD PRIMARY KEY (`id_histo`);

--
-- Index pour la table `informations`
--
ALTER TABLE `informations`
  ADD PRIMARY KEY (`id_info`);

--
-- Index pour la table `informationss`
--
ALTER TABLE `informationss`
  ADD PRIMARY KEY (`id_info`);

--
-- Index pour la table `liquidites`
--
ALTER TABLE `liquidites`
  ADD PRIMARY KEY (`id_liq`);

--
-- Index pour la table `modules`
--
ALTER TABLE `modules`
  ADD PRIMARY KEY (`id_module`);

--
-- Index pour la table `motif_permissions`
--
ALTER TABLE `motif_permissions`
  ADD PRIMARY KEY (`id_motif`);

--
-- Index pour la table `notifications`
--
ALTER TABLE `notifications`
  ADD PRIMARY KEY (`id_notif`);

--
-- Index pour la table `notif_tache`
--
ALTER TABLE `notif_tache`
  ADD PRIMARY KEY (`id_not`);

--
-- Index pour la table `permissions`
--
ALTER TABLE `permissions`
  ADD PRIMARY KEY (`id_permission`);

--
-- Index pour la table `permissions_conges`
--
ALTER TABLE `permissions_conges`
  ADD PRIMARY KEY (`id_permission`);

--
-- Index pour la table `personnels`
--
ALTER TABLE `personnels`
  ADD PRIMARY KEY (`id_user`);

--
-- Index pour la table `personnel_site`
--
ALTER TABLE `personnel_site`
  ADD PRIMARY KEY (`id_user_site`);

--
-- Index pour la table `pointages`
--
ALTER TABLE `pointages`
  ADD PRIMARY KEY (`id_pointage`);

--
-- Index pour la table `presences`
--
ALTER TABLE `presences`
  ADD PRIMARY KEY (`id_presence`);

--
-- Index pour la table `primes`
--
ALTER TABLE `primes`
  ADD PRIMARY KEY (`id_prime`);

--
-- Index pour la table `prime_commande_salaire`
--
ALTER TABLE `prime_commande_salaire`
  ADD PRIMARY KEY (`id`);

--
-- Index pour la table `prime_contrat`
--
ALTER TABLE `prime_contrat`
  ADD PRIMARY KEY (`id_prime_contrat`);

--
-- Index pour la table `produits`
--
ALTER TABLE `produits`
  ADD PRIMARY KEY (`id_cat`);

--
-- Index pour la table `retenu_commande_salaire`
--
ALTER TABLE `retenu_commande_salaire`
  ADD PRIMARY KEY (`id`);

--
-- Index pour la table `roles`
--
ALTER TABLE `roles`
  ADD PRIMARY KEY (`id_role`);

--
-- Index pour la table `scannages`
--
ALTER TABLE `scannages`
  ADD PRIMARY KEY (`id_scannage`);

--
-- Index pour la table `scanneurs`
--
ALTER TABLE `scanneurs`
  ADD PRIMARY KEY (`id_scanneur`);

--
-- Index pour la table `services`
--
ALTER TABLE `services`
  ADD PRIMARY KEY (`id_service`);

--
-- Index pour la table `service_contrat_site`
--
ALTER TABLE `service_contrat_site`
  ADD PRIMARY KEY (`id_service_contrat`);

--
-- Index pour la table `service_devis`
--
ALTER TABLE `service_devis`
  ADD PRIMARY KEY (`id_service_devis`);

--
-- Index pour la table `service_facture`
--
ALTER TABLE `service_facture`
  ADD PRIMARY KEY (`id_service_facture`);

--
-- Index pour la table `sites`
--
ALTER TABLE `sites`
  ADD PRIMARY KEY (`id_site`);

--
-- Index pour la table `tables`
--
ALTER TABLE `tables`
  ADD PRIMARY KEY (`id_tab`);

--
-- Index pour la table `taches_contrats`
--
ALTER TABLE `taches_contrats`
  ADD PRIMARY KEY (`id_tac`);

--
-- Index pour la table `taxes`
--
ALTER TABLE `taxes`
  ADD PRIMARY KEY (`id_taxe`);

--
-- Index pour la table `taxe_contrat`
--
ALTER TABLE `taxe_contrat`
  ADD PRIMARY KEY (`id_taxe_contrat`);

--
-- Index pour la table `transfert_stock`
--
ALTER TABLE `transfert_stock`
  ADD PRIMARY KEY (`id_tra`);

--
-- Index pour la table `type_contrat`
--
ALTER TABLE `type_contrat`
  ADD PRIMARY KEY (`id`);

--
-- Index pour la table `type_document`
--
ALTER TABLE `type_document`
  ADD PRIMARY KEY (`id_type`);

--
-- Index pour la table `user_site`
--
ALTER TABLE `user_site`
  ADD PRIMARY KEY (`id_user_site`);

--
-- AUTO_INCREMENT pour les tables déchargées
--

--
-- AUTO_INCREMENT pour la table `achats_sms`
--
ALTER TABLE `achats_sms`
  MODIFY `id_achat` int(11) NOT NULL AUTO_INCREMENT, AUTO_INCREMENT=2;

--
-- AUTO_INCREMENT pour la table `activites`
--
ALTER TABLE `activites`
  MODIFY `id` int(11) NOT NULL AUTO_INCREMENT;

--
-- AUTO_INCREMENT pour la table `autres_permissions`
--
ALTER TABLE `autres_permissions`
  MODIFY `id_autre_p` int(11) NOT NULL AUTO_INCREMENT;

--
-- AUTO_INCREMENT pour la table `clients`
--
ALTER TABLE `clients`
  MODIFY `id_client` int(11) NOT NULL AUTO_INCREMENT, AUTO_INCREMENT=3;

--
-- AUTO_INCREMENT pour la table `commandes`
--
ALTER TABLE `commandes`
  MODIFY `id_commande` int(11) NOT NULL AUTO_INCREMENT;

--
-- AUTO_INCREMENT pour la table `commande_salaires`
--
ALTER TABLE `commande_salaires`
  MODIFY `id_com` int(11) NOT NULL AUTO_INCREMENT;

--
-- AUTO_INCREMENT pour la table `comptes`
--
ALTER TABLE `comptes`
  MODIFY `id_co` int(11) NOT NULL AUTO_INCREMENT, AUTO_INCREMENT=9;

--
-- AUTO_INCREMENT pour la table `comptes_depense`
--
ALTER TABLE `comptes_depense`
  MODIFY `id_motif` int(11) NOT NULL AUTO_INCREMENT, AUTO_INCREMENT=40;

--
-- AUTO_INCREMENT pour la table `conges`
--
ALTER TABLE `conges`
  MODIFY `id_conge` int(11) NOT NULL AUTO_INCREMENT, AUTO_INCREMENT=18;

--
-- AUTO_INCREMENT pour la table `connexions`
--
ALTER TABLE `connexions`
  MODIFY `id_con` int(11) NOT NULL AUTO_INCREMENT, AUTO_INCREMENT=285;

--
-- AUTO_INCREMENT pour la table `contenue_stocks`
--
ALTER TABLE `contenue_stocks`
  MODIFY `id_ck` int(11) NOT NULL AUTO_INCREMENT;

--
-- AUTO_INCREMENT pour la table `contenu_commandes`
--
ALTER TABLE `contenu_commandes`
  MODIFY `id_cc` int(11) NOT NULL AUTO_INCREMENT;

--
-- AUTO_INCREMENT pour la table `contenu_factures`
--
ALTER TABLE `contenu_factures`
  MODIFY `id_contenu` int(11) NOT NULL AUTO_INCREMENT;

--
-- AUTO_INCREMENT pour la table `contrat_personnel`
--
ALTER TABLE `contrat_personnel`
  MODIFY `id_con` int(11) NOT NULL AUTO_INCREMENT;

--
-- AUTO_INCREMENT pour la table `contrat_site`
--
ALTER TABLE `contrat_site`
  MODIFY `id_con` int(11) NOT NULL AUTO_INCREMENT, AUTO_INCREMENT=31;

--
-- AUTO_INCREMENT pour la table `creances`
--
ALTER TABLE `creances`
  MODIFY `id_creance` int(11) NOT NULL AUTO_INCREMENT;

--
-- AUTO_INCREMENT pour la table `credits`
--
ALTER TABLE `credits`
  MODIFY `id_cre` int(11) NOT NULL AUTO_INCREMENT, AUTO_INCREMENT=23;

--
-- AUTO_INCREMENT pour la table `debits`
--
ALTER TABLE `debits`
  MODIFY `id_deb` int(11) NOT NULL AUTO_INCREMENT;

--
-- AUTO_INCREMENT pour la table `departements`
--
ALTER TABLE `departements`
  MODIFY `id_dptm` int(11) NOT NULL AUTO_INCREMENT, AUTO_INCREMENT=9;

--
-- AUTO_INCREMENT pour la table `devis`
--
ALTER TABLE `devis`
  MODIFY `id_devis` int(11) NOT NULL AUTO_INCREMENT, AUTO_INCREMENT=134;

--
-- AUTO_INCREMENT pour la table `emailling`
--
ALTER TABLE `emailling`
  MODIFY `id_mail` int(11) NOT NULL AUTO_INCREMENT;

--
-- AUTO_INCREMENT pour la table `envoi_sms`
--
ALTER TABLE `envoi_sms`
  MODIFY `id_env` int(11) NOT NULL AUTO_INCREMENT;

--
-- AUTO_INCREMENT pour la table `factures`
--
ALTER TABLE `factures`
  MODIFY `id_facture` int(11) NOT NULL AUTO_INCREMENT, AUTO_INCREMENT=33;

--
-- AUTO_INCREMENT pour la table `fichiers_contrat`
--
ALTER TABLE `fichiers_contrat`
  MODIFY `id_f` int(11) NOT NULL AUTO_INCREMENT;

--
-- AUTO_INCREMENT pour la table `fichiers_tache`
--
ALTER TABLE `fichiers_tache`
  MODIFY `id_f` int(11) NOT NULL AUTO_INCREMENT;

--
-- AUTO_INCREMENT pour la table `fournisseurs`
--
ALTER TABLE `fournisseurs`
  MODIFY `id` int(11) NOT NULL AUTO_INCREMENT, AUTO_INCREMENT=20;

--
-- AUTO_INCREMENT pour la table `fournisseurs_produits`
--
ALTER TABLE `fournisseurs_produits`
  MODIFY `id` int(11) NOT NULL AUTO_INCREMENT;

--
-- AUTO_INCREMENT pour la table `groupe_produits`
--
ALTER TABLE `groupe_produits`
  MODIFY `id_groupe` int(11) NOT NULL AUTO_INCREMENT;

--
-- AUTO_INCREMENT pour la table `groupe_stocks`
--
ALTER TABLE `groupe_stocks`
  MODIFY `id_groupe` int(11) NOT NULL AUTO_INCREMENT;

--
-- AUTO_INCREMENT pour la table `historique_commandes`
--
ALTER TABLE `historique_commandes`
  MODIFY `id_h_c` int(11) NOT NULL AUTO_INCREMENT;

--
-- AUTO_INCREMENT pour la table `historique_paiement`
--
ALTER TABLE `historique_paiement`
  MODIFY `id_h_paie` int(11) NOT NULL AUTO_INCREMENT, AUTO_INCREMENT=23;

--
-- AUTO_INCREMENT pour la table `historique_stock`
--
ALTER TABLE `historique_stock`
  MODIFY `id_histo` int(11) NOT NULL AUTO_INCREMENT;

--
-- AUTO_INCREMENT pour la table `informations`
--
ALTER TABLE `informations`
  MODIFY `id_info` int(11) NOT NULL AUTO_INCREMENT, AUTO_INCREMENT=3;

--
-- AUTO_INCREMENT pour la table `informationss`
--
ALTER TABLE `informationss`
  MODIFY `id_info` int(11) NOT NULL AUTO_INCREMENT;

--
-- AUTO_INCREMENT pour la table `liquidites`
--
ALTER TABLE `liquidites`
  MODIFY `id_liq` int(11) NOT NULL AUTO_INCREMENT;

--
-- AUTO_INCREMENT pour la table `modules`
--
ALTER TABLE `modules`
  MODIFY `id_module` int(11) NOT NULL AUTO_INCREMENT, AUTO_INCREMENT=25;

--
-- AUTO_INCREMENT pour la table `motif_permissions`
--
ALTER TABLE `motif_permissions`
  MODIFY `id_motif` int(11) NOT NULL AUTO_INCREMENT, AUTO_INCREMENT=14;

--
-- AUTO_INCREMENT pour la table `notifications`
--
ALTER TABLE `notifications`
  MODIFY `id_notif` int(11) NOT NULL AUTO_INCREMENT;

--
-- AUTO_INCREMENT pour la table `notif_tache`
--
ALTER TABLE `notif_tache`
  MODIFY `id_not` int(11) NOT NULL AUTO_INCREMENT, AUTO_INCREMENT=4;

--
-- AUTO_INCREMENT pour la table `permissions`
--
ALTER TABLE `permissions`
  MODIFY `id_permission` int(11) NOT NULL AUTO_INCREMENT, AUTO_INCREMENT=8;

--
-- AUTO_INCREMENT pour la table `permissions_conges`
--
ALTER TABLE `permissions_conges`
  MODIFY `id_permission` int(11) NOT NULL AUTO_INCREMENT;

--
-- AUTO_INCREMENT pour la table `personnels`
--
ALTER TABLE `personnels`
  MODIFY `id_user` int(11) NOT NULL AUTO_INCREMENT;

--
-- AUTO_INCREMENT pour la table `personnel_site`
--
ALTER TABLE `personnel_site`
  MODIFY `id_user_site` int(11) NOT NULL AUTO_INCREMENT;

--
-- AUTO_INCREMENT pour la table `pointages`
--
ALTER TABLE `pointages`
  MODIFY `id_pointage` int(11) NOT NULL AUTO_INCREMENT;

--
-- AUTO_INCREMENT pour la table `presences`
--
ALTER TABLE `presences`
  MODIFY `id_presence` int(11) NOT NULL AUTO_INCREMENT;

--
-- AUTO_INCREMENT pour la table `primes`
--
ALTER TABLE `primes`
  MODIFY `id_prime` int(11) NOT NULL AUTO_INCREMENT, AUTO_INCREMENT=12;

--
-- AUTO_INCREMENT pour la table `prime_commande_salaire`
--
ALTER TABLE `prime_commande_salaire`
  MODIFY `id` int(11) NOT NULL AUTO_INCREMENT;

--
-- AUTO_INCREMENT pour la table `prime_contrat`
--
ALTER TABLE `prime_contrat`
  MODIFY `id_prime_contrat` int(11) NOT NULL AUTO_INCREMENT;

--
-- AUTO_INCREMENT pour la table `produits`
--
ALTER TABLE `produits`
  MODIFY `id_cat` int(11) NOT NULL AUTO_INCREMENT, AUTO_INCREMENT=730;

--
-- AUTO_INCREMENT pour la table `retenu_commande_salaire`
--
ALTER TABLE `retenu_commande_salaire`
  MODIFY `id` int(11) NOT NULL AUTO_INCREMENT;

--
-- AUTO_INCREMENT pour la table `roles`
--
ALTER TABLE `roles`
  MODIFY `id_role` int(11) NOT NULL AUTO_INCREMENT, AUTO_INCREMENT=12;

--
-- AUTO_INCREMENT pour la table `scannages`
--
ALTER TABLE `scannages`
  MODIFY `id_scannage` int(11) NOT NULL AUTO_INCREMENT;

--
-- AUTO_INCREMENT pour la table `scanneurs`
--
ALTER TABLE `scanneurs`
  MODIFY `id_scanneur` int(11) NOT NULL AUTO_INCREMENT;

--
-- AUTO_INCREMENT pour la table `services`
--
ALTER TABLE `services`
  MODIFY `id_service` int(11) NOT NULL AUTO_INCREMENT, AUTO_INCREMENT=680;

--
-- AUTO_INCREMENT pour la table `service_contrat_site`
--
ALTER TABLE `service_contrat_site`
  MODIFY `id_service_contrat` int(11) NOT NULL AUTO_INCREMENT;

--
-- AUTO_INCREMENT pour la table `service_devis`
--
ALTER TABLE `service_devis`
  MODIFY `id_service_devis` int(11) NOT NULL AUTO_INCREMENT, AUTO_INCREMENT=433;

--
-- AUTO_INCREMENT pour la table `service_facture`
--
ALTER TABLE `service_facture`
  MODIFY `id_service_facture` int(11) NOT NULL AUTO_INCREMENT, AUTO_INCREMENT=50;

--
-- AUTO_INCREMENT pour la table `sites`
--
ALTER TABLE `sites`
  MODIFY `id_site` int(11) NOT NULL AUTO_INCREMENT, AUTO_INCREMENT=3;

--
-- AUTO_INCREMENT pour la table `tables`
--
ALTER TABLE `tables`
  MODIFY `id_tab` int(11) NOT NULL AUTO_INCREMENT;

--
-- AUTO_INCREMENT pour la table `taches_contrats`
--
ALTER TABLE `taches_contrats`
  MODIFY `id_tac` int(11) NOT NULL AUTO_INCREMENT;

--
-- AUTO_INCREMENT pour la table `taxes`
--
ALTER TABLE `taxes`
  MODIFY `id_taxe` int(11) NOT NULL AUTO_INCREMENT, AUTO_INCREMENT=10;

--
-- AUTO_INCREMENT pour la table `taxe_contrat`
--
ALTER TABLE `taxe_contrat`
  MODIFY `id_taxe_contrat` int(11) NOT NULL AUTO_INCREMENT;

--
-- AUTO_INCREMENT pour la table `transfert_stock`
--
ALTER TABLE `transfert_stock`
  MODIFY `id_tra` int(11) NOT NULL AUTO_INCREMENT;

--
-- AUTO_INCREMENT pour la table `type_contrat`
--
ALTER TABLE `type_contrat`
  MODIFY `id` int(11) NOT NULL AUTO_INCREMENT, AUTO_INCREMENT=11;

--
-- AUTO_INCREMENT pour la table `type_document`
--
ALTER TABLE `type_document`
  MODIFY `id_type` int(11) NOT NULL AUTO_INCREMENT, AUTO_INCREMENT=3;

--
-- AUTO_INCREMENT pour la table `user_site`
--
ALTER TABLE `user_site`
  MODIFY `id_user_site` int(11) NOT NULL AUTO_INCREMENT;
COMMIT;

